NOAA style reports

NOAA-style Climate Reports

Select NOAA data to display

Select a Year or Month report
2022 > Jan Feb Mar Apr May Jun Jul Aug Sep Oct Nov Dec
2021 > Jan Feb Mar Apr May Jun Jul Aug Sep Oct Nov Dec
2020 > Jan Feb Mar Apr May Jun Jul Aug Sep Oct Nov Dec
2019 > Jan Feb Mar Apr May Jun Jul Aug Sep Oct Nov Dec
2018 > Jan Feb Mar Apr May Jun Jul Aug Sep Oct Nov Dec
2017 > Jan Feb Mar Apr May Jun Jul Aug Sep Oct Nov Dec
2016 > Jan Feb Mar Apr May Jun Jul Aug Sep Oct Nov Dec
2015 > Jan Feb Mar Apr May Jun Jul Aug Sep Oct Nov Dec
2014 > Jan Feb Mar Apr May Jun Jul Aug Sep Oct Nov Dec
2013 > Jan Feb Mar Apr May Jun Jul Aug Sep Oct Nov Dec
2012 > Jan Feb Mar Apr May Jun Jul Aug Sep Oct Nov Dec
2011 > Jan Feb Mar Apr May Jun Jul Aug Sep Oct Nov Dec
2010 > Jan Feb Mar Apr May Jun Jul Aug Sep Oct Nov Dec
2009 > Jan Feb Mar Apr May Jun Jul Aug Sep Oct Nov Dec
2008 > Jan Feb Mar Apr May Jun Jul Aug Sep Oct Nov Dec

Report for 2008 Feb

Daily noaa report



                            MONTHLY CLIMATOLOGICAL SUMMARY for FEB. 2008

NAME: Home Weather Station WMR968   CITY: Beaconsfield STATE: Quebec, Canada
ELEV: 118 LAT: 045:25:46 LONG: 0073:51:35

                            TEMPERATURE ( C), RAIN (mm), WIND SPEED (kmh)

                                                 HEAT     COOL           AVG
      MEAN                                       DEG      DEG            WIND                         DOM
DAY   TEMP    HIGH   TIME      LOW     TIME      DAYS     DAYS   RAIN    SPEED    HIGH    TIME        DIR
----------------------------------------------------------------------------------------------------------------------------------------------------------
01   -06.6   -04.4   20:36p   -09.8   00:59a     24.9     00.0    00.0   08.3     42.5    19:01p     ENE
02   -04.7   -02.6   14:32p   -06.8   04:34a     23.0     00.0    01.4   08.1     42.5    09:19a      NW
03   -01.8    01.1   14:13p   -04.5   01:37a     20.1     00.0    00.4   00.7     18.5    22:08p     WNW
04   -03.2   -00.1   13:22p   -05.8   22:05p     21.5     00.0    03.0   03.0     18.5    21:36p      E 
05   -01.7    01.3   21:07p   -05.7   04:43a     20.0     00.0    00.6   04.2     18.5    22:20p     NNE
06   -02.6   -00.2   00:12a   -07.5   00:00a     20.9     00.0    00.2   06.6     40.7    21:16p     ENE
07   -09.2   -07.5   00:01a   -09.9   02:38a     27.5     00.0    00.0   09.1     42.5    05:21a     ENE
08   -06.3   -03.5   15:06p   -09.1   04:42a     24.6     00.0    00.2   00.4     05.5    15:26p      SW
09   -03.7   -00.8   13:14p   -07.1   07:51a     22.0     00.0    00.2   02.2     18.5    16:37p      E 
10   -02.9    01.2   04:16a   -12.2   00:00a     21.2     00.0    00.2   09.6     48.1    19:46p      W 
11   -15.9   -15.7   00:00a   -16.2   00:16a     34.2     00.0    00.0   05.4     16.6    23:03p     WNW
12   -14.7   -11.2   14:27p   -20.5   06:40a     33.0     00.0    00.0   02.8     24.1    23:37p      W 
13   -08.0   -04.6   15:04p   -13.3   01:50a     26.3     00.0    00.0   05.1     24.1    02:17a      NE
14   -08.5   -03.8   16:36p   -14.9   06:41a     26.8     00.0    00.0   02.4     20.4    00:15a      W 
15   -05.5   -00.4   10:11a   -13.3   00:00a     23.8     00.0    00.0   08.9     46.3    12:06p     WNW
16   -13.7   -07.7   15:47p   -19.9   07:18a     32.0     00.0    00.0   01.5     22.2    14:23p     WNW
17   -04.3    02.1   00:00a   -15.0   00:23a     22.6     00.0    05.4   04.1     24.1    19:39p     SSE
18    03.6    08.3   10:11a    01.3   23:35p     14.7     00.0    00.4   08.2     37.0    12:19p      W 
19   -02.1    01.5   00:11a   -08.5   00:00a     20.4     00.0    00.0   12.3     42.5    11:29a      W 
20   -11.0   -08.4   13:16p   -15.0   22:11p     29.3     00.0    00.0   05.8     31.4    14:39p      NW
21   -12.9   -07.6   15:57p   -18.3   07:19a     31.2     00.0    00.0   03.6     29.6    14:30p     WNW
22   -09.4   -05.7   11:04a   -14.5   03:42a     27.7     00.0    00.0   03.8     20.4    21:14p     ENE
23   -06.7   -02.5   13:58p   -09.7   00:01a     25.0     00.0    01.0   02.9     20.4    14:06p      NW
24   -04.2    01.9   15:46p   -10.6   05:52a     22.5     00.0    00.0   06.9     37.0    15:10p      W 
25   -01.6    02.0   13:41p   -06.6   06:45a     19.9     00.0    00.0   04.3     25.9    13:42p     WNW
26   -01.4    00.7   12:17p   -04.2   00:00a     19.7     00.0    01.8   06.6     38.9    22:31p     ENE
27   -07.1   -04.2   00:05a   -10.3   00:00a     25.4     00.0    00.4   07.1     42.5    01:34a      N 
28   -14.5   -10.3   00:05a   -18.1   07:08a     32.8     00.0    00.0   02.8     20.4    16:08p     WNW
29   -13.6   -06.3   23:53p   -22.3   06:02a     31.9     00.0    00.0   03.7     27.8    23:53p      SE
30
31
----------------------------------------------------------------------------------------------------------------------------------------------------------
-7.0 (-7.2)   08.3  day 18    -22.3   day 29     757.6    000.0  015.2   05.4     29.7    day 15      NW
Max <=   0: 21
Min <=   30: 30
Min <= -18: 5
Max <=  -5: 10
Min <=  -5: 27
Max <= -10: 4
Min <= -10: 16
Max <= -15: 1
Min <= -15: 9
Min <= -20: 2
Max Rain: 5.4 ON 17-02-08
Days of Rain: 13 (> .2mm) 2 (> 2mm) 0 (> 20mm)