NOAA style reports

NOAA-style Climate Reports

Select NOAA data to display

Select a Year or Month report
2022 > Jan Feb Mar Apr May Jun Jul Aug Sep Oct Nov Dec
2021 > Jan Feb Mar Apr May Jun Jul Aug Sep Oct Nov Dec
2020 > Jan Feb Mar Apr May Jun Jul Aug Sep Oct Nov Dec
2019 > Jan Feb Mar Apr May Jun Jul Aug Sep Oct Nov Dec
2018 > Jan Feb Mar Apr May Jun Jul Aug Sep Oct Nov Dec
2017 > Jan Feb Mar Apr May Jun Jul Aug Sep Oct Nov Dec
2016 > Jan Feb Mar Apr May Jun Jul Aug Sep Oct Nov Dec
2015 > Jan Feb Mar Apr May Jun Jul Aug Sep Oct Nov Dec
2014 > Jan Feb Mar Apr May Jun Jul Aug Sep Oct Nov Dec
2013 > Jan Feb Mar Apr May Jun Jul Aug Sep Oct Nov Dec
2012 > Jan Feb Mar Apr May Jun Jul Aug Sep Oct Nov Dec
2011 > Jan Feb Mar Apr May Jun Jul Aug Sep Oct Nov Dec
2010 > Jan Feb Mar Apr May Jun Jul Aug Sep Oct Nov Dec
2009 > Jan Feb Mar Apr May Jun Jul Aug Sep Oct Nov Dec
2008 > Jan Feb Mar Apr May Jun Jul Aug Sep Oct Nov Dec

Report for 2008 Mar

Daily noaa report



                            MONTHLY CLIMATOLOGICAL SUMMARY for MAR. 2008

NAME: Home Weather Station Davis VP2   CITY: Beaconsfield STATE: Quebec, Canada
ELEV: 118 LAT: 045:25:46 LONG: 0073:51:35

                            TEMPERATURE ( C), RAIN (mm), WIND SPEED (kmh)

                                               HEAT     COOL           AVG
      MEAN                                     DEG      DEG            WIND                       DOM
DAY   TEMP    HIGH   TIME     LOW    TIME      DAYS     DAYS    RAIN   SPEED    HIGH    TIME      DIR
--------------------------------------------------------------------------------------------------------
01   -04.1   -00.4   12:27   -06.6   02:53     22.4     00.0    02.0   07.8     31.4    03:12     ESE
02   -06.3   -02.2   16:11   -11.6   00:00     24.6     00.0    00.0   07.1     29.6    15:10     WNW
03   -01.0    05.1   16:34   -12.3   00:49     19.3     00.0    00.2   03.4     18.5    12:45      SE
04    00.7    07.2   02:01   -06.8   00:00     17.6     00.0    01.4   08.8     35.1    23:01      NW
05   -07.1   -04.6   16:55   -08.4   01:07     25.4     00.0    00.0   13.3     53.6    06:18      NE
06   -04.9    01.0   16:37   -12.3   07:12     23.2     00.0    00.0   01.3     16.6    01:37     SSW
07    00.4    05.9   13:03   -05.0   01:21     17.9     00.0    00.0   02.3     18.5    17:34      NE
08   -03.3    00.5   01:39   -06.2   00:00     21.6     00.0    00.0   09.5     66.6    20:17     ENE
09   -07.9   -05.8   03:53   -10.2   00:00     26.2     00.0    00.0   11.3     55.5    00:40      NW
10   -09.3   -04.4   14:41   -14.2   08:21     27.6     00.0    00.0   03.3     20.4    17:47     WNW
11   -05.6    00.8   17:30   -13.9   04:54     23.9     00.0    00.0   03.6     29.6    15:25      W 
12   -01.1    02.8   14:51   -06.8   00:00     19.4     00.0    01.8   05.1     31.4    16:41     NNW
13   -08.5   -05.4   16:12   -13.0   05:44     26.8     00.0    00.0   05.2     22.2    22:34      E 
14   -04.8   -00.4   16:53   -08.1   01:28     23.1     00.0    01.6   03.7     20.4    23:42      E 
15   -03.0    00.5   15:51   -05.8   06:02     21.3     00.0    02.2   03.4     25.9    01:44     ENE
16   -00.8    02.9   13:21   -05.4   00:00     19.1     00.0    00.2   07.3     33.3    21:03      N 
17   -05.2   -01.2   17:49   -10.3   07:35     23.5     00.0    00.0   03.2     20.4    15:36      NW
18   -02.7    02.8   15:27   -10.8   05:40     21.0     00.0    00.0   04.8     29.6    14:17     ESE
19    01.4    02.6   16:23    00.3   05:39     16.9     00.0    10.2   05.0     20.4    12:53     SSE
20    01.4    04.8   15:59   -04.1   00:00     16.9     00.0    03.6   10.1     48.1    17:19     NNW
21   -05.8   -02.8   17:42   -09.8   07:47     24.1     00.0    00.0   21.2     59.2    12:42      NW
22   -05.7   -02.0   17:42   -10.2   07:26     24.0     00.0    00.0   12.8     44.4    04:02     WNW
23   -07.4   -04.4   00:01   -10.8   00:00     25.7     00.0    00.0   07.2     31.4    15:01      NW
24   -07.5   -02.9   14:47   -11.9   00:43     25.8     00.0    00.0   03.4     29.6    17:53     WNW
25   -03.7    03.2   19:31   -11.8   06:11     22.0     00.0    00.0   03.9     31.4    21:31     SSW
26    03.0    06.2   11:25    00.2   22:33     15.3     00.0    00.6   11.3     53.6    15:52     WNW
27    01.8    05.5   15:12   -01.7   06:30     16.5     00.0    00.0   06.3     38.9    15:17     WNW
28   -00.1    02.7   14:38   -03.0   08:12     18.4     00.0    00.0   05.5     27.8    08:06      NE
29   -04.8   -01.1   18:19   -09.8   07:16     23.1     00.0    00.0   09.3     40.7    16:09      NW
30   -03.1    01.6   17:54   -10.2   07:03     21.4     00.0    00.0   03.6     18.5    22:10     SSE
31    00.7    02.1   23:06   -02.0   01:51     17.6     00.0    05.0   02.5     18.5    12:04      SE
--------------------------------------------------------------------------------------------------------
-3.4 (-3.7)   07.2  day 04    -14.2  day 10   671.6    000.0   028.8   06.7     66.6   day 21      NW
Max <=   0: 13
Min <=   30: 31
Max <=  -5: 2
Min <=  -5: 25
Min <= -10: 14
Max Rain: 10.2 ON 19-03-16
Days of Rain: 11 (> .2mm) 4 (> 2mm) 0 (> 20mm)