NOAA style reports

NOAA-style Climate Reports

Select NOAA data to display

Select a Year or Month report
2021 > Jan Feb Mar Apr May Jun Jul Aug Sep Oct Nov Dec
2020 > Jan Feb Mar Apr May Jun Jul Aug Sep Oct Nov Dec
2019 > Jan Feb Mar Apr May Jun Jul Aug Sep Oct Nov Dec
2018 > Jan Feb Mar Apr May Jun Jul Aug Sep Oct Nov Dec
2017 > Jan Feb Mar Apr May Jun Jul Aug Sep Oct Nov Dec
2016 > Jan Feb Mar Apr May Jun Jul Aug Sep Oct Nov Dec
2015 > Jan Feb Mar Apr May Jun Jul Aug Sep Oct Nov Dec
2014 > Jan Feb Mar Apr May Jun Jul Aug Sep Oct Nov Dec
2013 > Jan Feb Mar Apr May Jun Jul Aug Sep Oct Nov Dec
2012 > Jan Feb Mar Apr May Jun Jul Aug Sep Oct Nov Dec
2011 > Jan Feb Mar Apr May Jun Jul Aug Sep Oct Nov Dec
2010 > Jan Feb Mar Apr May Jun Jul Aug Sep Oct Nov Dec
2009 > Jan Feb Mar Apr May Jun Jul Aug Sep Oct Nov Dec
2008 > Jan Feb Mar Apr May Jun Jul Aug Sep Oct Nov Dec

Report for 2008 May

Daily noaa report



                            MONTHLY CLIMATOLOGICAL SUMMARY for MAY. 2008

NAME: Home Weather Station WMR968   CITY: Beaconsfield STATE: Quebec, Canada
ELEV: 118 LAT: 045:25:46 LONG: 0073:51:35

                            TEMPERATURE ( C), RAIN (mm), WIND SPEED (kmh)

                                                 HEAT     COOL           AVG
      MEAN                                       DEG      DEG            WIND                         DOM
DAY   TEMP    HIGH   TIME      LOW     TIME      DAYS     DAYS   RAIN    SPEED    HIGH    TIME        DIR
----------------------------------------------------------------------------------------------------------------------------------------------------------
01    06.4    10.7   17:22    02.2   02:36     11.9     00.0    00.0   02.4     16.6    13:17      S 
02    10.0    15.5   17:40    02.5   06:30     08.3     00.0    00.0   07.3     31.4    12:57     ESE
03    10.2    13.0   16:33    07.1   07:27     08.1     00.0    03.0   13.4     46.3    21:09     SSE
04    10.1    14.9   17:38    06.9   23:32     08.2     00.0    04.2   05.3     29.6    20:33      W 
05    11.4    17.3   16:28    04.9   05:48     06.9     00.0    00.0   02.0     18.5    22:12      SW
06    13.8    19.7   13:45    08.2   02:57     04.5     00.0    00.2   05.6     42.5    15:17     NNW
07    11.9    17.3   16:15    04.8   05:54     06.4     00.0    04.8   03.5     25.9    17:21      S 
08    13.9    18.3   10:40    10.2   00:00     04.4     00.0    01.4   08.2     53.6    14:07     NNW
09    10.8    15.7   17:37    05.5   05:14     07.5     00.0    00.0   03.5     20.4    17:17      E 
10    13.4    19.2   16:13    08.4   06:13     04.9     00.0    00.0   05.4     24.1    04:30      E 
11    13.8    19.8   15:03    06.9   06:03     04.5     00.0    00.0   07.1     31.4    21:25      E 
12    14.3    18.3   14:06    09.2   06:07     04.0     00.0    00.0   06.4     31.4    13:34      E 
13    15.3    20.6   16:10    09.8   05:34     03.0     00.0    00.0   02.6     16.6    07:46     SSW
14    17.1    24.0   14:38    08.7   05:56     01.2     00.0    00.0   02.3     27.8    13:39     SSW
15    16.5    19.9   15:36    10.0   00:00     01.8     00.0    03.6   04.9     33.3    16:06     NNW
16    11.6    16.3   14:04    05.5   05:48     06.7     00.0    00.0   01.4     18.5    10:08     WSW
17    13.6    21.1   15:45    04.5   06:06     04.7     00.0    01.6   01.1     22.2    16:57     WSW
18    12.9    19.0   14:25    06.8   06:05     05.4     00.0    00.4   02.3     20.4    23:22     WNW
19    08.7    11.9   18:46    06.6   11:29     09.6     00.0    10.6   04.4     46.3    18:18     WNW
20    11.0    16.5   17:22    06.2   05:50     07.3     00.0    02.2   02.4     29.6    02:36      NW
21    09.9    12.9   15:23    07.2   23:21     08.4     00.0    00.0   02.1     24.1    18:23      W 
22    10.2    15.2   16:57    05.4   05:38     08.1     00.0    00.0   01.7     20.4    17:02     WNW
23    13.5    18.1   13:09    07.5   05:14     04.8     00.0    01.6   05.9     40.7    14:02     NNW
24    16.4    21.7   17:42    10.8   05:34     01.9     00.0    00.0   06.5     33.3    11:11      N 
25    16.7    23.7   14:15    07.7   06:13     01.6     00.0    00.0   02.1     25.9    14:15      NW
26    15.8    17.4   16:08    13.8   09:10     02.5     00.0    00.8   01.3     18.5    14:14     SSW
27    13.9    18.2   02:09    08.3   23:38     04.4     00.0    00.0   07.5     33.3    17:26     NNW
28    11.3    17.1   17:08    04.4   04:17     07.0     00.0    00.0   04.7     33.3    16:49      NW
29    16.0    22.9   17:37    09.6   06:26     02.3     00.0    00.0   06.3     37.0    16:32      NW
30    15.3    21.0   17:09    07.6   05:35     03.0     00.0    00.2   01.7     14.8    12:07     SSE
31    14.2    17.9   16:24    12.7   07:29     04.1     00.0    17.0   03.6     20.4    08:47      SE
----------------------------------------------------------------------------------------------------------------------------------------------------------
12.8 (12.7)   24.0  day 14     02.2   day 01     177.0    000.0  051.8   04.3     53.7    day 08     NNW
Min <=   30: 32
Max Rain: 17.0 ON 31-05-08
Days of Rain: 15 (> .2mm) 7 (> 2mm) 0 (> 20mm)