NOAA style reports

NOAA-style Climate Reports

Select NOAA data to display

Select a Year or Month report
2021 > Jan Feb Mar Apr May Jun Jul Aug Sep Oct Nov Dec
2020 > Jan Feb Mar Apr May Jun Jul Aug Sep Oct Nov Dec
2019 > Jan Feb Mar Apr May Jun Jul Aug Sep Oct Nov Dec
2018 > Jan Feb Mar Apr May Jun Jul Aug Sep Oct Nov Dec
2017 > Jan Feb Mar Apr May Jun Jul Aug Sep Oct Nov Dec
2016 > Jan Feb Mar Apr May Jun Jul Aug Sep Oct Nov Dec
2015 > Jan Feb Mar Apr May Jun Jul Aug Sep Oct Nov Dec
2014 > Jan Feb Mar Apr May Jun Jul Aug Sep Oct Nov Dec
2013 > Jan Feb Mar Apr May Jun Jul Aug Sep Oct Nov Dec
2012 > Jan Feb Mar Apr May Jun Jul Aug Sep Oct Nov Dec
2011 > Jan Feb Mar Apr May Jun Jul Aug Sep Oct Nov Dec
2010 > Jan Feb Mar Apr May Jun Jul Aug Sep Oct Nov Dec
2009 > Jan Feb Mar Apr May Jun Jul Aug Sep Oct Nov Dec
2008 > Jan Feb Mar Apr May Jun Jul Aug Sep Oct Nov Dec

Report for 2008 Jun

Daily noaa report



                            MONTHLY CLIMATOLOGICAL SUMMARY for JUN. 2008

NAME: Home Weather Station WMR968   CITY: Beaconsfield STATE: Quebec, Canada
ELEV: 118 LAT: 045:25:46 LONG: 0073:51:35

                            TEMPERATURE ( C), RAIN (mm), WIND SPEED (kmh)

                                                 HEAT     COOL           AVG
      MEAN                                       DEG      DEG            WIND                         DOM
DAY   TEMP    HIGH   TIME      LOW     TIME      DAYS     DAYS   RAIN    SPEED    HIGH    TIME        DIR
----------------------------------------------------------------------------------------------------------------------------------------------------------
01    14.8    16.9   12:31    13.6   00:59     03.5     00.0    03.8   01.7     29.6    16:32     WNW
02    16.3    21.7   15:55    12.9   05:44     02.0     00.0    07.8   01.9     27.8    18:44      W 
03    14.2    16.4   14:46    11.6   05:39     04.1     00.0    00.6   00.8     18.5    06:55      SE
04    15.8    19.4   14:27    13.3   06:30     02.5     00.0    00.4   05.7     31.4    17:49      E 
05    17.7    22.8   14:30    12.8   06:35     00.6     00.0    00.0   04.7     20.4    11:12      E 
06    18.0    21.4   17:51    15.8   05:51     00.3     00.0    02.6   01.5     16.6    02:15      SE
07    23.7    31.0   14:46    17.4   05:28     00.0     05.4    00.6   01.9     27.8    15:04      SW
08    25.6    31.2   16:39    20.2   05:45     00.0     07.3    06.6   02.1     29.6    16:35      W 
09    23.0    26.9   16:33    20.1   10:21     00.0     04.7    00.2   00.6     16.6    08:20     ESE
10    24.1    30.9   13:18    20.0   05:40     00.0     05.8    01.2   01.4     38.9    14:10      SW
11    20.6    26.5   15:50    15.6   00:00     00.0     02.3    00.2   05.9     46.3    15:36     WNW
12    17.4    24.5   16:31    11.4   05:33     00.9     00.0    00.0   02.7     20.4    12:39     WNW
13    20.9    25.9   16:02    14.3   05:34     00.0     02.6    00.0   03.4     18.5    21:20     ESE
14    23.6    29.3   15:44    19.3   06:01     00.0     05.3    00.0   01.2     18.5    13:35     SSE
15    22.8    28.3   16:12    17.5   23:43     00.0     04.5    00.0   01.7     31.4    17:43     WNW
16    20.6    27.2   16:37    16.1   00:00     00.0     02.3    00.0   01.5     42.5    18:25      W 
17    17.6    22.6   16:25    13.3   05:10     00.7     00.0    00.0   01.6     25.9    15:23      W 
18    15.4    18.7   14:25    12.6   00:00     02.9     00.0    00.0   01.0     18.5    15:29      SW
19    15.5    19.0   15:42    12.1   00:40     02.8     00.0    02.2   01.0     22.2    17:10      SW
20    15.9    20.3   16:37    13.2   04:48     02.4     00.0    03.2   00.4     20.4    17:29      W 
21    19.3    26.4   16:43    12.7   05:48     00.0     01.0    00.0   00.8     18.5    13:11     WSW
22    19.0    25.2   16:55    15.9   05:43     00.0     00.7    02.8   00.9     18.5    14:24     SSE
23    17.5    21.7   17:15    14.3   05:36     00.8     00.0    01.2   01.1     18.5    14:56      W 
24    20.2    27.1   16:27    13.1   04:33     00.0     01.9    00.0   01.4     18.5    16:01      W 
25    20.8    27.1   16:31    13.1   04:41     00.0     02.5    00.0   01.7     20.4    21:39      W 
26    21.9    26.8   15:29    17.6   05:57     00.0     03.6    00.2   01.1     24.1    13:02      W 
27    22.4    27.1   16:19    18.1   04:54     00.0     04.1    00.0   00.9     14.8    11:14     ESE
28    20.9    22.4   14:33    18.6   07:27     00.0     02.6    04.2   02.5     16.6    19:34      E 
29    22.6    28.2   16:55    18.3   00:00     00.0     04.3    10.6   01.2     35.1    20:28     SSW
30    20.9    26.6   16:43    17.6   05:21     00.0     02.6    01.0   02.0     27.8    20:46      W 
31
----------------------------------------------------------------------------------------------------------------------------------------------------------
19.6 (20.0)   31.2  day 08     11.4   day 12     023.5    063.6  049.4   01.9     46.3    day 11      W 
Max >=  30: 3
Min <=   30: 31
Max Rain: 10.6 ON 29-06-08
Days of Rain: 18 (> .2mm) 9 (> 2mm) 0 (> 20mm)