NOAA style reports

NOAA-style Climate Reports

Select NOAA data to display

Select a Year or Month report
2021 > Jan Feb Mar Apr May Jun Jul Aug Sep Oct Nov Dec
2020 > Jan Feb Mar Apr May Jun Jul Aug Sep Oct Nov Dec
2019 > Jan Feb Mar Apr May Jun Jul Aug Sep Oct Nov Dec
2018 > Jan Feb Mar Apr May Jun Jul Aug Sep Oct Nov Dec
2017 > Jan Feb Mar Apr May Jun Jul Aug Sep Oct Nov Dec
2016 > Jan Feb Mar Apr May Jun Jul Aug Sep Oct Nov Dec
2015 > Jan Feb Mar Apr May Jun Jul Aug Sep Oct Nov Dec
2014 > Jan Feb Mar Apr May Jun Jul Aug Sep Oct Nov Dec
2013 > Jan Feb Mar Apr May Jun Jul Aug Sep Oct Nov Dec
2012 > Jan Feb Mar Apr May Jun Jul Aug Sep Oct Nov Dec
2011 > Jan Feb Mar Apr May Jun Jul Aug Sep Oct Nov Dec
2010 > Jan Feb Mar Apr May Jun Jul Aug Sep Oct Nov Dec
2009 > Jan Feb Mar Apr May Jun Jul Aug Sep Oct Nov Dec
2008 > Jan Feb Mar Apr May Jun Jul Aug Sep Oct Nov Dec

Report for 2008 Jul

Daily noaa report



                            MONTHLY CLIMATOLOGICAL SUMMARY for JUL. 2008

NAME: Home Weather Station Davis VP2   CITY: Beaconsfield STATE: Quebec, Canada
ELEV: 118 LAT: 045:25:46 LONG: 0073:51:35

                            TEMPERATURE ( C), RAIN (mm), WIND SPEED (kmh)

                                               HEAT     COOL           AVG
      MEAN                                     DEG      DEG            WIND                       DOM
DAY   TEMP    HIGH   TIME     LOW    TIME      DAYS     DAYS    RAIN   SPEED    HIGH    TIME      DIR
--------------------------------------------------------------------------------------------------------
01    21.3    27.2   16:12    16.2   06:19     00.0     03.0    00.0   01.4     18.5    17:00     WNW
02    17.7    26.8   17:45    15.3   05:58     00.6     00.0    00.0   00.2     14.8    21:09      W 
03    19.6    23.6   05:06    13.6   00:00     00.0     01.3    05.4   02.4     29.6    15:05      W 
04    19.7    26.6   16:40    12.4   05:46     00.0     01.4    00.0   01.3     27.8    16:52      W 
05    20.3    28.9   15:52    14.1   04:36     00.0     02.0    00.0   00.6     14.8    16:16      W 
06    22.0    29.2   16:23    15.4   06:02     00.0     03.7    00.0   00.9     22.2    16:48      W 
07    20.1    30.1   18:24    18.4   18:20     00.0     01.8    00.0   00.1     18.5    19:03     WNW
08    27.4    30.8   17:03    21.3   17:00     00.0     09.1    00.0   00.7     14.8    18:02      W 
09    23.4    25.3   18:35    20.7   00:00     00.0     05.1    15.0   00.5     18.5    18:21     WSW
10    19.2    22.7   17:52    15.8   06:26     00.0     00.9    00.2   04.1     31.4    16:11     WNW
11    19.3    24.1   16:57    15.3   02:01     00.0     01.0    00.0   01.0     14.8    12:01     WSW
12    20.2    27.1   14:11    16.3   14:01     00.0     01.9    00.0   00.8     14.8    21:08     SSE
13    21.7    24.4   13:00    18.4   00:00     00.0     03.4    14.4   00.4     22.2    13:12     SSW
14    19.0    21.9   17:01    16.8   04:00     00.0     00.7    00.6   00.8     24.1    17:04      W 
15    22.4    25.4   16:31    18.4   00:00     00.0     04.1    00.0   01.2     25.9    12:44      W 
16    19.1    25.1   19:23    18.3   19:16     00.0     00.8    00.0   00.1     09.3    21:12      W 
17    24.3    26.6   17:10    20.0   17:00     00.0     06.0    00.0   00.6     11.1    21:53     SSE
18    20.8    22.3   00:11    19.5   00:00     00.0     02.5    18.2   00.8     16.6    22:04      S 
19    23.0    27.7   13:31    19.2   01:20     00.0     04.7    00.0   01.6     22.2    20:14      NW
20    20.6    22.9   17:29    17.5   05:59     00.0     02.3    01.0   01.7     14.8    15:11     ENE
21    21.3    25.4   14:47    16.9   04:43     00.0     03.0    00.0   00.8     14.8    19:13     NNW
22    21.2    25.3   17:12    18.2   06:23     00.0     02.9    00.0   02.4     16.6    18:34      NE
23    20.9    25.1   16:10    17.6   01:55     00.0     02.6    01.2   03.7     24.1    13:49     ESE
24    20.3    23.2   17:20    17.2   00:00     00.0     02.0    05.8   03.0     24.1    01:00      SE
25    22.0    27.3   16:18    17.2   00:05     00.0     03.7    00.0   01.3     18.5    14:49      SW
26    20.8    27.2   13:32    17.9   04:26     00.0     02.5    02.6   00.5     14.8    19:46     SSW
27    21.6    26.2   16:22    18.5   05:46     00.0     03.3    00.0   01.3     18.5    22:00     WSW
28    21.1    25.6   15:19    17.0   04:05     00.0     02.8    00.6   00.8     20.4    18:41     WNW
29    21.4    26.8   16:06    17.1   06:23     00.0     03.1    00.0   03.6     29.6    17:08     WNW
30    21.1    24.7   15:05    15.9   06:17     00.0     02.8    00.0   01.7     22.2    18:45      SE
31    22.2    27.9   15:03    19.4   23:23     00.0     03.9    05.4   01.2     38.9    18:17     WSW
--------------------------------------------------------------------------------------------------------
21.1 (21.6)   30.8  day 08     12.4  day 04   000.6    088.2   071.0   01.3     38.9   day 31      W 
Max >=  30: 2
Min <=   30: 31
Max Rain: 18.2 ON 18-07-16
Days of Rain: 12 (> .2mm) 7 (> 2mm) 0 (> 20mm)