NOAA style reports

NOAA-style Climate Reports

Select NOAA data to display

Select a Year or Month report
2021 > Jan Feb Mar Apr May Jun Jul Aug Sep Oct Nov Dec
2020 > Jan Feb Mar Apr May Jun Jul Aug Sep Oct Nov Dec
2019 > Jan Feb Mar Apr May Jun Jul Aug Sep Oct Nov Dec
2018 > Jan Feb Mar Apr May Jun Jul Aug Sep Oct Nov Dec
2017 > Jan Feb Mar Apr May Jun Jul Aug Sep Oct Nov Dec
2016 > Jan Feb Mar Apr May Jun Jul Aug Sep Oct Nov Dec
2015 > Jan Feb Mar Apr May Jun Jul Aug Sep Oct Nov Dec
2014 > Jan Feb Mar Apr May Jun Jul Aug Sep Oct Nov Dec
2013 > Jan Feb Mar Apr May Jun Jul Aug Sep Oct Nov Dec
2012 > Jan Feb Mar Apr May Jun Jul Aug Sep Oct Nov Dec
2011 > Jan Feb Mar Apr May Jun Jul Aug Sep Oct Nov Dec
2010 > Jan Feb Mar Apr May Jun Jul Aug Sep Oct Nov Dec
2009 > Jan Feb Mar Apr May Jun Jul Aug Sep Oct Nov Dec
2008 > Jan Feb Mar Apr May Jun Jul Aug Sep Oct Nov Dec

Report for 2008 Aug

Daily noaa report



                            MONTHLY CLIMATOLOGICAL SUMMARY for AUG. 2008

NAME: Home Weather Station Davis VP2   CITY: Beaconsfield STATE: Quebec, Canada
ELEV: 118 LAT: 045:25:46 LONG: 0073:51:35

                            TEMPERATURE ( C), RAIN (mm), WIND SPEED (kmh)

                                               HEAT     COOL           AVG
      MEAN                                     DEG      DEG            WIND                       DOM
DAY   TEMP    HIGH   TIME     LOW    TIME      DAYS     DAYS    RAIN   SPEED    HIGH    TIME      DIR
--------------------------------------------------------------------------------------------------------
01    21.8    28.3   16:21    17.3   05:49     00.0     03.5    00.0   01.8     22.2    19:08     WNW
02    21.1    26.4   13:45    18.4   05:39     00.0     02.8    00.4   00.9     20.4    17:08      NW
03    19.5    23.2   15:50    17.5   05:20     00.0     01.2    20.2   01.4     18.5    13:24     NNW
04    20.7    25.8   15:45    16.2   06:21     00.0     02.4    00.0   02.2     18.5    20:04      N 
05    20.9    24.8   17:01    17.2   07:12     00.0     02.6    00.0   03.3     24.1    10:12      E 
06    19.0    21.8   15:33    16.9   00:00     00.0     00.7    31.4   02.3     22.2    15:22     NNW
07    18.4    23.1   15:42    15.0   06:01     00.0     00.1    02.2   02.4     25.9    16:08     NNE
08    18.6    21.5   14:51    16.4   00:20     00.0     00.3    00.2   01.6     18.5    15:04      N 
09    18.9    25.2   16:26    15.0   06:46     00.0     00.6    00.2   02.2     24.1    13:57     WNW
10    19.7    25.1   14:53    15.0   03:46     00.0     01.4    00.0   02.3     18.5    14:20     ESE
11    19.8    23.4   17:04    17.3   00:00     00.0     01.5    01.0   01.3     16.6    12:49     NNE
12    19.1    23.6   14:12    15.5   06:39     00.0     00.8    01.2   01.5     18.5    15:12      NW
13    17.7    22.7   12:18    12.7   06:12     00.6     00.0    00.0   00.7     18.5    15:52      W 
14    18.9    26.3   16:15    12.3   06:27     00.0     00.6    00.0   00.9     18.5    16:33     WNW
15    18.9    24.8   14:18    13.7   05:47     00.0     00.6    00.0   00.4     16.6    18:48     WNW
16    19.9    26.2   16:21    13.6   06:11     00.0     01.6    00.0   00.9     25.9    18:04      W 
17    20.9    26.8   15:49    17.2   22:52     00.0     02.6    00.0   02.8     31.4    15:49     WNW
18    21.6    29.7   15:24    17.2   00:30     00.0     03.3    16.4   01.7     35.1    17:13      W 
19    15.9    19.7   16:14    11.6   00:00     02.4     00.0    00.6   04.6     25.9    16:36     NNW
20    16.9    23.2   16:34    10.9   01:24     01.4     00.0    00.0   03.7     29.6    12:56     WNW
21    19.4    26.6   16:38    13.9   07:05     00.0     01.1    00.0   00.6     16.6    13:27      W 
22    21.5    29.1   16:00    14.5   06:33     00.0     03.2    00.0   00.5     07.4    14:51     SSW
23    22.8    28.4   14:22    18.3   06:22     00.0     04.5    00.0   00.6     14.8    15:28      SE
24    23.3    28.9   13:42    18.6   05:43     00.0     05.0    00.2   00.5     11.1    17:36     SSW
25    18.6    22.1   00:06    15.0   00:00     00.0     00.3    00.0   05.4     29.6    11:16     WNW
26    16.2    22.5   16:36    10.1   05:14     02.1     00.0    00.0   02.3     20.4    15:44      NW
27    18.3    25.9   16:30    10.7   06:24     00.0     00.0    00.0   00.2     09.3    14:56     WNW
28    20.5    26.8   16:14    14.0   05:45     00.0     02.2    00.0   02.5     20.4    17:23     ESE
29    20.6    24.1   14:21    17.5   07:00     00.0     02.3    00.2   00.8     16.6    18:48     SSW
30    21.2    27.7   16:22    18.3   00:00     00.0     02.9    01.6   01.7     31.4    17:39     WNW
31    20.8    26.9   15:53    15.8   06:37     00.0     02.5    00.0   04.4     29.6    15:07      NW
--------------------------------------------------------------------------------------------------------
19.7 (20.2)   29.7  day 18     10.1  day 26   006.5    050.9   077.2   01.9     35.2   day 18      NW
Min <=   30: 31
Max Rain: 31.4 ON 6-08-16
Days of Rain: 12 (> .2mm) 4 (> 2mm) 2 (> 20mm)