NOAA style reports

NOAA-style Climate Reports

Select NOAA data to display

Select a Year or Month report
2021 > Jan Feb Mar Apr May Jun Jul Aug Sep Oct Nov Dec
2020 > Jan Feb Mar Apr May Jun Jul Aug Sep Oct Nov Dec
2019 > Jan Feb Mar Apr May Jun Jul Aug Sep Oct Nov Dec
2018 > Jan Feb Mar Apr May Jun Jul Aug Sep Oct Nov Dec
2017 > Jan Feb Mar Apr May Jun Jul Aug Sep Oct Nov Dec
2016 > Jan Feb Mar Apr May Jun Jul Aug Sep Oct Nov Dec
2015 > Jan Feb Mar Apr May Jun Jul Aug Sep Oct Nov Dec
2014 > Jan Feb Mar Apr May Jun Jul Aug Sep Oct Nov Dec
2013 > Jan Feb Mar Apr May Jun Jul Aug Sep Oct Nov Dec
2012 > Jan Feb Mar Apr May Jun Jul Aug Sep Oct Nov Dec
2011 > Jan Feb Mar Apr May Jun Jul Aug Sep Oct Nov Dec
2010 > Jan Feb Mar Apr May Jun Jul Aug Sep Oct Nov Dec
2009 > Jan Feb Mar Apr May Jun Jul Aug Sep Oct Nov Dec
2008 > Jan Feb Mar Apr May Jun Jul Aug Sep Oct Nov Dec

Report for 2008 Sep

Daily noaa report



                            MONTHLY CLIMATOLOGICAL SUMMARY for SEP. 2008

NAME: Home Weather Station Davis VP2   CITY: Beaconsfield STATE: Quebec, Canada
ELEV: 118 LAT: 045:25:46 LONG: 0073:51:35

                            TEMPERATURE ( C), RAIN (mm), WIND SPEED (kmh)

                                                 HEAT     COOL           AVG
      MEAN                                       DEG      DEG            WIND                        DOM
DAY   TEMP    HIGH   TIME      LOW     TIME      DAYS     DAYS   RAIN    SPEED    HIGH    TIME       DIR
----------------------------------------------------------------------------------------------------------------------------------------------------------
01    21.3    28.8   14:38    13.6   07:04     00.0     03.0    00.0   01.0     22.2    16:16      NW
02    23.2    31.5   16:32    16.3   06:13     00.0     04.9    00.0   00.7     16.7    18:19     WNW
03    22.8    28.2   14:55    18.2   05:56     00.0     04.5    00.0   01.0     18.5    22:36     WNW
04    22.5    25.5   16:08    19.6   07:14     00.0     04.2    00.0   01.9     24.1    23:11      E 
05    24.0    33.1   14:39    16.8   07:21     00.0     05.7    00.0   03.1     20.4    01:28      E 
06    22.0    24.6   00:02    17.7   00:00     00.0     03.7    01.2   01.2     18.5    22:49     WNW
07    16.2    18.3   14:54    14.0   23:51     02.1     00.0    00.6   03.5     25.9    16:33      NW
08    16.9    24.1   14:09    13.6   03:53     01.4     00.0    01.4   01.0     37.0    17:36      W 
09    15.3    17.2   16:08    12.1   00:00     03.0     00.0    11.0   02.9     31.5    16:14     WNW
10    13.9    18.8   14:36    08.5   07:02     04.4     00.0    00.0   02.5     20.4    16:52      NW
11    14.2    20.5   14:24    07.2   07:03     04.1     00.0    00.0   00.8     16.7    22:32      S 
12    16.1    18.0   18:21    14.1   05:17     02.2     00.0    02.6   00.6     11.1    15:29     SSW
13    18.1    22.1   14:15    15.0   04:30     00.2     00.0    00.2   00.6     16.7    22:17      E 
14    22.1    26.4   17:08    17.7   04:07     00.0     03.8    02.4   01.1     16.7    23:51      S 
15    17.6    24.1   02:48    11.3   00:00     00.7     00.0    04.0   07.2     46.3    07:11     WNW
16    12.2    17.2   13:28    07.2   07:20     06.1     00.0    00.2   00.8     16.7    17:22     WNW
17    15.5    22.0   14:19    08.9   04:03     02.8     00.0    03.8   02.0     24.1    10:21     WNW
18    11.1    15.0   13:42    06.9   00:00     07.2     00.0    00.0   03.2     22.2    17:28     NNW
19    11.3    17.4   13:42    04.0   06:47     07.0     00.0    00.0   00.9     14.8    08:58     SSE
20    16.4    22.7   16:04    10.0   06:43     01.9     00.0    00.0   00.8     18.5    21:37     SSW
21    12.9    18.3   00:13    09.3   21:51     05.4     00.0    00.0   04.4     31.5    03:21     NNE
22    09.4    15.0   14:07    05.2   07:12     08.9     00.0    00.0   01.5     14.8    04:56      E 
23    10.8    16.7   14:06    04.8   04:54     07.5     00.0    00.0   00.3     09.3    13:27     SSW
24    16.9    23.2   13:58    09.7   01:33     01.4     00.0    00.0   00.5     11.1    10:26     SSW
25    17.5    24.3   13:57    11.2   05:57     00.8     00.0    00.0   00.4     07.4    20:58      S 
26    17.0    20.1   14:02    14.2   07:58     01.3     00.0    03.2   03.1     22.2    21:43      SE
27    17.1    20.1   17:00    15.0   06:37     01.2     00.0    04.8   01.5     18.5    04:48      E 
28    18.3    21.2   14:05    15.9   00:00     00.0     00.0    01.6   03.3     24.1    21:51      N 
29    15.3    17.6   14:03    13.6   07:51     03.0     00.0    00.0   01.5     18.5    00:11     NNW
30    15.9    19.3   14:54    12.6   07:26     02.4     00.0    02.0   02.6     25.9    15:55      SE
31
----------------------------------------------------------------------------------------------------------------------------------------------------------
16.8 (16.9)   33.1  day 05     04.0  day 19   075.2    029.8   039.0   01.9     46.3   day 15      NW
Max >=  30: 2
Min <=   30: 30
Max Rain: 11.0 ON 9-09-08
Days of Rain: 14 (> .2mm) 7 (> 2mm) 0 (> 20mm)