NOAA style reports

NOAA-style Climate Reports

Select NOAA data to display

Select a Year or Month report
2021 > Jan Feb Mar Apr May Jun Jul Aug Sep Oct Nov Dec
2020 > Jan Feb Mar Apr May Jun Jul Aug Sep Oct Nov Dec
2019 > Jan Feb Mar Apr May Jun Jul Aug Sep Oct Nov Dec
2018 > Jan Feb Mar Apr May Jun Jul Aug Sep Oct Nov Dec
2017 > Jan Feb Mar Apr May Jun Jul Aug Sep Oct Nov Dec
2016 > Jan Feb Mar Apr May Jun Jul Aug Sep Oct Nov Dec
2015 > Jan Feb Mar Apr May Jun Jul Aug Sep Oct Nov Dec
2014 > Jan Feb Mar Apr May Jun Jul Aug Sep Oct Nov Dec
2013 > Jan Feb Mar Apr May Jun Jul Aug Sep Oct Nov Dec
2012 > Jan Feb Mar Apr May Jun Jul Aug Sep Oct Nov Dec
2011 > Jan Feb Mar Apr May Jun Jul Aug Sep Oct Nov Dec
2010 > Jan Feb Mar Apr May Jun Jul Aug Sep Oct Nov Dec
2009 > Jan Feb Mar Apr May Jun Jul Aug Sep Oct Nov Dec
2008 > Jan Feb Mar Apr May Jun Jul Aug Sep Oct Nov Dec

Report for 2008 Nov

Daily noaa report



                            MONTHLY CLIMATOLOGICAL SUMMARY for NOV. 2008

NAME: Home Weather Station Davis VP2   CITY: Beaconsfield STATE: Quebec, Canada
ELEV: 118 LAT: 045:25:46 LONG: 0073:51:35

                            TEMPERATURE ( C), RAIN (mm), WIND SPEED (kmh)

                                               HEAT     COOL           AVG
      MEAN                                     DEG      DEG            WIND                       DOM
DAY   TEMP    HIGH   TIME     LOW    TIME      DAYS     DAYS    RAIN   SPEED    HIGH    TIME      DIR
--------------------------------------------------------------------------------------------------------
01    02.7    08.6   00:02   -02.6   23:57     15.6     00.0    00.0   04.3     29.6    00:17     NNW
02    00.6    03.8   13:16   -04.4   07:10     17.7     00.0    00.0   03.7     20.4    21:57     ESE
03    04.4    07.1   00:00   -00.1   03:02     13.9     00.0    00.0   01.0     14.8    00:14      SE
04    09.9    15.4   13:41    06.1   01:33     08.4     00.0    00.0   00.8     09.3    17:12     ESE
05    10.0    17.2   12:54    04.9   07:08     08.3     00.0    00.0   00.6     09.3    12:46     SSE
06    09.5    15.6   14:44    04.2   06:51     08.8     00.0    00.0   00.8     14.8    23:46     ESE
07    10.9    15.7   13:45    07.9   00:00     07.4     00.0    00.4   05.8     22.2    13:57     ENE
08    07.8    09.5   17:45    06.7   06:42     10.5     00.0    07.0   03.9     18.5    21:10      NE
09    07.6    10.0   11:45    06.5   00:00     10.7     00.0    01.2   04.7     24.1    13:18     WSW
10    04.9    06.9   11:05    02.4   23:30     13.4     00.0    00.2   06.4     29.6    14:07     WSW
11    02.1    05.1   13:27   -00.9   23:10     16.2     00.0    00.2   08.0     37.0    13:16      W 
12    01.2    04.9   12:41   -02.8   07:18     17.1     00.0    00.0   02.9     18.5    23:16      W 
13    04.0    07.7   21:36   -01.1   04:23     14.3     00.0    07.0   08.0     37.0    14:03      SE
14    10.2    14.6   13:49    07.4   07:11     08.1     00.0    00.2   03.7     18.5    14:03     ESE
15    09.4    10.7   17:11    06.7   04:51     08.9     00.0    26.6   04.6     31.4    17:55      NE
16    05.1    10.3   00:14    00.8   23:51     13.2     00.0    00.4   11.2     44.4    15:11     WSW
17    00.2    02.2   12:38   -02.2   00:00     18.1     00.0    00.0   08.5     38.9    09:42      W 
18   -02.6   -01.2   13:47   -04.9   00:00     20.9     00.0    00.0   08.1     29.6    06:41      N 
19   -03.9   -02.3   11:47   -06.3   05:12     22.2     00.0    00.0   06.5     29.6    10:29      N 
20   -03.5   -01.3   14:04   -05.2   23:08     21.8     00.0    00.0   08.1     31.4    16:49      NW
21   -05.3   -03.3   14:55   -07.4   06:37     23.6     00.0    00.0   09.8     31.4    13:30     WNW
22   -06.0   -03.8   11:18   -07.5   05:13     24.3     00.0    00.0   12.9     44.4    20:54     WNW
23   -06.3   -03.2   14:06   -09.7   07:34     24.6     00.0    00.0   08.9     38.9    14:11      W 
24   -00.9    02.5   12:22   -06.4   00:01     19.2     00.0    00.0   05.1     24.1    23:19      E 
25    01.3    02.5   10:04    00.2   00:01     17.0     00.0    14.0   11.7     37.0    07:43     ENE
26    02.1    04.9   12:01    00.8   20:32     16.2     00.0    02.4   05.9     31.4    16:37     SSE
27    00.7    01.4   00:00   -00.1   10:12     17.6     00.0    01.4   03.3     16.6    13:16      SW
28    01.6    02.3   15:38    00.7   07:40     16.7     00.0    02.6   03.9     25.9    05:56     SSW
29   -00.5    01.3   00:48   -01.9   07:42     18.8     00.0    00.0   05.8     31.4    10:38      W 
30    00.8    04.6   12:59   -02.8   05:49     17.5     00.0    00.0   06.1     37.0    19:22     ESE
--------------------------------------------------------------------------------------------------------
02.6 (2.6)   17.2  day 05    -09.7  day 23   471.0    000.0   063.6   05.8     44.4   day 22     WNW
Max <=   0: 6
Min <=   30: 30
Min <=  -5: 6
Max Rain: 26.6 ON 15-11-16
Days of Rain: 13 (> .2mm) 6 (> 2mm) 1 (> 20mm)