NOAA style reports

NOAA-style Climate Reports

Select NOAA data to display

Select a Year or Month report
2021 > Jan Feb Mar Apr May Jun Jul Aug Sep Oct Nov Dec
2020 > Jan Feb Mar Apr May Jun Jul Aug Sep Oct Nov Dec
2019 > Jan Feb Mar Apr May Jun Jul Aug Sep Oct Nov Dec
2018 > Jan Feb Mar Apr May Jun Jul Aug Sep Oct Nov Dec
2017 > Jan Feb Mar Apr May Jun Jul Aug Sep Oct Nov Dec
2016 > Jan Feb Mar Apr May Jun Jul Aug Sep Oct Nov Dec
2015 > Jan Feb Mar Apr May Jun Jul Aug Sep Oct Nov Dec
2014 > Jan Feb Mar Apr May Jun Jul Aug Sep Oct Nov Dec
2013 > Jan Feb Mar Apr May Jun Jul Aug Sep Oct Nov Dec
2012 > Jan Feb Mar Apr May Jun Jul Aug Sep Oct Nov Dec
2011 > Jan Feb Mar Apr May Jun Jul Aug Sep Oct Nov Dec
2010 > Jan Feb Mar Apr May Jun Jul Aug Sep Oct Nov Dec
2009 > Jan Feb Mar Apr May Jun Jul Aug Sep Oct Nov Dec
2008 > Jan Feb Mar Apr May Jun Jul Aug Sep Oct Nov Dec

Report for 2008 Dec

Daily noaa report



                            MONTHLY CLIMATOLOGICAL SUMMARY for DEC. 2008

NAME: Home Weather Station Davis VP2   CITY: Beaconsfield STATE: Quebec, Canada
ELEV: 118 LAT: 045:25:46 LONG: 0073:51:35

                            TEMPERATURE ( C), RAIN (mm), WIND SPEED (kmh)

                                               HEAT     COOL           AVG
      MEAN                                     DEG      DEG            WIND                       DOM
DAY   TEMP    HIGH   TIME     LOW    TIME      DAYS     DAYS    RAIN   SPEED    HIGH    TIME      DIR
--------------------------------------------------------------------------------------------------------
01    02.8    07.4   12:57    00.4   01:57     15.5     00.0    21.8   07.2     33.3    13:42      E 
02    01.7    04.2   02:25   -01.4   19:04     16.6     00.0    00.2   08.3     35.1    14:28     WSW
03    01.6    03.2   14:07    00.1   17:38     16.7     00.0    00.0   04.8     27.8    09:07     SSW
04    02.0    05.2   13:20   -04.1   00:00     16.3     00.0    01.6   07.7     44.4    16:01      W 
05   -04.9   -01.5   15:20   -08.4   07:33     23.2     00.0    00.0   02.9     22.2    00:09      W 
06   -02.5   -00.1   13:20   -05.1   04:30     20.8     00.0    00.0   05.9     25.9    14:51      S 
07   -04.9    00.5   09:53   -16.5   00:00     23.2     00.0    00.0   09.4     50.0    22:30     WNW
08   -16.1   -12.8   23:44   -19.4   08:01     34.4     00.0    00.0   07.4     42.5    01:13      W 
09   -09.6   -04.3   00:00   -13.4   00:36     27.9     00.0    00.0   07.4     25.9    12:40     NNE
10   -05.3   -02.0   08:40   -10.3   22:08     23.6     00.0    00.0   01.3     18.5    00:45     NNW
11   -11.9   -09.3   00:00   -14.5   08:02     30.2     00.0    00.0   01.7     14.8    23:58     NNE
12   -07.1   -04.2   14:36   -13.3   00:00     25.4     00.0    00.0   05.9     22.2    21:25      NW
13   -14.6   -09.1   00:00   -19.2   07:56     32.9     00.0    00.0   03.7     18.5    06:16      W 
14   -05.4    00.7   00:00   -11.1   04:41     23.7     00.0    00.6   02.0     12.9    15:47     ENE
15    03.6    10.1   15:35   -00.5   00:00     14.7     00.0    06.2   10.5     53.6    21:22      SW
16   -05.8   -00.5   00:01   -07.9   08:11     24.1     00.0    00.0   09.7     55.5    00:38      W 
17   -06.1   -04.5   23:13   -07.4   07:34     24.4     00.0    00.0   06.6     27.8    09:15      NE
18   -03.7   -01.8   12:18   -05.9   00:00     22.0     00.0    01.4   04.8     31.4    08:14      W 
19   -14.7   -05.9   00:01   -17.5   18:17     33.0     00.0    00.0   10.7     33.3    19:31     NNE
20   -15.8   -13.9   14:49   -17.8   00:00     34.1     00.0    00.0   08.7     31.4    05:16     NNE
21   -14.5   -11.3   15:39   -18.4   02:09     32.8     00.0    00.0   10.3     31.4    11:36     NNE
22   -13.9   -10.5   11:10   -18.3   00:00     32.2     00.0    00.0   08.9     46.3    14:41      W 
23   -13.2   -06.1   23:33   -20.7   06:43     31.5     00.0    00.2   02.5     27.8    00:24      SW
24   -01.8    06.0   23:18   -06.2   00:16     20.1     00.0    06.4   05.1     42.5    23:35     SSE
25   -01.8    05.4   00:01   -11.6   00:00     20.1     00.0    00.0   13.5     55.5    04:52      W 
26   -11.2   -09.0   23:46   -14.3   07:09     29.5     00.0    00.0   04.6     22.2    19:03     NNE
27   -03.0    01.4   21:13   -09.1   00:02     21.3     00.0    06.8   04.4     18.5    10:19     NNE
28    03.9    10.7   12:43    01.3   00:17     14.4     00.0    00.4   12.7     68.5    15:02      SW
29    00.0    02.9   00:23   -02.3   08:13     18.3     00.0    00.0   05.0     42.5    00:47      W 
30   -06.2    00.7   06:42   -15.4   00:00     24.5     00.0    00.0   11.2     51.8    12:29      W 
31   -15.6   -12.8   15:04   -17.9   23:00     33.9     00.0    00.0   07.9     27.8    18:04     NNW
--------------------------------------------------------------------------------------------------------
-6.0 (-6.2)   10.7  day 28    -20.7  day 23   778.5    000.0   045.6   06.9     68.5   day 28     WNW
Max <=   0: 18
Min <=   30: 32
Min <= -18: 5
Max <=  -5: 10
Min <=  -5: 24
Max <= -10: 5
Min <= -10: 17
Min <= -15: 10
Min <= -20: 1
Max Rain: 21.8 ON 1-12-16
Days of Rain: 9 (> .2mm) 4 (> 2mm) 1 (> 20mm)