NOAA style reports

NOAA-style Climate Reports

Select NOAA data to display

Select a Year or Month report
2021 > Jan Feb Mar Apr May Jun Jul Aug Sep Oct Nov Dec
2020 > Jan Feb Mar Apr May Jun Jul Aug Sep Oct Nov Dec
2019 > Jan Feb Mar Apr May Jun Jul Aug Sep Oct Nov Dec
2018 > Jan Feb Mar Apr May Jun Jul Aug Sep Oct Nov Dec
2017 > Jan Feb Mar Apr May Jun Jul Aug Sep Oct Nov Dec
2016 > Jan Feb Mar Apr May Jun Jul Aug Sep Oct Nov Dec
2015 > Jan Feb Mar Apr May Jun Jul Aug Sep Oct Nov Dec
2014 > Jan Feb Mar Apr May Jun Jul Aug Sep Oct Nov Dec
2013 > Jan Feb Mar Apr May Jun Jul Aug Sep Oct Nov Dec
2012 > Jan Feb Mar Apr May Jun Jul Aug Sep Oct Nov Dec
2011 > Jan Feb Mar Apr May Jun Jul Aug Sep Oct Nov Dec
2010 > Jan Feb Mar Apr May Jun Jul Aug Sep Oct Nov Dec
2009 > Jan Feb Mar Apr May Jun Jul Aug Sep Oct Nov Dec
2008 > Jan Feb Mar Apr May Jun Jul Aug Sep Oct Nov Dec

Report for 2009 Jan

Daily noaa report



                            MONTHLY CLIMATOLOGICAL SUMMARY for JAN. 2009

NAME: Home Weather Station Davis VP2   CITY: Beaconsfield STATE: Quebec, Canada
ELEV: 118 LAT: 045:25:46 LONG: 0073:51:35

                            TEMPERATURE ( C), RAIN (mm), WIND SPEED (kmh)

                                                 HEAT     COOL           AVG
      MEAN                                       DEG      DEG            WIND                        DOM
DAY   TEMP    HIGH   TIME      LOW     TIME      DAYS     DAYS   RAIN    SPEED    HIGH    TIME       DIR
----------------------------------------------------------------------------------------------------------------------------------------------------------
01   -15.7   -14.1   15:29   -17.9   08:00     34.0     00.0    00.0   07.5     35.2    12:14      W 
02   -13.8   -11.5   00:00   -17.5   00:18     32.1     00.0    00.0   05.7     31.5    04:07     NNE
03   -10.5   -07.9   14:32   -13.1   02:14     28.8     00.0    00.0   09.5     42.6    21:06      W 
04   -11.3   -08.4   23:18   -13.9   06:21     29.6     00.0    00.0   05.0     29.6    01:22      W 
05   -05.7   -01.1   14:12   -09.1   02:16     24.0     00.0    00.2   07.1     37.0    13:41      W 
06   -06.7   -02.9   14:18   -09.9   21:03     25.0     00.0    00.0   04.0     22.2    04:07     WSW
07   -08.6   -06.8   00:21   -09.9   07:36     26.9     00.0    00.0   12.1     35.2    12:56      NE
08   -09.2   -07.9   11:07   -12.7   00:00     27.5     00.0    00.0   09.2     35.2    23:24      W 
09   -13.8   -10.8   15:29   -16.6   00:00     32.1     00.0    00.0   08.8     38.9    00:43      W 
10   -14.8   -14.7   00:08   -14.8   00:00     33.1     00.0    00.0   07.0     16.7    00:05     NNE
11   -13.4   -09.3   14:35   -15.3   04:22     31.7     00.0    00.0   05.2     27.8    04:00     NNE
12   -08.8   -04.4   23:05   -15.2   00:24     27.1     00.0    00.0   03.2     20.4    12:27     WSW
13   -04.0    00.8   21:10   -12.8   00:00     22.3     00.0    00.0   06.8     42.6    21:46      S 
14   -20.8   -12.8   00:01   -22.7   08:19     39.1     00.0    00.0   08.2     35.2    00:22      W 
15   -22.8   -18.2   14:27   -27.1   08:04     41.1     00.0    00.0   02.2     20.4    13:58      W 
16   -24.0   -19.6   15:30   -27.9   06:17     42.3     00.0    00.0   02.3     20.4    13:21     WNW
17   -19.4   -14.7   14:43   -24.9   01:18     37.7     00.0    00.0   03.8     22.2    23:06     NNE
18   -12.7   -08.1   13:30   -18.4   00:01     31.0     00.0    00.0   09.6     31.5    22:54     NNE
19   -10.2   -07.9   12:37   -12.3   01:23     28.5     00.0    00.0   04.8     31.5    01:12     NNE
20   -12.0   -08.4   13:42   -16.3   00:00     30.3     00.0    00.0   02.6     16.7    22:17     WNW
21   -12.8   -05.7   00:00   -19.8   04:55     31.1     00.0    00.0   05.3     25.9    11:21     WSW
22   -03.0   -00.1   14:23   -05.7   00:05     21.3     00.0    01.0   09.9     35.2    11:21      W 
23   -11.8   -05.1   00:01   -13.1   11:21     30.1     00.0    00.0   07.6     29.6    23:52      NE
24   -16.9   -08.1   02:38   -24.0   22:41     35.2     00.0    00.0   10.5     40.7    11:29      W 
25   -14.8   -11.3   14:22   -21.2   00:25     33.1     00.0    00.0   05.0     31.5    11:28     WNW
26   -18.2   -12.4   16:14   -24.8   07:46     36.5     00.0    00.0   01.1     14.8    13:47     ENE
27   -12.9   -07.9   14:03   -16.0   07:24     31.2     00.0    00.0   03.3     27.8    09:50      W 
28   -11.1   -07.1   00:00   -15.4   00:14     29.4     00.0    00.0   07.7     31.5    19:39     NNE
29   -07.8   -05.2   00:00   -11.4   08:05     26.1     00.0    00.0   07.0     31.5    06:22     WSW
30   -04.5   -02.6   17:19   -05.7   07:50     22.8     00.0    00.0   03.7     24.1    17:21      SW
31   -13.6   -05.1   00:02   -20.7   22:49     31.9     00.0    00.0   08.2     42.6    12:07     WSW
----------------------------------------------------------------------------------------------------------------------------------------------------------
-12.6 (-12.3)   00.8  day 13    -27.9  day 16   987.3    000.0   001.2   06.1     42.6   day 24     WNW
Max <=   0: 31
Min <=   30: 32
Min <= -18: 11
Max <=  -5: 26
Min <=  -5: 32
Max <= -10: 11
Min <= -10: 27
Max <= -15: 2
Min <= -15: 19
Min <= -20: 9
Min <= -25: 2
Max Rain: 1.0 ON 22-01-09
Days of Rain: 1 (> .2mm) 0 (> 2mm) 0 (> 20mm)