NOAA style reports

NOAA-style Climate Reports

Select NOAA data to display

Select a Year or Month report
2021 > Jan Feb Mar Apr May Jun Jul Aug Sep Oct Nov Dec
2020 > Jan Feb Mar Apr May Jun Jul Aug Sep Oct Nov Dec
2019 > Jan Feb Mar Apr May Jun Jul Aug Sep Oct Nov Dec
2018 > Jan Feb Mar Apr May Jun Jul Aug Sep Oct Nov Dec
2017 > Jan Feb Mar Apr May Jun Jul Aug Sep Oct Nov Dec
2016 > Jan Feb Mar Apr May Jun Jul Aug Sep Oct Nov Dec
2015 > Jan Feb Mar Apr May Jun Jul Aug Sep Oct Nov Dec
2014 > Jan Feb Mar Apr May Jun Jul Aug Sep Oct Nov Dec
2013 > Jan Feb Mar Apr May Jun Jul Aug Sep Oct Nov Dec
2012 > Jan Feb Mar Apr May Jun Jul Aug Sep Oct Nov Dec
2011 > Jan Feb Mar Apr May Jun Jul Aug Sep Oct Nov Dec
2010 > Jan Feb Mar Apr May Jun Jul Aug Sep Oct Nov Dec
2009 > Jan Feb Mar Apr May Jun Jul Aug Sep Oct Nov Dec
2008 > Jan Feb Mar Apr May Jun Jul Aug Sep Oct Nov Dec

Report for 2009 Feb

Daily noaa report



                            MONTHLY CLIMATOLOGICAL SUMMARY for FEB. 2009

NAME: Home Weather Station Davis VP2   CITY: Beaconsfield STATE: Quebec, Canada
ELEV: 118 LAT: 045:25:46 LONG: 0073:51:35

                            TEMPERATURE ( C), RAIN (mm), WIND SPEED (kmh)

                                                 HEAT     COOL           AVG
      MEAN                                       DEG      DEG            WIND                        DOM
DAY   TEMP    HIGH   TIME      LOW     TIME      DAYS     DAYS   RAIN    SPEED    HIGH    TIME       DIR
----------------------------------------------------------------------------------------------------------------------------------------------------------
01   -13.2   -04.3   00:00   -19.2   00:59     31.5     00.0    00.0   04.3     22.2    09:30      NE
02   -02.9    00.0   12:36   -11.0   23:57     21.2     00.0    00.4   05.2     24.1    12:56     WSW
03   -10.4   -08.1   15:53   -13.5   08:06     28.7     00.0    00.0   06.0     29.6    06:24     NNE
04   -14.5   -11.7   20:37   -19.2   07:55     32.8     00.0    00.0   03.6     25.9    20:27     WNW
05   -16.3   -12.8   15:05   -20.6   06:00     34.6     00.0    00.0   04.7     24.1    16:09      W 
06   -11.8   -05.0   15:27   -16.7   01:06     30.1     00.0    00.2   01.5     14.8    13:04      SW
07   -05.1    06.2   23:04   -14.3   04:23     23.4     00.0    00.2   04.7     37.0    23:39     SSE
08   -00.7    05.9   00:32   -09.6   00:00     19.0     00.0    00.2   12.8     44.4    14:46      W 
09   -08.8   -05.0   15:16   -11.8   07:48     27.1     00.0    00.0   02.8     18.5    12:07     WNW
10   -06.4   -03.7   12:36   -10.1   02:11     24.7     00.0    00.0   05.0     24.1    13:34      NE
11    01.9    09.0   15:06   -03.9   07:34     16.4     00.0    03.2   01.7     18.5    00:06      NE
12    02.2    04.6   00:05   -03.9   00:00     16.1     00.0    25.6   06.5     33.3    21:55     NNW
13   -08.6   -03.9   00:04   -12.1   09:21     26.9     00.0    00.0   09.8     38.9    13:04     WNW
14   -07.7   -03.5   16:12   -11.8   07:43     26.0     00.0    00.0   08.6     38.9    03:03      W 
15   -07.1   -03.9   15:17   -11.7   07:23     25.4     00.0    00.0   03.6     18.5    15:16      W 
16   -05.9   -02.6   14:56   -10.8   02:16     24.2     00.0    00.0   02.8     18.5    23:28      W 
17   -04.5    00.4   13:42   -09.7   06:24     22.8     00.0    00.0   02.1     13.0    13:45     WSW
18   -02.2    01.9   14:44   -07.2   06:41     20.5     00.0    03.8   10.5     42.6    16:30     ESE
19   -00.5    02.3   13:48   -06.3   00:00     18.8     00.0    05.6   09.1     38.9    21:04     SSW
20   -08.9   -06.3   00:01   -12.3   07:53     27.2     00.0    00.0   10.8     42.6    23:00     WSW
21   -06.3   -02.8   15:12   -08.4   02:35     24.6     00.0    00.0   08.3     38.9    01:38      W 
22   -06.9   -03.7   00:02   -08.9   17:50     25.2     00.0    00.0   13.4     40.7    18:14      W 
23   -07.2   -03.7   00:02   -09.3   00:00     25.5     00.0    02.2   12.8     40.7    18:14      W 
24   -09.3   -06.1   13:23   -12.7   07:04     27.6     00.0    00.0   06.4     31.5    14:30      W 
25   -06.7   -01.6   15:49   -12.4   07:26     25.0     00.0    00.0   03.8     20.4    20:01     ESE
26   -00.7    03.1   14:17   -05.3   03:45     19.0     00.0    00.0   01.0     11.1    22:22     ENE
27    02.6    06.2   18:44   -07.0   00:00     15.7     00.0    12.0   06.3     37.0    21:21      S 
28   -12.2   -07.0   00:01   -15.8   07:11     30.5     00.0    00.0   04.5     31.5    03:31      W 
----------------------------------------------------------------------------------------------------------------------------------------------------------
-6.3 (-6.6)   09.0  day 11    -20.6  day 05   712.4    000.0   059.8   06.1     44.4   day 08      W 
Max <=   0: 20
Min <=   30: 29
Min <= -18: 3
Max <=  -5: 8
Min <=  -5: 27
Max <= -10: 2
Min <= -10: 17
Min <= -15: 5
Min <= -20: 1
Max Rain: 25.6 ON 12-02-09
Days of Rain: 11 (> .2mm) 7 (> 2mm) 1 (> 20mm)