NOAA style reports

NOAA-style Climate Reports

Select NOAA data to display

Select a Year or Month report
2021 > Jan Feb Mar Apr May Jun Jul Aug Sep Oct Nov Dec
2020 > Jan Feb Mar Apr May Jun Jul Aug Sep Oct Nov Dec
2019 > Jan Feb Mar Apr May Jun Jul Aug Sep Oct Nov Dec
2018 > Jan Feb Mar Apr May Jun Jul Aug Sep Oct Nov Dec
2017 > Jan Feb Mar Apr May Jun Jul Aug Sep Oct Nov Dec
2016 > Jan Feb Mar Apr May Jun Jul Aug Sep Oct Nov Dec
2015 > Jan Feb Mar Apr May Jun Jul Aug Sep Oct Nov Dec
2014 > Jan Feb Mar Apr May Jun Jul Aug Sep Oct Nov Dec
2013 > Jan Feb Mar Apr May Jun Jul Aug Sep Oct Nov Dec
2012 > Jan Feb Mar Apr May Jun Jul Aug Sep Oct Nov Dec
2011 > Jan Feb Mar Apr May Jun Jul Aug Sep Oct Nov Dec
2010 > Jan Feb Mar Apr May Jun Jul Aug Sep Oct Nov Dec
2009 > Jan Feb Mar Apr May Jun Jul Aug Sep Oct Nov Dec
2008 > Jan Feb Mar Apr May Jun Jul Aug Sep Oct Nov Dec

Report for 2009 Mar

Daily noaa report



                            MONTHLY CLIMATOLOGICAL SUMMARY for MAR. 2009

NAME: Home Weather Station Davis VP2   CITY: Beaconsfield STATE: Quebec, Canada
ELEV: 118 LAT: 045:25:46 LONG: 0073:51:35

                            TEMPERATURE ( C), RAIN (mm), WIND SPEED (kmh)

                                               HEAT     COOL           AVG
      MEAN                                     DEG      DEG            WIND                       DOM
DAY   TEMP    HIGH   TIME     LOW    TIME      DAYS     DAYS    RAIN   SPEED    HIGH    TIME      DIR
--------------------------------------------------------------------------------------------------------
01   -11.3   -05.5   15:58   -16.8   06:54     29.6     00.0    00.0   02.9     18.5    11:34      W 
02   -09.6   -06.5   14:22   -12.3   00:00     27.9     00.0    00.0   09.9     33.3    19:52      NW
03   -11.9   -07.7   16:22   -16.3   07:11     30.2     00.0    00.0   08.1     35.1    15:22      W 
04   -08.9   -02.4   16:20   -16.2   07:06     27.2     00.0    00.0   04.6     31.4    15:18     WNW
05   -06.6   -01.8   14:44   -14.1   06:47     24.9     00.0    00.0   04.6     31.4    22:27      E 
06    02.6    08.1   21:28   -03.9   02:59     15.7     00.0    01.2   05.2     31.4    21:12      SE
07    04.5    07.5   14:16    01.6   00:00     13.8     00.0    01.4   04.3     27.8    02:25     WSW
08    02.9    07.0   14:00   -01.8   00:00     15.4     00.0    00.6   05.8     31.4    23:45     WNW
09   -02.6    00.1   18:36   -05.5   09:26     20.9     00.0    00.8   08.7     37.0    01:38      NE
10   -00.7    02.8   13:00   -06.7   06:20     19.0     00.0    00.0   04.5     29.6    20:21     ESE
11    03.0    10.9   13:32   -05.3   00:00     15.3     00.0    07.8   13.1     62.9    22:06      SW
12   -08.3   -05.3   00:01   -11.9   23:58     26.6     00.0    00.0   12.4     48.1    00:34      W 
13   -07.3   -01.9   16:58   -13.8   05:34     25.6     00.0    00.0   04.2     31.4    16:11     WSW
14   -00.2    05.5   15:58   -05.8   03:17     18.5     00.0    00.0   06.6     25.9    16:35     WSW
15    03.3    08.9   16:47   -00.8   04:37     15.0     00.0    00.0   05.2     33.3    22:14      W 
16   -00.6    03.4   15:12   -04.2   07:38     18.9     00.0    00.0   07.7     29.6    07:37     NNE
17    01.5    08.5   17:17   -03.8   07:26     16.8     00.0    00.0   02.7     20.4    03:31      NE
18    06.4    12.3   15:14   -00.8   02:46     11.9     00.0    00.2   04.3     25.9    21:42      SW
19    03.0    07.1   00:02   -02.5   23:50     15.3     00.0    00.0   08.3     37.0    14:19     WNW
20   -03.4    00.9   16:10   -07.5   05:43     21.7     00.0    00.0   03.5     22.2    01:38      N 
21   -00.0    06.2   16:00   -07.4   07:20     18.3     00.0    00.0   03.7     20.4    20:46     WSW
22   -00.4    02.3   00:01   -05.2   00:00     18.7     00.0    00.0   10.2     42.5    23:42      NW
23   -05.1    00.1   16:37   -10.7   07:09     23.4     00.0    00.0   08.3     35.1    04:46      NW
24   -01.3    04.9   15:55   -08.4   07:09     19.6     00.0    00.0   04.5     27.8    15:40     NNE
25    02.7    09.9   15:51   -03.9   07:05     15.6     00.0    00.0   06.1     29.6    15:38     ENE
26    03.6    10.0   15:24   -00.3   03:32     14.7     00.0    06.4   04.2     24.1    15:26      NE
27    05.0    10.6   13:20    01.7   05:16     13.3     00.0    00.0   04.0     29.6    11:56      W 
28    07.5    14.8   16:10    01.4   03:20     10.8     00.0    00.0   02.5     16.6    11:31     ESE
29    05.7    07.9   18:12    03.5   07:18     12.6     00.0    16.0   08.6     38.9    03:11      NE
30    04.0    06.0   11:36    01.8   00:00     14.3     00.0    10.8   04.4     27.8    12:03     WNW
31    03.0    04.9   12:23   -00.2   07:19     15.3     00.0    00.0   05.8     25.9    02:28     WSW
--------------------------------------------------------------------------------------------------------
-0.6 (-0.8)   14.8  day 28    -16.8  day 01   586.7    000.0   045.0   06.1     62.9   day 11     WNW
Max <=   0: 7
Min <=   30: 31
Max <=  -5: 4
Min <=  -5: 16
Min <= -10: 8
Min <= -15: 3
Max Rain: 16.0 ON 29-03-16
Days of Rain: 9 (> .2mm) 4 (> 2mm) 0 (> 20mm)