NOAA style reports

NOAA-style Climate Reports

Select NOAA data to display

Select a Year or Month report
2021 > Jan Feb Mar Apr May Jun Jul Aug Sep Oct Nov Dec
2020 > Jan Feb Mar Apr May Jun Jul Aug Sep Oct Nov Dec
2019 > Jan Feb Mar Apr May Jun Jul Aug Sep Oct Nov Dec
2018 > Jan Feb Mar Apr May Jun Jul Aug Sep Oct Nov Dec
2017 > Jan Feb Mar Apr May Jun Jul Aug Sep Oct Nov Dec
2016 > Jan Feb Mar Apr May Jun Jul Aug Sep Oct Nov Dec
2015 > Jan Feb Mar Apr May Jun Jul Aug Sep Oct Nov Dec
2014 > Jan Feb Mar Apr May Jun Jul Aug Sep Oct Nov Dec
2013 > Jan Feb Mar Apr May Jun Jul Aug Sep Oct Nov Dec
2012 > Jan Feb Mar Apr May Jun Jul Aug Sep Oct Nov Dec
2011 > Jan Feb Mar Apr May Jun Jul Aug Sep Oct Nov Dec
2010 > Jan Feb Mar Apr May Jun Jul Aug Sep Oct Nov Dec
2009 > Jan Feb Mar Apr May Jun Jul Aug Sep Oct Nov Dec
2008 > Jan Feb Mar Apr May Jun Jul Aug Sep Oct Nov Dec

Report for 2009 Apr

Daily noaa report



                            MONTHLY CLIMATOLOGICAL SUMMARY for APR. 2009

NAME: Home Weather Station Davis VP2   CITY: Beaconsfield STATE: Quebec, Canada
ELEV: 118 LAT: 045:25:46 LONG: 0073:51:35

                            TEMPERATURE ( C), RAIN (mm), WIND SPEED (kmh)

                                                 HEAT     COOL           AVG
      MEAN                                       DEG      DEG            WIND                        DOM
DAY   TEMP    HIGH   TIME      LOW     TIME      DAYS     DAYS   RAIN    SPEED    HIGH    TIME       DIR
----------------------------------------------------------------------------------------------------------------------------------------------------------
01    04.2    07.9   11:19    00.9   06:20     14.1     00.0    01.6   06.2     27.8    07:43     ESE
02    09.1    17.2   16:19    01.8   07:08     09.2     00.0    00.0   03.7     24.1    13:55     SSW
03    10.2    15.0   12:23    05.2   00:38     08.1     00.0    15.0   09.4     50.0    17:04     ENE
04    05.1    09.9   00:04    02.6   23:43     13.2     00.0    14.0   06.3     31.5    02:12     WSW
05    04.1    07.6   15:42    01.3   08:02     14.2     00.0    01.0   10.9     42.6    12:12      W 
06    03.5    06.2   19:02   -00.8   04:39     14.8     00.0    06.0   06.4     37.0    15:58     ENE
07    02.1    04.6   00:15   -01.0   23:23     16.2     00.0    02.8   07.5     35.2    13:41     WSW
08    01.2    05.1   13:55   -01.7   06:16     17.1     00.0    00.0   07.5     25.9    17:56      SW
09    05.0    08.7   17:29    00.9   04:31     13.3     00.0    00.0   06.1     31.5    14:51     WSW
10    04.5    08.7   16:25    00.6   06:47     13.8     00.0    00.0   05.7     27.8    16:26      NW
11    03.8    10.2   16:48   -01.1   04:57     14.5     00.0    00.0   08.2     35.2    21:48      N 
12    01.1    04.5   16:51   -02.0   06:59     17.2     00.0    00.0   10.3     33.3    18:18     NNW
13    04.3    11.1   16:35   -01.7   06:32     14.0     00.0    00.0   08.4     37.0    12:54     WNW
14    05.8    12.6   16:17   -02.1   06:27     12.5     00.0    00.0   03.9     22.2    17:23      E 
15    08.5    14.3   16:12    02.6   06:11     09.8     00.0    00.0   07.3     31.5    13:56      NE
16    08.9    13.9   16:33    03.0   06:41     09.4     00.0    00.0   05.3     27.8    08:03      NE
17    12.2    20.3   15:53    02.6   04:19     06.1     00.0    00.0   08.7     44.4    16:26      W 
18    09.9    12.8   00:01    06.6   08:01     08.4     00.0    02.4   05.6     29.6    00:00      N 
19    07.2    12.0   16:09    01.1   06:32     11.1     00.0    00.0   06.5     31.5    00:36     ENE
20    08.7    14.8   13:57    02.1   05:43     09.6     00.0    05.6   10.0     40.7    21:38      SE
21    06.4    09.7   17:28    03.9   07:09     11.9     00.0    07.2   08.3     38.9    00:14      NE
22    09.5    15.4   16:16    05.3   01:17     08.8     00.0    00.2   06.3     25.9    15:19     WSW
23    08.9    14.0   16:46    05.7   05:27     09.4     00.0    00.0   12.1     44.4    13:14     WNW
24    11.2    20.1   16:21    02.0   05:18     07.1     00.0    00.0   04.3     18.5    21:13      S 
25    20.6    28.8   13:58    12.6   06:46     00.0     02.3    00.0   07.8     46.3    21:14      SW
26    13.3    19.7   00:32    08.3   08:54     05.0     00.0    00.0   09.2     40.7    05:23     NNE
27    18.9    31.1   16:44    09.1   06:28     00.0     00.6    00.2   05.9     31.5    18:08     SSW
28    16.1    22.8   09:14    07.9   23:59     02.2     00.0    05.0   08.1     33.3    14:13     WNW
29    09.2    15.6   16:41    02.5   06:04     09.1     00.0    00.0   04.1     25.9    18:11     WSW
30    13.0    21.7   15:56    03.6   05:41     05.3     00.0    01.0   05.0     31.5    17:57      SE
----------------------------------------------------------------------------------------------------------------------------------------------------------
08.2 (8.3)   31.1  day 27    -02.1  day 14   305.4    002.9   062.2   07.2     50.0   day 23     WNW
Max >=  30: 1
Min <=   30: 30
Max Rain: 15.0 ON 3-04-09
Days of Rain: 12 (> .2mm) 8 (> 2mm) 0 (> 20mm)