NOAA style reports

NOAA-style Climate Reports

Select NOAA data to display

Select a Year or Month report
2021 > Jan Feb Mar Apr May Jun Jul Aug Sep Oct Nov Dec
2020 > Jan Feb Mar Apr May Jun Jul Aug Sep Oct Nov Dec
2019 > Jan Feb Mar Apr May Jun Jul Aug Sep Oct Nov Dec
2018 > Jan Feb Mar Apr May Jun Jul Aug Sep Oct Nov Dec
2017 > Jan Feb Mar Apr May Jun Jul Aug Sep Oct Nov Dec
2016 > Jan Feb Mar Apr May Jun Jul Aug Sep Oct Nov Dec
2015 > Jan Feb Mar Apr May Jun Jul Aug Sep Oct Nov Dec
2014 > Jan Feb Mar Apr May Jun Jul Aug Sep Oct Nov Dec
2013 > Jan Feb Mar Apr May Jun Jul Aug Sep Oct Nov Dec
2012 > Jan Feb Mar Apr May Jun Jul Aug Sep Oct Nov Dec
2011 > Jan Feb Mar Apr May Jun Jul Aug Sep Oct Nov Dec
2010 > Jan Feb Mar Apr May Jun Jul Aug Sep Oct Nov Dec
2009 > Jan Feb Mar Apr May Jun Jul Aug Sep Oct Nov Dec
2008 > Jan Feb Mar Apr May Jun Jul Aug Sep Oct Nov Dec

Report for 2009 May

Daily noaa report



                            MONTHLY CLIMATOLOGICAL SUMMARY for MAY. 2009

NAME: Home Weather Station Davis VP2   CITY: Beaconsfield STATE: Quebec, Canada
ELEV: 118 LAT: 045:25:46 LONG: 0073:51:35

                            TEMPERATURE ( C), RAIN (mm), WIND SPEED (kmh)

                                                 HEAT     COOL           AVG
      MEAN                                       DEG      DEG            WIND                        DOM
DAY   TEMP    HIGH   TIME      LOW     TIME      DAYS     DAYS   RAIN    SPEED    HIGH    TIME       DIR
----------------------------------------------------------------------------------------------------------------------------------------------------------
01    15.4    20.8   16:45    08.9   01:55     02.9     00.0    16.8   09.3     40.7    19:00      SW
02    10.6    15.9   15:59    04.4   06:24     07.7     00.0    00.8   08.0     48.1    13:44     WSW
03    13.3    19.4   16:34    04.7   06:13     05.0     00.0    00.0   05.1     25.9    11:39     WSW
04    15.1    20.6   15:55    08.9   06:16     03.2     00.0    00.0   04.0     25.9    14:33     WNW
05    14.3    21.8   16:04    07.4   06:11     04.0     00.0    00.0   06.7     31.5    12:49      NE
06    13.2    16.3   16:21    10.4   09:01     05.1     00.0    00.6   02.8     18.5    04:22     ESE
07    11.7    13.2   02:23    10.3   10:08     06.6     00.0    08.6   05.5     29.6    09:37     NNE
08    14.9    22.4   14:57    09.9   04:18     03.4     00.0    00.6   01.5     20.4    12:46     WSW
09    13.5    16.5   11:49    09.7   06:05     04.8     00.0    03.6   02.0     27.8    22:47      E 
10    08.0    12.8   00:20    06.3   10:13     10.3     00.0    07.2   08.2     33.3    12:34      W 
11    10.4    17.5   16:23    02.7   06:31     07.9     00.0    00.0   02.3     20.4    02:36     WSW
12    11.3    17.9   16:24    03.2   06:11     07.0     00.0    00.0   02.0     13.0    14:22     SSW
13    13.9    21.1   16:39    05.2   06:21     04.4     00.0    00.0   01.7     20.4    18:44     SSE
14    15.1    18.8   18:56    12.9   06:37     03.2     00.0    05.6   05.0     33.3    11:56      S 
15    14.7    20.1   15:55    09.4   06:15     03.6     00.0    00.2   02.5     22.2    13:49      W 
16    13.2    17.9   12:03    07.9   03:32     05.1     00.0    15.8   04.4     31.5    11:13     ESE
17    08.7    16.5   00:24    04.3   00:00     09.6     00.0    00.0   06.3     42.6    00:46      W 
18    08.9    14.0   16:56    04.1   07:08     09.4     00.0    00.0   02.2     16.7    08:44      NW
19    13.4    19.1   13:02    05.7   03:38     04.9     00.0    00.0   03.0     31.5    15:57     WSW
20    10.5    15.3   19:11    05.7   11:31     07.8     00.0    01.2   03.2     24.1    07:31     ENE
21    20.2    29.6   13:59    07.8   05:28     00.0     01.9    00.0   03.8     31.5    16:31      SW
22    17.3    20.7   16:33    12.3   00:00     01.0     00.0    00.0   03.4     31.5    15:53     WNW
23    14.8    21.8   16:32    08.3   02:57     03.5     00.0    00.0   02.4     18.5    15:14      E 
24    18.4    24.8   15:39    12.9   23:53     00.0     00.1    00.0   04.1     31.5    15:19      W 
25    12.4    16.9   16:11    07.6   04:55     05.9     00.0    00.0   04.9     29.6    13:49      NW
26    10.7    16.2   16:12    02.9   05:16     07.6     00.0    00.0   03.3     20.4    19:32      E 
27    12.5    14.7   11:49    11.1   03:30     05.8     00.0    07.6   03.2     29.6    09:21      E 
28    12.4    15.3   14:09    10.3   05:41     05.9     00.0    08.8   08.1     31.5    20:12      E 
29    14.5    20.2   14:00    11.8   00:19     03.8     00.0    08.6   02.2     25.9    00:37      S 
30    13.8    18.2   14:08    10.8   03:33     04.5     00.0    02.4   02.1     31.5    17:53      W 
31    04.5    04.5   23:54    04.5   23:54     13.8     00.0    03.2   00.0     00.0    23:54      W 
----------------------------------------------------------------------------------------------------------------------------------------------------------
08.0 (13.0)   29.6  day 21     02.7  day 11   878.4    001.9   091.6   01.5     48.1   day 02     WSW
Min <=   30: 85
Max Rain: 16.8 ON 1-05-09
Days of Rain: 70 (> .2mm) 65 (> 2mm) 0 (> 20mm)