NOAA style reports

NOAA-style Climate Reports

Select NOAA data to display

Select a Year or Month report
2021 > Jan Feb Mar Apr May Jun Jul Aug Sep Oct Nov Dec
2020 > Jan Feb Mar Apr May Jun Jul Aug Sep Oct Nov Dec
2019 > Jan Feb Mar Apr May Jun Jul Aug Sep Oct Nov Dec
2018 > Jan Feb Mar Apr May Jun Jul Aug Sep Oct Nov Dec
2017 > Jan Feb Mar Apr May Jun Jul Aug Sep Oct Nov Dec
2016 > Jan Feb Mar Apr May Jun Jul Aug Sep Oct Nov Dec
2015 > Jan Feb Mar Apr May Jun Jul Aug Sep Oct Nov Dec
2014 > Jan Feb Mar Apr May Jun Jul Aug Sep Oct Nov Dec
2013 > Jan Feb Mar Apr May Jun Jul Aug Sep Oct Nov Dec
2012 > Jan Feb Mar Apr May Jun Jul Aug Sep Oct Nov Dec
2011 > Jan Feb Mar Apr May Jun Jul Aug Sep Oct Nov Dec
2010 > Jan Feb Mar Apr May Jun Jul Aug Sep Oct Nov Dec
2009 > Jan Feb Mar Apr May Jun Jul Aug Sep Oct Nov Dec
2008 > Jan Feb Mar Apr May Jun Jul Aug Sep Oct Nov Dec

Report for 2009 Jun

Daily noaa report



                            MONTHLY CLIMATOLOGICAL SUMMARY for JUN. 2009

NAME: Home Weather Station Davis VP2   CITY: Beaconsfield STATE: Quebec, Canada
ELEV: 118 LAT: 045:25:46 LONG: 0073:51:35

                            TEMPERATURE ( C), RAIN (mm), WIND SPEED (kmh)

                                                 HEAT     COOL           AVG
      MEAN                                       DEG      DEG            WIND                        DOM
DAY   TEMP    HIGH   TIME      LOW     TIME      DAYS     DAYS   RAIN    SPEED    HIGH    TIME       DIR
----------------------------------------------------------------------------------------------------------------------------------------------------------
01    09.9    15.6   13:59    04.2   00:59     08.4     00.0    03.4   02.3     25.9    12:46      W 
02    13.4    19.6   16:06    09.0   05:35     04.9     00.0    02.0   02.7     24.1    10:21     WNW
03    14.9    21.8   16:57    07.7   05:57     03.4     00.0    00.0   01.5     22.2    21:38      W 
04    14.8    21.0   16:07    09.3   05:55     03.5     00.0    00.0   02.1     20.4    14:56      NW
05    16.4    23.9   16:39    07.2   05:38     01.9     00.0    00.0   01.0     14.8    18:24      SE
06    18.4    25.0   16:45    12.1   03:59     00.0     00.1    00.0   02.6     31.5    16:17      W 
07    14.5    20.2   12:33    09.6   05:38     03.8     00.0    00.0   02.4     24.1    14:58     WNW
08    13.8    18.2   15:30    06.5   05:36     04.5     00.0    00.0   01.8     18.5    08:23      SE
09    12.9    14.8   17:24    10.8   07:28     05.4     00.0    17.4   05.4     31.5    11:41      E 
10    15.3    18.7   17:20    12.6   00:34     03.0     00.0    00.0   00.9     18.5    18:11     WNW
11    18.1    23.2   16:49    12.0   02:36     00.2     00.0    00.0   01.4     18.5    11:11     ESE
12    19.3    25.0   16:08    14.5   06:03     00.0     01.0    09.8   03.2     31.5    06:26      NE
13    19.0    24.7   15:43    12.9   05:03     00.0     00.7    00.0   00.6     09.3    13:42     SSW
14    19.5    27.7   16:38    13.7   05:45     00.0     01.2    00.0   01.1     16.7    19:48      SW
15    18.3    25.1   17:06    15.0   00:00     00.0     00.0    01.2   00.7     22.2    19:21      S 
16    18.9    24.3   16:45    13.3   05:27     00.0     00.6    00.0   03.4     18.5    15:36     ESE
17    19.9    25.4   14:35    13.6   05:41     00.0     01.6    00.0   01.4     20.4    14:57      SE
18    16.3    18.7   10:33    14.7   00:00     02.0     00.0    10.2   04.4     24.1    18:18     ESE
19    17.0    20.7   16:52    14.3   05:29     01.3     00.0    00.4   02.6     18.5    00:03      NE
20    19.1    21.7   13:43    16.0   00:14     00.0     00.8    00.0   02.4     16.7    16:32      NE
21    21.6    26.8   16:07    18.6   00:39     00.0     03.3    00.0   06.4     31.5    18:28      NE
22    20.4    24.3   16:35    16.7   05:41     00.0     02.1    00.0   08.4     37.0    08:16      NE
23    22.4    29.2   17:08    15.0   05:51     00.0     04.1    00.0   04.6     31.5    11:52      NE
24    23.7    30.6   16:54    17.7   05:48     00.0     05.4    00.0   03.0     22.2    12:33     NNE
25    24.8    33.9   16:28    18.0   05:35     00.0     06.5    00.0   00.5     18.5    19:04      W 
26    22.4    28.4   14:26    18.1   00:00     00.0     04.1    01.0   01.3     42.6    14:38     WNW
27    19.3    22.1   18:05    17.2   03:34     00.0     01.0    07.8   00.7     13.0    11:07      NW
28    20.8    26.8   16:21    16.2   05:56     00.0     02.5    00.0   03.3     27.8    21:32      E 
29    19.0    20.5   00:23    17.7   00:00     00.0     00.7    13.0   00.4     13.0    12:19      W 
30    17.4    17.4   23:54    17.4   23:54     00.9     00.0    03.2   01.9     09.3    23:54     ESE
----------------------------------------------------------------------------------------------------------------------------------------------------------
17.7 (18.3)   33.9  day 25     04.2  day 01   087.1    037.4   069.2   03.0     42.6   day 22      NE
Max >=  30: 2
Min <=   30: 84
Max Rain: 17.4 ON 9-06-09
Days of Rain: 65 (> .2mm) 61 (> 2mm) 0 (> 20mm)