NOAA style reports

NOAA-style Climate Reports

Select NOAA data to display

Select a Year or Month report
2021 > Jan Feb Mar Apr May Jun Jul Aug Sep Oct Nov Dec
2020 > Jan Feb Mar Apr May Jun Jul Aug Sep Oct Nov Dec
2019 > Jan Feb Mar Apr May Jun Jul Aug Sep Oct Nov Dec
2018 > Jan Feb Mar Apr May Jun Jul Aug Sep Oct Nov Dec
2017 > Jan Feb Mar Apr May Jun Jul Aug Sep Oct Nov Dec
2016 > Jan Feb Mar Apr May Jun Jul Aug Sep Oct Nov Dec
2015 > Jan Feb Mar Apr May Jun Jul Aug Sep Oct Nov Dec
2014 > Jan Feb Mar Apr May Jun Jul Aug Sep Oct Nov Dec
2013 > Jan Feb Mar Apr May Jun Jul Aug Sep Oct Nov Dec
2012 > Jan Feb Mar Apr May Jun Jul Aug Sep Oct Nov Dec
2011 > Jan Feb Mar Apr May Jun Jul Aug Sep Oct Nov Dec
2010 > Jan Feb Mar Apr May Jun Jul Aug Sep Oct Nov Dec
2009 > Jan Feb Mar Apr May Jun Jul Aug Sep Oct Nov Dec
2008 > Jan Feb Mar Apr May Jun Jul Aug Sep Oct Nov Dec

Report for 2009 Jul

Daily noaa report



                            MONTHLY CLIMATOLOGICAL SUMMARY for JUL. 2009

NAME: Home Weather Station Davis VP2   CITY: Beaconsfield STATE: Quebec, Canada
ELEV: 118 LAT: 045:25:46 LONG: 0073:51:35

                            TEMPERATURE ( C), RAIN (mm), WIND SPEED (kmh)

                                                 HEAT     COOL           AVG
      MEAN                                       DEG      DEG            WIND                        DOM
DAY   TEMP    HIGH   TIME      LOW     TIME      DAYS     DAYS   RAIN    SPEED    HIGH    TIME       DIR
----------------------------------------------------------------------------------------------------------------------------------------------------------
01    20.1    25.0   16:23    17.1   04:29     00.0     01.8    07.2   04.1     27.8    03:56     ESE
02    20.7    24.3   13:13    18.1   01:07     00.0     02.4    02.2   05.9     25.9    16:38     ESE
03    19.7    24.3   14:18    18.0   02:42     00.0     01.4    18.0   01.6     22.2    15:23      SW
04    17.6    21.1   11:40    15.0   22:50     00.7     00.0    02.2   05.2     37.0    14:36      W 
05    19.7    27.0   16:16    15.2   00:01     00.0     01.4    00.0   04.5     31.5    09:23      W 
06    17.7    23.1   16:05    15.0   06:36     00.6     00.0    04.0   00.4     31.5    16:12     WNW
07    17.1    20.2   17:59    14.7   01:27     01.2     00.0    01.8   03.0     22.2    17:56     ESE
08    17.2    21.2   16:41    13.9   02:56     01.1     00.0    01.0   03.1     25.9    14:36     NNE
09    18.9    24.8   17:12    13.3   05:55     00.0     00.6    00.0   01.2     13.0    12:07     ESE
10    20.5    26.5   16:18    13.0   05:44     00.0     02.2    00.0   00.1     09.3    16:06     SSE
11    20.0    25.9   10:12    16.9   22:29     00.0     01.7    28.4   01.0     38.9    20:58      S 
12    17.7    22.2   16:20    13.6   05:57     00.6     00.0    00.4   01.3     20.4    15:22      W 
13    15.7    20.0   12:00    11.6   04:22     02.6     00.0    03.0   02.3     31.5    14:16     WNW
14    15.6    19.8   14:42    12.6   04:20     02.7     00.0    00.2   01.9     27.8    17:14      W 
15    17.8    25.5   16:19    10.5   05:49     00.5     00.0    00.0   03.1     22.2    12:33     WNW
16    19.6    24.3   16:03    16.9   05:59     00.0     01.3    00.6   01.4     18.5    09:14      SE
17    20.5    26.2   16:36    14.5   05:46     00.0     02.2    00.2   00.4     18.5    18:11     WSW
18    20.1    25.3   15:02    17.0   00:00     00.0     01.8    05.2   03.0     33.3    15:38      S 
19    18.9    24.6   16:37    15.4   03:48     00.0     00.6    00.4   01.2     22.2    10:11     WSW
20    20.3    27.4   16:59    14.6   05:57     00.0     02.0    00.0   00.4     11.1    09:07     WSW
21    21.3    26.3   15:42    15.0   05:40     00.0     03.0    00.8   01.4     16.7    12:56      SE
22    18.8    20.9   15:08    17.3   04:44     00.0     00.5    04.4   00.7     13.0    03:31     ENE
23    21.1    25.1   17:39    16.7   05:22     00.0     02.8    02.0   05.5     24.1    23:53      E 
24    21.6    24.7   16:18    19.3   07:11     00.0     03.3    00.0   07.7     25.9    01:00     ESE
25    20.5    25.1   16:26    17.4   07:00     00.0     02.2    00.0   03.3     20.4    23:48      E 
26    19.0    22.5   16:50    15.9   06:48     00.0     00.7    17.4   04.3     22.2    16:54      NE
27    21.7    27.1   16:45    17.6   03:52     00.0     03.4    00.2   01.2     16.7    16:34     SSW
28    23.6    31.2   16:52    17.4   06:18     00.0     05.3    00.6   00.3     11.1    17:28     SSW
29    23.6    30.3   15:50    19.9   05:17     00.0     05.3    00.4   01.6     40.7    15:51     SSW
30    22.5    26.8   16:12    19.4   00:00     00.0     04.2    00.2   01.5     29.6    16:08      W 
31    20.0    22.6   17:37    17.8   07:06     00.0     01.7    00.2   00.1     09.3    12:42      SW
----------------------------------------------------------------------------------------------------------------------------------------------------------
19.7 (20.2)   31.2  day 28     10.5  day 15   009.9    052.0   101.0   02.3     40.7   day 23     SSE
Max >=  30: 2
Min <=   30: 31
Max Rain: 28.4 ON 11-07-09
Days of Rain: 19 (> .2mm) 10 (> 2mm) 1 (> 20mm)