NOAA style reports

NOAA-style Climate Reports

Select NOAA data to display

Select a Year or Month report
2021 > Jan Feb Mar Apr May Jun Jul Aug Sep Oct Nov Dec
2020 > Jan Feb Mar Apr May Jun Jul Aug Sep Oct Nov Dec
2019 > Jan Feb Mar Apr May Jun Jul Aug Sep Oct Nov Dec
2018 > Jan Feb Mar Apr May Jun Jul Aug Sep Oct Nov Dec
2017 > Jan Feb Mar Apr May Jun Jul Aug Sep Oct Nov Dec
2016 > Jan Feb Mar Apr May Jun Jul Aug Sep Oct Nov Dec
2015 > Jan Feb Mar Apr May Jun Jul Aug Sep Oct Nov Dec
2014 > Jan Feb Mar Apr May Jun Jul Aug Sep Oct Nov Dec
2013 > Jan Feb Mar Apr May Jun Jul Aug Sep Oct Nov Dec
2012 > Jan Feb Mar Apr May Jun Jul Aug Sep Oct Nov Dec
2011 > Jan Feb Mar Apr May Jun Jul Aug Sep Oct Nov Dec
2010 > Jan Feb Mar Apr May Jun Jul Aug Sep Oct Nov Dec
2009 > Jan Feb Mar Apr May Jun Jul Aug Sep Oct Nov Dec
2008 > Jan Feb Mar Apr May Jun Jul Aug Sep Oct Nov Dec

Report for 2009 Aug

Daily noaa report



                            MONTHLY CLIMATOLOGICAL SUMMARY for AUG. 2009

NAME: Home Weather Station Davis VP2   CITY: Beaconsfield STATE: Quebec, Canada
ELEV: 118 LAT: 045:25:46 LONG: 0073:51:35

                            TEMPERATURE ( C), RAIN (mm), WIND SPEED (kmh)

                                                 HEAT     COOL           AVG
      MEAN                                       DEG      DEG            WIND                        DOM
DAY   TEMP    HIGH   TIME      LOW     TIME      DAYS     DAYS   RAIN    SPEED    HIGH    TIME       DIR
----------------------------------------------------------------------------------------------------------------------------------------------------------
01    22.9    30.4   16:22    18.1   06:30     00.0     04.6    00.0   00.6     14.8    11:13     WSW
02    20.4    21.7   08:39    18.3   23:37     00.0     02.1    14.6   00.2     25.9    13:46     SSW
03    20.0    27.1   16:35    13.6   06:01     00.0     01.7    00.2   00.6     22.2    00:42     WSW
04    22.5    28.3   16:28    19.2   05:56     00.0     04.2    04.8   00.6     31.5    19:39     SSW
05    20.5    25.9   16:46    16.6   06:54     00.0     02.2    00.2   01.9     24.1    16:13      W 
06    18.9    23.6   14:16    15.8   23:40     00.0     00.6    03.4   01.0     22.2    15:38      W 
07    18.1    23.7   16:36    13.9   00:00     00.2     00.0    00.2   03.9     31.5    13:12     WNW
08    17.4    25.1   16:27    10.5   06:22     00.9     00.0    00.0   00.8     18.5    14:04      W 
09    20.3    23.8   12:04    16.3   05:15     00.0     02.0    00.0   01.2     16.7    09:07     SSE
10    23.0    30.0   16:31    20.4   03:57     00.0     04.7    16.0   00.9     31.5    17:13      W 
11    20.7    24.3   13:09    18.8   05:42     00.0     02.4    22.4   01.0     22.2    15:28     NNE
12    22.0    28.8   16:14    17.3   06:18     00.0     03.7    00.0   00.3     09.3    15:31     WSW
13    22.7    29.8   16:14    16.8   06:26     00.0     04.4    00.0   00.0     00.0    00:00     SSW
14    23.9    31.4   16:20    18.2   06:01     00.0     05.6    00.0   00.0     00.0    00:00      SW
15    24.3    31.0   16:41    18.4   06:28     00.0     06.0    00.0   00.4     16.7    10:38     WNW
16    25.0    31.6   16:33    19.8   06:36     00.0     06.7    00.0   00.0     00.0    00:00      W 
17    25.2    32.9   16:34    20.3   06:42     00.0     06.9    01.4   00.3     16.7    19:19     WSW
18    25.5    29.9   14:52    21.2   05:14     00.0     07.2    00.6   00.6     18.5    15:01      W 
19    22.7    27.0   16:02    17.8   00:00     00.0     04.4    00.0   02.0     22.2    16:47      W 
20    19.8    24.3   11:50    15.3   06:41     00.0     01.5    05.0   02.2     29.6    15:49      E 
21    22.9    27.1   14:16    19.5   05:12     00.0     04.6    21.2   00.3     13.0    03:51     SSE
22    23.7    27.3   15:41    19.8   07:01     00.0     05.4    00.0   00.2     13.0    22:46     SSE
23    22.8    26.8   16:37    20.5   06:38     00.0     04.5    01.0   03.0     24.1    09:23      N 
24    21.3    26.6   16:23    17.7   00:00     00.0     03.0    00.0   01.2     18.5    17:24      NW
25    20.4    26.4   16:06    13.7   06:45     00.0     02.1    00.0   00.7     14.8    14:46      W 
26    20.6    24.4   10:33    13.4   00:00     00.0     02.3    00.0   04.4     31.5    11:56     WNW
27    14.5    20.4   16:12    08.3   06:13     03.8     00.0    00.0   01.8     18.5    15:41     WNW
28    14.8    18.6   13:48    09.5   05:53     03.5     00.0    00.0   02.6     20.4    23:57     ENE
29    14.7    16.8   15:31    12.2   06:42     03.6     00.0    07.2   07.4     37.0    13:03      E 
30    16.4    22.3   13:22    12.9   04:57     01.9     00.0    04.0   01.3     22.2    21:54     WNW
31    14.9    20.8   16:21    10.7   23:53     03.4     00.0    00.2   02.9     22.2    15:47     WNW
----------------------------------------------------------------------------------------------------------------------------------------------------------
20.7 (21.2)   32.9  day 17     08.3  day 27   017.2    093.1   102.4   01.4     37.0   day 29      W 
Max >=  30: 6
Min <=   30: 31
Max Rain: 22.4 ON 11-08-09
Days of Rain: 12 (> .2mm) 9 (> 2mm) 2 (> 20mm)