NOAA style reports

NOAA-style Climate Reports

Select NOAA data to display

Select a Year or Month report
2021 > Jan Feb Mar Apr May Jun Jul Aug Sep Oct Nov Dec
2020 > Jan Feb Mar Apr May Jun Jul Aug Sep Oct Nov Dec
2019 > Jan Feb Mar Apr May Jun Jul Aug Sep Oct Nov Dec
2018 > Jan Feb Mar Apr May Jun Jul Aug Sep Oct Nov Dec
2017 > Jan Feb Mar Apr May Jun Jul Aug Sep Oct Nov Dec
2016 > Jan Feb Mar Apr May Jun Jul Aug Sep Oct Nov Dec
2015 > Jan Feb Mar Apr May Jun Jul Aug Sep Oct Nov Dec
2014 > Jan Feb Mar Apr May Jun Jul Aug Sep Oct Nov Dec
2013 > Jan Feb Mar Apr May Jun Jul Aug Sep Oct Nov Dec
2012 > Jan Feb Mar Apr May Jun Jul Aug Sep Oct Nov Dec
2011 > Jan Feb Mar Apr May Jun Jul Aug Sep Oct Nov Dec
2010 > Jan Feb Mar Apr May Jun Jul Aug Sep Oct Nov Dec
2009 > Jan Feb Mar Apr May Jun Jul Aug Sep Oct Nov Dec
2008 > Jan Feb Mar Apr May Jun Jul Aug Sep Oct Nov Dec

Report for 2009 Sep

Daily noaa report



                            MONTHLY CLIMATOLOGICAL SUMMARY for SEP. 2009

NAME: Home Weather Station Davis VP2   CITY: Beaconsfield STATE: Quebec, Canada
ELEV: 118 LAT: 045:25:46 LONG: 0073:51:35

                            TEMPERATURE ( C), RAIN (mm), WIND SPEED (kmh)

                                                 HEAT     COOL           AVG
      MEAN                                       DEG      DEG            WIND                        DOM
DAY   TEMP    HIGH   TIME      LOW     TIME      DAYS     DAYS   RAIN    SPEED    HIGH    TIME       DIR
----------------------------------------------------------------------------------------------------------------------------------------------------------
01    15.7    23.2   16:16    08.4   06:47     02.6     00.0    00.0   00.6     20.4    16:46     WNW
02    18.5    25.2   16:32    12.0   05:24     00.0     00.2    00.0   00.6     14.8    16:53      W 
03    19.3    25.4   16:30    14.3   04:12     00.0     01.0    00.0   00.7     14.8    17:00      W 
04    20.3    26.9   16:26    14.7   06:53     00.0     02.0    00.0   01.3     14.8    15:44     WNW
17    16.4    21.4   14:12    08.1   08:01     01.9     00.0    00.0   02.5     22.2    08:19     NNE
18    13.8    17.6   13:04    09.6   23:48     04.5     00.0    03.0   05.5     35.2    15:33     WNW
19    10.9    19.3   08:01    05.4   07:00     07.4     00.0    00.0   03.2     25.9    16:01     WNW
20    12.8    20.4   13:37    06.3   07:19     05.5     00.0    00.0   00.6     18.5    11:56      W 
21    15.4    23.1   13:55    07.7   07:00     02.9     00.0    00.0   01.9     20.4    15:36     ESE
22    17.9    21.8   16:49    14.3   01:12     00.4     00.0    10.2   00.0     05.6    16:06      S 
23    20.0    22.7   10:26    16.6   00:00     00.0     01.7    04.4   00.9     22.2    18:22      W 
24    14.6    18.8   13:41    09.8   07:13     03.7     00.0    00.0   02.9     22.2    15:41     WNW
25    11.1    14.7   13:38    07.0   00:00     07.2     00.0    00.0   04.1     29.6    08:59     NNE
26    11.5    17.5   16:33    04.7   05:10     06.8     00.0    00.0   01.7     22.2    16:43     ESE
27    13.7    15.5   17:30    11.6   07:26     04.6     00.0    14.4   02.6     22.2    06:02     ESE
28    14.8    18.0   13:44    12.6   22:26     03.5     00.0    01.2   01.8     24.1    14:03      S 
29    12.6    14.2   10:35    10.9   19:45     05.7     00.0    04.6   01.2     25.9    23:51      SW
30    08.1    11.3   00:01    06.5   07:22     10.2     00.0    00.6   03.3     31.5    11:06      W 
----------------------------------------------------------------------------------------------------------------------------------------------------------
14.9 (14.9)   26.9  day 04     04.7  day 26   066.7    004.8   038.4   02.0     35.2   day 18     WNW
Min <=   30: 18
Max Rain: 14.4 ON 27-09-09
Days of Rain: 7 (> .2mm) 5 (> 2mm) 0 (> 20mm)