NOAA style reports

NOAA-style Climate Reports

Select NOAA data to display

Select a Year or Month report
2022 > Jan Feb Mar Apr May Jun Jul Aug Sep Oct Nov Dec
2021 > Jan Feb Mar Apr May Jun Jul Aug Sep Oct Nov Dec
2020 > Jan Feb Mar Apr May Jun Jul Aug Sep Oct Nov Dec
2019 > Jan Feb Mar Apr May Jun Jul Aug Sep Oct Nov Dec
2018 > Jan Feb Mar Apr May Jun Jul Aug Sep Oct Nov Dec
2017 > Jan Feb Mar Apr May Jun Jul Aug Sep Oct Nov Dec
2016 > Jan Feb Mar Apr May Jun Jul Aug Sep Oct Nov Dec
2015 > Jan Feb Mar Apr May Jun Jul Aug Sep Oct Nov Dec
2014 > Jan Feb Mar Apr May Jun Jul Aug Sep Oct Nov Dec
2013 > Jan Feb Mar Apr May Jun Jul Aug Sep Oct Nov Dec
2012 > Jan Feb Mar Apr May Jun Jul Aug Sep Oct Nov Dec
2011 > Jan Feb Mar Apr May Jun Jul Aug Sep Oct Nov Dec
2010 > Jan Feb Mar Apr May Jun Jul Aug Sep Oct Nov Dec
2009 > Jan Feb Mar Apr May Jun Jul Aug Sep Oct Nov Dec
2008 > Jan Feb Mar Apr May Jun Jul Aug Sep Oct Nov Dec

Report for 2009 Oct

Daily noaa report



                            MONTHLY CLIMATOLOGICAL SUMMARY for OCT. 2009

NAME: Home Weather Station Davis VP2   CITY: Beaconsfield STATE: Quebec, Canada
ELEV: 118 LAT: 045:25:46 LONG: 0073:51:35

                            TEMPERATURE ( C), RAIN (mm), WIND SPEED (kmh)

                                                 HEAT     COOL           AVG
      MEAN                                       DEG      DEG            WIND                        DOM
DAY   TEMP    HIGH   TIME      LOW     TIME      DAYS     DAYS   RAIN    SPEED    HIGH    TIME       DIR
----------------------------------------------------------------------------------------------------------------------------------------------------------
01    06.4    08.1   16:18    04.9   08:04     11.9     00.0    00.2   01.3     22.2    11:27      W 
02    08.2    12.3   16:08    03.0   07:28     10.1     00.0    00.6   02.6     31.5    22:56      SE
03    12.1    15.2   15:42    09.8   00:06     06.2     00.0    17.0   05.5     31.5    00:26      E 
04    12.6    15.1   14:52    11.1   23:51     05.7     00.0    00.6   00.8     11.1    12:51     NNE
05    11.9    14.7   12:29    09.8   00:00     06.4     00.0    02.6   01.2     18.5    16:02      W 
06    10.7    13.8   13:39    07.9   07:26     07.6     00.0    00.2   01.3     25.9    10:46      W 
07    11.6    14.6   14:21    10.1   00:00     06.7     00.0    22.6   05.3     35.2    20:28     SSW
08    10.2    13.3   16:34    07.4   07:36     08.1     00.0    00.0   02.2     25.9    03:51      W 
09    11.1    11.2   23:21    11.1   00:00     07.2     00.0    09.2   01.4     05.6    23:58     NNW
10    08.2    12.1   13:35    03.8   23:27     10.1     00.0    03.0   03.9     29.6    15:38      NW
11    07.3    10.4   15:02    03.5   23:22     11.0     00.0    00.6   04.4     48.1    15:46      W 
12    05.3    10.4   14:13    00.6   07:28     13.0     00.0    00.0   01.1     18.5    09:36      W 
13    04.9    08.0   16:13    03.2   08:00     13.4     00.0    04.4   02.5     20.4    14:56     NNW
14    02.9    04.8   11:09    00.0   07:43     15.4     00.0    00.0   03.5     22.2    12:51     WNW
15    01.9    04.3   16:21   -01.2   23:58     16.4     00.0    00.0   02.3     18.5    16:26     NNE
16    01.8    06.3   16:21   -02.6   04:47     16.5     00.0    00.0   04.5     29.6    15:40      NE
17    03.0    08.4   15:54   -01.7   07:37     15.3     00.0    00.0   03.9     20.4    11:32     NNE
18    03.4    08.9   15:19   -01.0   08:05     14.9     00.0    00.0   04.0     25.9    12:59     NNE
19    04.3    10.7   16:52   -02.3   08:02     14.0     00.0    00.0   00.8     13.0    19:11     SSW
20    10.6    14.7   14:16    07.2   00:01     07.7     00.0    00.0   00.9     16.7    13:07      W 
21    08.4    09.8   15:04    06.6   00:00     09.9     00.0    00.4   02.0     18.5    23:33      E 
22    02.6    06.6   00:01    01.1   20:20     15.7     00.0    13.8   05.2     25.9    05:33     NNE
23    01.6    04.3   14:31   -01.4   05:36     16.7     00.0    01.4   05.8     29.6    23:41     ENE
24    08.5    11.4   17:05    03.6   00:19     09.8     00.0    24.6   07.4     42.6    03:46     ESE
25    09.1    11.4   13:31    03.2   00:00     09.2     00.0    00.0   05.8     37.0    11:17      W 
26    04.4    07.3   10:59   -00.6   07:59     13.9     00.0    00.0   02.1     18.5    21:18     ESE
27    06.3    08.9   16:21    04.3   07:56     12.0     00.0    00.0   04.1     22.2    02:51     NNE
28    05.4    06.9   12:57    03.7   02:46     12.9     00.0    00.8   07.6     29.6    11:21     NNE
29    05.7    08.5   16:37    03.4   08:33     12.6     00.0    00.0   02.9     22.2    00:42      N 
30    08.7    13.4   13:28    02.8   01:59     09.6     00.0    01.8   02.8     18.5    22:19     ESE
31    11.3    14.8   14:40    09.5   23:54     07.0     00.0    05.6   06.2     35.2    17:26      SW
----------------------------------------------------------------------------------------------------------------------------------------------------------
07.7 (7.1)   15.2  day 03    -02.6  day 16   383.2    000.0   109.4   03.1     48.1   day 31     N
Min <=   30: 36
Max Rain: 24.6 ON 24-10-09
Days of Rain: 19 (> .2mm) 10 (> 2mm) 2 (> 20mm)