NOAA style reports

NOAA-style Climate Reports

Select NOAA data to display

Select a Year or Month report
2021 > Jan Feb Mar Apr May Jun Jul Aug Sep Oct Nov Dec
2020 > Jan Feb Mar Apr May Jun Jul Aug Sep Oct Nov Dec
2019 > Jan Feb Mar Apr May Jun Jul Aug Sep Oct Nov Dec
2018 > Jan Feb Mar Apr May Jun Jul Aug Sep Oct Nov Dec
2017 > Jan Feb Mar Apr May Jun Jul Aug Sep Oct Nov Dec
2016 > Jan Feb Mar Apr May Jun Jul Aug Sep Oct Nov Dec
2015 > Jan Feb Mar Apr May Jun Jul Aug Sep Oct Nov Dec
2014 > Jan Feb Mar Apr May Jun Jul Aug Sep Oct Nov Dec
2013 > Jan Feb Mar Apr May Jun Jul Aug Sep Oct Nov Dec
2012 > Jan Feb Mar Apr May Jun Jul Aug Sep Oct Nov Dec
2011 > Jan Feb Mar Apr May Jun Jul Aug Sep Oct Nov Dec
2010 > Jan Feb Mar Apr May Jun Jul Aug Sep Oct Nov Dec
2009 > Jan Feb Mar Apr May Jun Jul Aug Sep Oct Nov Dec
2008 > Jan Feb Mar Apr May Jun Jul Aug Sep Oct Nov Dec

Report for 2009 Nov

Daily noaa report



                            MONTHLY CLIMATOLOGICAL SUMMARY for NOV. 2009

NAME: Home Weather Station Davis VP2   CITY: Beaconsfield STATE: Quebec, Canada
ELEV: 118 LAT: 045:25:46 LONG: 0073:51:35

                            TEMPERATURE ( C), RAIN (mm), WIND SPEED (kmh)

                                                 HEAT     COOL           AVG
      MEAN                                       DEG      DEG            WIND                        DOM
DAY   TEMP    HIGH   TIME      LOW     TIME      DAYS     DAYS   RAIN    SPEED    HIGH    TIME       DIR
----------------------------------------------------------------------------------------------------------------------------------------------------------
01    07.7    11.2   13:24    03.4   00:00     10.6     00.0    00.0   05.6     27.8    10:38      W 
02    05.4    09.8   15:00    01.2   07:03     12.9     00.0    00.0   03.9     18.5    13:49     ENE
03    06.5    10.3   13:26    02.1   23:55     11.8     00.0    00.0   06.2     35.2    16:24      W 
04    02.0    05.5   11:05   -00.8   06:49     16.3     00.0    00.0   03.7     22.2    15:02      W 
05    02.9    05.2   13:37   -00.3   00:01     15.4     00.0    00.0   05.4     22.2    15:41      E 
06    02.2    05.2   13:22   -00.4   23:01     16.1     00.0    00.0   06.3     31.5    13:47     WNW
07    02.6    07.6   23:13   -03.5   05:33     15.7     00.0    00.0   04.7     24.1    13:56     SSE
08    09.7    15.5   13:57    04.8   06:41     08.6     00.0    00.0   04.3     25.9    12:32     WSW
09    11.6    19.5   14:47    02.7   05:29     06.7     00.0    00.2   04.4     33.3    19:02      SW
10    08.8    13.3   13:24    04.1   00:00     09.5     00.0    00.0   05.1     27.8    14:33     WNW
11    03.3    08.1   14:14   -00.8   00:00     15.0     00.0    00.0   02.0     13.0    10:47      S 
12    01.5    07.8   14:15   -03.2   06:36     16.8     00.0    00.2   01.5     13.0    12:31     ESE
13    03.2    10.2   14:34   -01.8   07:19     15.1     00.0    00.4   03.6     18.5    13:34     NNE
14    04.7    08.1   22:44    00.3   03:37     13.6     00.0    11.4   05.4     22.2    10:02     NNE
15    09.4    12.3   15:53    07.6   05:56     08.9     00.0    00.0   01.8     24.1    23:57      W 
16    05.3    08.6   00:01    00.6   00:00     13.0     00.0    00.0   07.1     27.8    15:32      W 
17    01.1    05.1   13:46   -02.1   05:13     17.2     00.0    00.0   02.3     20.4    09:22      N 
18   -00.2    04.9   15:17   -03.7   04:34     18.5     00.0    00.0   00.7     07.4    11:33     SSE
19    02.9    08.6   14:20   -02.5   04:08     15.4     00.0    00.0   03.4     13.0    23:34     NNE
20    06.5    09.4   11:22    03.7   03:06     11.8     00.0    09.6   08.9     35.2    16:36     WSW
21    07.7    11.0   13:43    03.3   23:30     10.6     00.0    00.0   06.9     35.2    10:40     WSW
22    03.0    05.8   12:49    00.1   23:05     15.3     00.0    00.0   02.9     18.5    08:12     NNE
23    02.1    08.1   13:07   -01.3   05:51     16.2     00.0    00.0   04.9     20.4    11:51      NE
24    04.0    08.7   13:27   -00.1   03:49     14.3     00.0    00.0   04.8     18.5    18:02      N 
25    05.3    08.1   13:56    03.2   07:44     13.0     00.0    03.2   04.9     22.2    10:03     NNE
26    07.3    09.3   14:51    05.0   07:08     11.0     00.0    00.0   01.9     11.1    15:08      E 
27    06.1    06.7   13:11    05.4   08:17     12.2     00.0    09.6   05.4     37.0    23:16     NNW
28    04.5    05.9   13:53    02.6   21:20     13.8     00.0    03.4   14.1     53.7    11:32      W 
29    03.7    05.3   14:30    01.1   07:50     14.6     00.0    01.8   04.2     24.1    23:37      W 
30    00.5    02.0   00:01   -01.6   23:54     17.8     00.0    04.4   05.7     31.5    13:54      NW
----------------------------------------------------------------------------------------------------------------------------------------------------------
04.7 (4.8)   19.5  day 09    -03.7  day 18   407.7    000.0   044.2   04.7     53.7   day 28     WNW
Min <=   30: 30
Max Rain: 11.4 ON 14-11-09
Days of Rain: 8 (> .2mm) 6 (> 2mm) 0 (> 20mm)