NOAA style reports

NOAA-style Climate Reports

Select NOAA data to display

Select a Year or Month report
2021 > Jan Feb Mar Apr May Jun Jul Aug Sep Oct Nov Dec
2020 > Jan Feb Mar Apr May Jun Jul Aug Sep Oct Nov Dec
2019 > Jan Feb Mar Apr May Jun Jul Aug Sep Oct Nov Dec
2018 > Jan Feb Mar Apr May Jun Jul Aug Sep Oct Nov Dec
2017 > Jan Feb Mar Apr May Jun Jul Aug Sep Oct Nov Dec
2016 > Jan Feb Mar Apr May Jun Jul Aug Sep Oct Nov Dec
2015 > Jan Feb Mar Apr May Jun Jul Aug Sep Oct Nov Dec
2014 > Jan Feb Mar Apr May Jun Jul Aug Sep Oct Nov Dec
2013 > Jan Feb Mar Apr May Jun Jul Aug Sep Oct Nov Dec
2012 > Jan Feb Mar Apr May Jun Jul Aug Sep Oct Nov Dec
2011 > Jan Feb Mar Apr May Jun Jul Aug Sep Oct Nov Dec
2010 > Jan Feb Mar Apr May Jun Jul Aug Sep Oct Nov Dec
2009 > Jan Feb Mar Apr May Jun Jul Aug Sep Oct Nov Dec
2008 > Jan Feb Mar Apr May Jun Jul Aug Sep Oct Nov Dec

Report for 2009 Dec

Daily noaa report



                            MONTHLY CLIMATOLOGICAL SUMMARY for DEC. 2009

NAME: Home Weather Station Davis VP2   CITY: Beaconsfield STATE: Quebec, Canada
ELEV: 118 LAT: 045:25:46 LONG: 0073:51:35

                            TEMPERATURE ( C), RAIN (mm), WIND SPEED (kmh)

                                                 HEAT     COOL           AVG
      MEAN                                       DEG      DEG            WIND                        DOM
DAY   TEMP    HIGH   TIME      LOW     TIME      DAYS     DAYS   RAIN    SPEED    HIGH    TIME       DIR
----------------------------------------------------------------------------------------------------------------------------------------------------------
01    00.8    02.7   10:24   -02.8   01:32     17.5     00.0    00.0   03.1     18.5    11:02      SW
02    02.7    07.6   13:47   -01.3   03:07     15.6     00.0    01.0   02.4     14.8    13:52     ESE
03    05.6    06.7   04:17    03.8   00:07     12.7     00.0    28.4   08.5     38.9    21:46     NNW
04    03.4    05.6   11:26    01.3   22:15     14.9     00.0    00.2   06.9     31.5    14:00      SW
05    00.4    02.4   13:28   -01.7   00:00     17.9     00.0    00.0   01.5     13.0    00:43     WNW
06   -01.1    01.6   14:09   -04.0   03:46     19.4     00.0    00.2   05.4     35.2    15:02     WSW
07   -01.4   -00.2   12:15   -02.5   23:40     19.7     00.0    00.6   01.7     09.3    22:51     NNW
08   -03.3   -01.6   14:25   -06.3   21:21     21.6     00.0    00.0   04.2     27.8    13:47     WNW
09   -03.6   -01.5   21:56   -05.6   08:07     21.9     00.0    19.4   11.0     50.0    11:34      NE
10   -02.0    00.9   10:38   -05.1   00:00     20.3     00.0    01.4   10.3     40.7    15:41     WSW
11   -06.8   -05.1   00:01   -09.1   00:00     25.1     00.0    00.0   13.1     53.7    12:18     WSW
12   -06.5   -03.3   23:04   -10.4   04:24     24.8     00.0    00.0   06.7     35.2    12:37     WSW
13   -02.8   -00.8   12:03   -05.5   05:44     21.1     00.0    05.4   03.5     20.4    11:36      SE
14   -00.9    00.8   15:10   -04.1   06:42     19.2     00.0    00.0   02.1     16.7    23:33      N 
15   -02.3   -00.5   15:46   -06.1   00:00     20.6     00.0    01.0   07.5     33.3    22:07      NW
16   -10.5   -06.1   00:01   -15.8   00:00     28.8     00.0    00.0   08.5     37.0    20:39     WNW
17   -16.8   -14.7   14:16   -18.9   07:32     35.1     00.0    00.0   07.9     33.3    12:39      W 
18   -15.1   -10.8   14:04   -18.8   06:49     33.4     00.0    00.0   05.0     22.2    10:50      W 
19   -13.5   -07.5   15:09   -19.6   07:10     31.8     00.0    00.0   01.1     07.4    14:16      W 
20   -10.4   -07.7   14:31   -12.7   00:30     28.7     00.0    00.0   04.5     24.1    19:45     WNW
21   -09.1   -06.1   14:16   -11.4   00:00     27.4     00.0    00.0   10.0     40.7    16:33      W 
22   -13.0   -11.4   00:04   -15.4   09:14     31.3     00.0    00.0   08.1     29.6    23:37     WSW
23   -08.8   -04.5   00:00   -11.6   06:07     27.1     00.0    00.4   07.2     25.9    03:43     WSW
24   -02.3   -00.1   13:18   -04.5   00:01     20.6     00.0    00.0   02.0     14.8    11:36      SW
25   -01.7   -00.9   05:35   -02.6   23:57     20.0     00.0    00.0   05.6     31.5    19:47     ENE
26   -01.4    00.4   23:13   -03.7   07:01     19.7     00.0    15.6   07.1     31.5    04:38      NE
27    00.6    01.8   12:03   -00.8   19:46     17.7     00.0    10.4   02.9     22.2    13:41     WNW
28   -00.6    00.4   12:57   -02.4   00:00     18.9     00.0    00.0   04.0     24.1    18:46      W 
29   -13.3   -02.4   00:12   -17.2   00:00     31.6     00.0    01.2   12.2     44.4    12:59      W 
30   -12.1   -05.4   00:00   -18.1   04:40     30.4     00.0    00.2   04.5     25.9    00:24     WSW
31   -06.0   -03.8   23:25   -08.7   08:18     24.3     00.0    00.0   05.2     18.5    10:12     NNE
----------------------------------------------------------------------------------------------------------------------------------------------------------
-4.9 (-4.9)   07.6  day 02    -19.6  day 19   719.3    000.0   085.4   05.9     53.7   day 11      W 
Max <=   0: 20
Min <=   30: 31
Min <= -18: 4
Max <=  -5: 9
Min <=  -5: 18
Max <= -10: 3
Min <= -10: 11
Min <= -15: 7
Max Rain: 28.4 ON 3-12-10
Days of Rain: 11 (> .2mm) 5 (> 2mm) 1 (> 20mm)