NOAA style reports

NOAA-style Climate Reports

Select NOAA data to display

Select a Year or Month report
2021 > Jan Feb Mar Apr May Jun Jul Aug Sep Oct Nov Dec
2020 > Jan Feb Mar Apr May Jun Jul Aug Sep Oct Nov Dec
2019 > Jan Feb Mar Apr May Jun Jul Aug Sep Oct Nov Dec
2018 > Jan Feb Mar Apr May Jun Jul Aug Sep Oct Nov Dec
2017 > Jan Feb Mar Apr May Jun Jul Aug Sep Oct Nov Dec
2016 > Jan Feb Mar Apr May Jun Jul Aug Sep Oct Nov Dec
2015 > Jan Feb Mar Apr May Jun Jul Aug Sep Oct Nov Dec
2014 > Jan Feb Mar Apr May Jun Jul Aug Sep Oct Nov Dec
2013 > Jan Feb Mar Apr May Jun Jul Aug Sep Oct Nov Dec
2012 > Jan Feb Mar Apr May Jun Jul Aug Sep Oct Nov Dec
2011 > Jan Feb Mar Apr May Jun Jul Aug Sep Oct Nov Dec
2010 > Jan Feb Mar Apr May Jun Jul Aug Sep Oct Nov Dec
2009 > Jan Feb Mar Apr May Jun Jul Aug Sep Oct Nov Dec
2008 > Jan Feb Mar Apr May Jun Jul Aug Sep Oct Nov Dec

Report for 2010 Feb

Daily noaa report



                            MONTHLY CLIMATOLOGICAL SUMMARY for FEB. 2010

NAME: Home Weather Station Davis VP2   CITY: Beaconsfield STATE: Quebec, Canada
ELEV: 118 LAT: 045:25:46 LONG: 0073:51:35

                            TEMPERATURE ( C), RAIN (mm), WIND SPEED (kmh)

                                                 HEAT     COOL           AVG
      MEAN                                       DEG      DEG            WIND                        DOM
DAY   TEMP    HIGH   TIME      LOW     TIME      DAYS     DAYS   RAIN    SPEED    HIGH    TIME       DIR
----------------------------------------------------------------------------------------------------------------------------------------------------------
01   -09.4   -05.0   00:57   -14.1   08:07     27.7     00.0    00.0   10.4     38.9    13:56      W 
02   -11.7   -08.4   16:13   -14.2   08:02     30.0     00.0    00.0   03.5     18.5    11:16     ENE
03   -09.3   -05.6   15:29   -13.5   03:19     27.6     00.0    00.4   03.2     25.9    23:31     NNW
04   -09.2   -06.0   13:57   -13.7   07:59     27.5     00.0    00.0   07.4     29.6    13:32      W 
05   -08.4   -04.0   14:51   -13.7   00:00     26.7     00.0    00.0   05.5     31.5    19:26     WNW
06   -12.0   -07.5   15:37   -16.1   07:38     30.3     00.0    00.0   03.1     22.2    10:08      NW
07   -07.8   -02.4   15:02   -12.7   05:04     26.1     00.0    00.0   08.9     35.2    16:49      W 
08   -07.5   -05.5   14:01   -09.6   07:32     25.8     00.0    00.0   10.6     35.2    10:49      W 
09   -06.1   -02.4   15:02   -08.9   07:56     24.4     00.0    00.0   04.2     18.5    02:22     WSW
10   -03.6    01.1   14:31   -06.8   02:18     21.9     00.0    00.0   05.2     31.5    10:12     NNE
11   -06.3   -02.6   13:58   -09.8   07:39     24.6     00.0    00.0   05.4     25.9    18:58     WSW
12   -09.6   -06.5   15:10   -13.7   07:27     27.9     00.0    00.0   07.2     29.6    14:11     WSW
13   -07.1   -04.5   14:07   -09.7   07:35     25.4     00.0    00.0   08.1     29.6    19:44     WSW
14   -04.0   -02.1   15:12   -05.5   00:07     22.3     00.0    00.0   10.7     40.7    17:19      W 
15   -03.7   -00.6   13:57   -06.1   06:30     22.0     00.0    00.0   07.2     33.3    09:21     WSW
16   -02.1    00.9   13:07   -06.4   01:31     20.4     00.0    00.0   02.8     20.4    23:15     WNW
17   -01.4    00.3   15:37   -03.2   07:58     19.7     00.0    00.0   04.9     18.5    09:13     WSW
18   -00.0    01.3   14:46   -03.1   00:00     18.3     00.0    01.3   10.8     40.7    11:39      W 
19   -02.3    00.2   16:02   -05.2   07:35     20.6     00.0    02.8   11.2     42.6    11:17      W 
20   -00.7    01.1   15:10   -02.8   00:00     19.0     00.0    01.0   08.3     31.5    13:33      W 
21   -03.2    00.3   15:27   -06.1   05:48     21.5     00.0    00.2   08.7     33.3    12:28      W 
22   -03.2    01.0   15:01   -07.2   07:17     21.5     00.0    00.0   04.8     20.4    15:01     ESE
23    00.7    02.7   14:58   -01.9   01:05     17.6     00.0    01.8   10.0     31.5    10:21     ESE
24    00.7    01.3   13:43    00.3   06:20     17.6     00.0    14.8   06.7     25.9    23:36     ENE
25    01.1    02.0   12:30    00.4   18:16     17.2     00.0    05.8   14.9     59.2    15:22     NNE
26    01.9    04.2   14:35    00.6   22:46     16.4     00.0    00.0   21.0     68.5    07:16     NNE
27    01.9    05.3   11:48    00.4   00:00     16.4     00.0    02.6   09.7     37.0    09:16     NNE
28    01.5    03.3   15:38    00.0   03:16     16.8     00.0    00.0   05.9     20.4    14:41      N 
----------------------------------------------------------------------------------------------------------------------------------------------------------
-4.3 (-4.3)   05.3  day 27    -16.1  day 06   633.2    000.0   030.6   07.9     68.5   day 26     WNW
Max <=   0: 14
Min <=   30: 28
Max <=  -5: 7
Min <=  -5: 19
Min <= -10: 8
Min <= -15: 1
Max Rain: 14.8 ON 24-02-10
Days of Rain: 9 (> .2mm) 4 (> 2mm) 0 (> 20mm)