NOAA style reports

NOAA-style Climate Reports

Select NOAA data to display

Select a Year or Month report
2021 > Jan Feb Mar Apr May Jun Jul Aug Sep Oct Nov Dec
2020 > Jan Feb Mar Apr May Jun Jul Aug Sep Oct Nov Dec
2019 > Jan Feb Mar Apr May Jun Jul Aug Sep Oct Nov Dec
2018 > Jan Feb Mar Apr May Jun Jul Aug Sep Oct Nov Dec
2017 > Jan Feb Mar Apr May Jun Jul Aug Sep Oct Nov Dec
2016 > Jan Feb Mar Apr May Jun Jul Aug Sep Oct Nov Dec
2015 > Jan Feb Mar Apr May Jun Jul Aug Sep Oct Nov Dec
2014 > Jan Feb Mar Apr May Jun Jul Aug Sep Oct Nov Dec
2013 > Jan Feb Mar Apr May Jun Jul Aug Sep Oct Nov Dec
2012 > Jan Feb Mar Apr May Jun Jul Aug Sep Oct Nov Dec
2011 > Jan Feb Mar Apr May Jun Jul Aug Sep Oct Nov Dec
2010 > Jan Feb Mar Apr May Jun Jul Aug Sep Oct Nov Dec
2009 > Jan Feb Mar Apr May Jun Jul Aug Sep Oct Nov Dec
2008 > Jan Feb Mar Apr May Jun Jul Aug Sep Oct Nov Dec

Report for 2010 Mar

Daily noaa report



                            MONTHLY CLIMATOLOGICAL SUMMARY for MAR. 2010

NAME: Home Weather Station Davis VP2   CITY: Beaconsfield STATE: Quebec, Canada
ELEV: 118 LAT: 045:25:46 LONG: 0073:51:35

                            TEMPERATURE ( C), RAIN (mm), WIND SPEED (kmh)

                                                 HEAT     COOL           AVG
      MEAN                                       DEG      DEG            WIND                        DOM
DAY   TEMP    HIGH   TIME      LOW     TIME      DAYS     DAYS   RAIN    SPEED    HIGH    TIME       DIR
----------------------------------------------------------------------------------------------------------------------------------------------------------
01    03.5    07.4   14:45    01.2   02:04     14.8     00.0    00.0   04.9     25.9    11:11     NNW
02    01.6    05.4   13:29   -02.2   23:55     16.7     00.0    00.0   03.3     18.5    05:07     NNE
03    00.1    03.6   14:32   -03.0   07:26     18.2     00.0    00.0   09.6     35.1    09:26      N 
04    01.1    05.6   15:56   -03.2   06:41     17.2     00.0    00.0   08.5     40.7    10:04      N 
05   -00.5    04.1   15:45   -04.2   06:53     18.8     00.0    00.0   04.9     25.9    08:24      N 
06    01.3    07.3   15:09   -05.7   05:24     17.0     00.0    00.0   05.2     31.4    15:46     WSW
07    03.5    08.5   16:11   -00.9   05:39     14.8     00.0    00.0   08.3     31.4    10:27     WSW
08    05.1    10.3   15:55    01.3   06:50     13.2     00.0    00.0   08.9     40.7    13:49      W 
09    01.2    04.9   17:20   -01.8   06:14     17.1     00.0    00.0   03.9     18.5    08:56     WNW
10    00.5    05.5   14:48   -04.5   03:56     17.8     00.0    00.0   02.4     11.1    14:51     ESE
11    03.8    09.1   13:45   -01.2   06:47     14.5     00.0    00.0   07.5     31.4    11:48     NNE
12    04.0    09.1   16:21   -01.1   06:24     14.3     00.0    00.0   08.8     29.6    10:33     NNE
13    05.8    11.8   13:47   -00.1   05:20     12.5     00.0    00.0   09.5     40.7    21:34      NE
14    02.8    06.1   00:03    01.4   11:58     15.5     00.0    15.8   15.5     50.0    10:52     NNE
15    06.3    11.8   16:02    02.2   05:18     12.0     00.0    00.0   13.5     42.5    15:27     NNE
16    06.6    14.3   16:09    00.1   07:24     11.7     00.0    00.0   03.4     20.4    02:17     WNW
17    07.9    15.3   17:21   -00.3   07:23     10.4     00.0    00.0   05.6     31.4    17:54     WSW
18    09.4    15.0   15:32    05.6   07:27     08.9     00.0    00.0   05.7     22.2    18:01     WSW
19    09.7    16.4   16:36    02.7   07:29     08.6     00.0    00.0   04.5     35.1    15:22     WSW
20    07.0    10.8   00:27    02.3   00:00     11.3     00.0    00.0   06.2     33.3    17:56     WNW
21    01.3    03.0   11:50    00.3   07:56     17.0     00.0    01.8   03.0     18.5    09:21      NE
22    03.6    07.2   15:03    00.4   07:40     14.7     00.0    00.0   04.0     24.1    23:54      NE
23    01.2    04.9   00:01    00.1   19:28     17.1     00.0    12.8   15.8     55.5    10:18     NNE
24    04.4    11.4   17:26   -00.2   03:09     13.9     00.0    00.0   09.0     38.9    15:18      W 
25    05.9    13.9   14:06   -00.9   00:00     12.4     00.0    00.0   08.8     40.7    16:13     WSW
26   -04.8   -01.0   00:01   -09.5   07:09     23.1     00.0    00.0   09.5     31.4    01:07     NNW
27   -03.1    00.8   17:19   -08.5   07:00     21.4     00.0    00.0   05.3     18.5    23:21      E 
28    02.9    09.5   15:14   -02.8   04:20     15.4     00.0    02.4   05.0     25.9    13:12      SE
29    04.3    05.6   15:29    02.6   00:00     14.0     00.0    10.8   05.2     29.6    02:07     NNE
30    03.5    06.8   14:25    00.1   06:45     14.8     00.0    00.0   12.0     44.4    21:54     NNE
31    07.8    12.8   14:16    03.6   00:36     10.5     00.0    00.0   10.6     38.9    01:02     NNE
----------------------------------------------------------------------------------------------------------------------------------------------------------
03.5 (3.7)   16.4  day 19    -09.5  day 26   459.4    000.0   043.4   07.4     55.5   day 24      N 
Max <=   0: 1
Min <=   30: 31
Min <=  -5: 3
Max Rain: 15.8 ON 14-03-10
Days of Rain: 5 (> .2mm) 4 (> 2mm) 0 (> 20mm)