NOAA style reports

NOAA-style Climate Reports

Select NOAA data to display

Select a Year or Month report
2021 > Jan Feb Mar Apr May Jun Jul Aug Sep Oct Nov Dec
2020 > Jan Feb Mar Apr May Jun Jul Aug Sep Oct Nov Dec
2019 > Jan Feb Mar Apr May Jun Jul Aug Sep Oct Nov Dec
2018 > Jan Feb Mar Apr May Jun Jul Aug Sep Oct Nov Dec
2017 > Jan Feb Mar Apr May Jun Jul Aug Sep Oct Nov Dec
2016 > Jan Feb Mar Apr May Jun Jul Aug Sep Oct Nov Dec
2015 > Jan Feb Mar Apr May Jun Jul Aug Sep Oct Nov Dec
2014 > Jan Feb Mar Apr May Jun Jul Aug Sep Oct Nov Dec
2013 > Jan Feb Mar Apr May Jun Jul Aug Sep Oct Nov Dec
2012 > Jan Feb Mar Apr May Jun Jul Aug Sep Oct Nov Dec
2011 > Jan Feb Mar Apr May Jun Jul Aug Sep Oct Nov Dec
2010 > Jan Feb Mar Apr May Jun Jul Aug Sep Oct Nov Dec
2009 > Jan Feb Mar Apr May Jun Jul Aug Sep Oct Nov Dec
2008 > Jan Feb Mar Apr May Jun Jul Aug Sep Oct Nov Dec

Report for 2010 Apr

Daily noaa report



                            MONTHLY CLIMATOLOGICAL SUMMARY for APR. 2010

NAME: Home Weather Station Davis VP2   CITY: Beaconsfield STATE: Quebec, Canada
ELEV: 118 LAT: 045:25:46 LONG: 0073:51:35

                            TEMPERATURE ( C), RAIN (mm), WIND SPEED (kmh)

                                                 HEAT     COOL           AVG
      MEAN                                       DEG      DEG            WIND                        DOM
DAY   TEMP    HIGH   TIME      LOW     TIME      DAYS     DAYS   RAIN    SPEED    HIGH    TIME       DIR
----------------------------------------------------------------------------------------------------------------------------------------------------------
01    07.2    13.8   17:28    02.2   07:17     11.1     00.0    00.0   04.4     20.4    17:09      NE
02    14.4    25.4   17:17    04.9   07:04     03.9     00.0    00.0   04.2     18.5    03:22      NE
03    17.8    26.2   13:35    08.8   06:47     00.5     00.0    00.0   03.8     22.2    21:18     ESE
04    15.5    20.4   01:01    10.9   21:29     02.8     00.0    00.0   08.3     35.1    04:45     WSW
05    12.8    19.6   18:01    06.1   05:01     05.5     00.0    00.0   04.4     37.0    22:22      SW
06    12.3    14.7   15:24    08.7   07:23     06.0     00.0    00.0   02.7     18.5    00:08     SSE
07    11.5    13.0   14:40    09.9   09:08     06.8     00.0    10.2   03.0     38.9    08:34      N 
08    06.9    11.0   00:01    03.0   07:38     11.4     00.0    00.0   12.6     40.7    21:36     NNE
09    06.6    08.7   15:28    03.9   00:00     11.7     00.0    04.0   08.2     31.4    10:56     WSW
10    06.6    11.9   16:42    02.3   05:00     11.7     00.0    00.2   13.3     48.1    12:22      W 
11    08.3    13.2   16:22    05.1   00:48     10.0     00.0    00.2   08.8     50.0    16:45      W 
12    08.3    14.1   17:34    02.6   06:35     10.0     00.0    00.0   05.9     24.1    18:31     WNW
13    08.1    13.6   14:15    01.7   05:44     10.2     00.0    00.0   04.2     22.2    01:20      N 
14    10.5    18.7   16:27    03.1   07:11     07.8     00.0    00.0   05.9     40.7    17:04      W 
15    08.8    11.8   15:13    03.8   06:36     09.5     00.0    01.6   05.4     22.2    03:23     ENE
16    05.6    07.7   12:15    04.1   03:06     12.7     00.0    18.0   11.5     40.7    10:51     ESE
17    05.8    09.6   14:43    02.3   23:57     12.5     00.0    02.8   05.9     24.1    21:09     NNW
18    05.6    09.6   14:48    02.3   01:05     12.7     00.0    02.4   06.3     35.1    13:31      NW
19    10.3    17.6   16:53    02.9   06:01     08.0     00.0    00.0   05.1     22.2    17:46      NW
20    14.5    20.8   15:37    06.8   06:57     03.8     00.0    00.0   04.8     29.6    16:28     WNW
21    12.8    18.8   16:59    07.5   06:12     05.5     00.0    00.0   03.4     31.4    23:56      NE
22    09.3    13.2   12:57    05.8   04:56     09.0     00.0    00.0   05.6     27.8    00:23      NW
23    09.8    16.8   16:47    02.1   05:52     08.5     00.0    00.0   04.7     24.1    11:36      W 
24    12.5    20.4   15:07    03.4   06:43     05.8     00.0    00.0   03.9     29.6    22:51      SW
25    11.7    16.8   14:36    06.2   06:42     06.6     00.0    00.0   04.8     25.9    12:16     ENE
26    12.1    18.0   15:16    04.0   06:35     06.2     00.0    00.0   06.6     46.3    20:51     NNE
27    02.1    08.2   00:02    00.5   21:04     16.2     00.0    07.6   07.0     42.5    03:26      N 
28    07.3    13.9   17:14    00.6   00:01     11.0     00.0    20.2   07.5     29.6    19:21      NW
29    09.6    14.7   16:45    06.1   07:19     08.7     00.0    00.0   09.9     48.1    14:14     WNW
30    13.4    20.3   16:29    05.8   06:33     04.9     00.0    00.0   06.2     35.1    14:26      W 
----------------------------------------------------------------------------------------------------------------------------------------------------------
09.9 (10.0)   26.2  day 03     00.5  day 27   250.9    000.0   067.4   06.3     50.0   day 11      NW
Min <=   30: 30
Max Rain: 20.2 ON 28-04-10
Days of Rain: 10 (> .2mm) 7 (> 2mm) 1 (> 20mm)