NOAA style reports

NOAA-style Climate Reports

Select NOAA data to display

Select a Year or Month report
2021 > Jan Feb Mar Apr May Jun Jul Aug Sep Oct Nov Dec
2020 > Jan Feb Mar Apr May Jun Jul Aug Sep Oct Nov Dec
2019 > Jan Feb Mar Apr May Jun Jul Aug Sep Oct Nov Dec
2018 > Jan Feb Mar Apr May Jun Jul Aug Sep Oct Nov Dec
2017 > Jan Feb Mar Apr May Jun Jul Aug Sep Oct Nov Dec
2016 > Jan Feb Mar Apr May Jun Jul Aug Sep Oct Nov Dec
2015 > Jan Feb Mar Apr May Jun Jul Aug Sep Oct Nov Dec
2014 > Jan Feb Mar Apr May Jun Jul Aug Sep Oct Nov Dec
2013 > Jan Feb Mar Apr May Jun Jul Aug Sep Oct Nov Dec
2012 > Jan Feb Mar Apr May Jun Jul Aug Sep Oct Nov Dec
2011 > Jan Feb Mar Apr May Jun Jul Aug Sep Oct Nov Dec
2010 > Jan Feb Mar Apr May Jun Jul Aug Sep Oct Nov Dec
2009 > Jan Feb Mar Apr May Jun Jul Aug Sep Oct Nov Dec
2008 > Jan Feb Mar Apr May Jun Jul Aug Sep Oct Nov Dec

Report for 2010 May

Daily noaa report



                            MONTHLY CLIMATOLOGICAL SUMMARY for MAY. 2010

NAME: Home Weather Station Davis VP2   CITY: Beaconsfield STATE: Quebec, Canada
ELEV: 118 LAT: 045:25:46 LONG: 0073:51:35

                            TEMPERATURE ( C), RAIN (mm), WIND SPEED (kmh)

                                                 HEAT     COOL           AVG
      MEAN                                       DEG      DEG            WIND                        DOM
DAY   TEMP    HIGH   TIME      LOW     TIME      DAYS     DAYS   RAIN    SPEED    HIGH    TIME       DIR
----------------------------------------------------------------------------------------------------------------------------------------------------------
01    13.8    19.4   16:23    09.2   06:19     04.5     00.0    01.2   02.8     22.2    12:23     ENE
02    18.0    26.3   17:04    10.4   03:49     00.3     00.0    00.0   00.7     09.3    13:46      NW
03    20.2    23.4   16:13    16.8   00:00     00.0     01.9    01.8   05.0     42.5    14:32     WSW
04    15.3    21.0   14:07    10.7   00:00     03.0     00.0    01.0   03.4     29.6    07:43     WSW
05    14.3    20.2   18:59    07.1   06:29     04.0     00.0    00.2   02.0     24.1    22:21      S 
06    14.4    17.7   15:02    10.0   00:00     03.9     00.0    07.8   07.6     68.5    15:24      W 
07    10.0    13.8   14:45    06.3   06:42     08.3     00.0    00.0   06.3     33.3    02:01      W 
08    07.5    12.6   16:09    04.3   10:47     10.8     00.0    09.6   07.3     35.1    09:37     NNE
09    03.4    06.0   14:44    01.6   09:21     14.9     00.0    01.8   11.9     50.0    11:06      W 
10    05.6    12.3   16:33    00.5   06:00     12.7     00.0    01.0   07.6     31.4    17:36     WNW
11    09.2    17.1   16:18    00.6   06:18     09.1     00.0    00.2   02.3     25.9    15:33      W 
12    10.7    15.3   16:19    05.9   05:52     07.6     00.0    00.0   05.2     27.8    10:14     NNE
13    11.0    18.2   16:18    03.1   04:22     07.3     00.0    00.0   01.6     12.9    16:41      SW
14    12.2    14.7   19:05    10.8   11:13     06.1     00.0    00.4   01.5     25.9    07:21     SSE
15    13.0    19.0   14:39    10.1   03:19     05.3     00.0    04.0   03.7     37.0    11:26      W 
16    15.5    24.4   16:04    07.4   05:48     02.8     00.0    00.2   03.3     27.8    17:09      NW
17    16.0    23.4   15:50    06.9   05:54     02.3     00.0    00.0   00.6     09.3    16:26     SSW
18    18.1    25.8   15:21    09.6   05:33     00.2     00.0    00.0   00.8     12.9    17:11      SE
19    16.7    20.9   16:09    12.6   00:00     01.6     00.0    00.0   02.2     33.3    14:16     ESE
20    18.7    27.4   15:21    11.3   02:43     00.0     00.4    00.0   03.7     35.1    18:26     WNW
21    16.6    21.5   16:12    10.6   06:03     01.7     00.0    00.0   02.8     20.4    01:22     ENE
22    17.7    27.3   15:39    10.5   03:54     00.6     00.0    01.0   01.9     18.5    15:24      E 
23    21.5    28.7   16:35    13.7   05:56     00.0     03.2    00.0   00.3     09.3    13:16     SSE
24    23.6    30.4   16:58    17.2   04:13     00.0     05.3    00.0   00.8     16.6    08:56      SW
25    25.4    33.2   16:33    18.2   05:35     00.0     07.1    00.0   01.1     22.2    23:54      W 
26    27.6    35.6   15:42    20.5   05:52     00.0     09.3    00.0   03.1     29.6    21:52     WNW
27    21.2    26.8   15:11    15.7   06:37     00.0     02.9    00.0   05.1     25.9    10:07      NE
28    20.2    26.7   15:02    13.6   06:05     00.0     01.9    00.0   01.7     18.5    11:49     ENE
29    21.3    26.8   14:45    16.2   05:17     00.0     03.0    00.0   02.3     27.8    17:18      W 
30    18.1    22.4   14:22    14.5   07:29     00.2     00.0    00.6   04.8     38.9    15:49      W 
31    18.8    18.8   23:54    18.8   23:54     00.0     00.5    00.0   00.0     00.0    23:54      E 
----------------------------------------------------------------------------------------------------------------------------------------------------------
17.9 (16.2)   35.6  day 26     00.5  day 10   107.3    072.1   030.8   01.3     68.5   day 06     WNW
Max >=  30: 3
Min <=   30: 85
Max Rain: 9.6 ON 8-05-10
Days of Rain: 14 (> .2mm) 3 (> 2mm) 0 (> 20mm)