NOAA style reports

NOAA-style Climate Reports

Select NOAA data to display

Select a Year or Month report
2021 > Jan Feb Mar Apr May Jun Jul Aug Sep Oct Nov Dec
2020 > Jan Feb Mar Apr May Jun Jul Aug Sep Oct Nov Dec
2019 > Jan Feb Mar Apr May Jun Jul Aug Sep Oct Nov Dec
2018 > Jan Feb Mar Apr May Jun Jul Aug Sep Oct Nov Dec
2017 > Jan Feb Mar Apr May Jun Jul Aug Sep Oct Nov Dec
2016 > Jan Feb Mar Apr May Jun Jul Aug Sep Oct Nov Dec
2015 > Jan Feb Mar Apr May Jun Jul Aug Sep Oct Nov Dec
2014 > Jan Feb Mar Apr May Jun Jul Aug Sep Oct Nov Dec
2013 > Jan Feb Mar Apr May Jun Jul Aug Sep Oct Nov Dec
2012 > Jan Feb Mar Apr May Jun Jul Aug Sep Oct Nov Dec
2011 > Jan Feb Mar Apr May Jun Jul Aug Sep Oct Nov Dec
2010 > Jan Feb Mar Apr May Jun Jul Aug Sep Oct Nov Dec
2009 > Jan Feb Mar Apr May Jun Jul Aug Sep Oct Nov Dec
2008 > Jan Feb Mar Apr May Jun Jul Aug Sep Oct Nov Dec

Report for 2010 Jul

Daily noaa report



                            MONTHLY CLIMATOLOGICAL SUMMARY for JUL. 2010

NAME: Home Weather Station Davis VP2   CITY: Beaconsfield STATE: Quebec, Canada
ELEV: 118 LAT: 045:25:46 LONG: 0073:51:35

                            TEMPERATURE ( C), RAIN (mm), WIND SPEED (kmh)

                                                 HEAT     COOL           AVG
      MEAN                                       DEG      DEG            WIND                        DOM
DAY   TEMP    HIGH   TIME      LOW     TIME      DAYS     DAYS   RAIN    SPEED    HIGH    TIME       DIR
----------------------------------------------------------------------------------------------------------------------------------------------------------
01    16.5    21.7   16:49    12.4   06:36     01.8     00.0    00.6   04.9     31.4    17:01      W 
02    19.9    26.1   15:43    13.4   05:58     00.0     01.6    00.0   02.2     22.2    14:19      W 
03    22.6    29.1   16:14    15.8   05:55     00.0     04.3    00.0   03.3     31.4    23:17     WSW
04    23.9    29.8   17:08    19.4   06:12     00.0     05.6    00.0   02.0     18.5    00:13     WSW
05    26.8    33.2   16:25    19.9   06:10     00.0     08.5    00.0   01.2     14.8    14:23     WSW
06    29.3    34.9   15:51    24.2   05:50     00.0     11.0    00.0   01.2     18.5    15:30      W 
07    28.8    34.6   16:04    23.8   06:18     00.0     10.5    00.0   00.7     12.9    15:26     WSW
08    29.1    34.9   16:29    24.1   06:07     00.0     10.8    00.0   00.5     14.8    22:08     WSW
09    24.6    30.6   12:19    21.5   22:40     00.0     06.3    57.0   00.8     16.6    18:37     NNE
10    23.8    28.7   15:16    20.4   05:47     00.0     05.5    01.4   00.6     12.9    18:56     WNW
11    24.3    29.7   15:53    19.9   04:53     00.0     06.0    00.0   00.2     07.4    13:56     SSW
12    24.0    29.3   13:48    18.9   06:00     00.0     05.7    00.2   00.9     22.2    18:46     SSE
13    23.1    28.1   13:18    20.9   00:00     00.0     04.8    03.6   02.3     18.5    15:06      NE
14    24.2    29.3   16:55    20.2   04:19     00.0     05.9    00.2   03.7     24.1    12:40     NNE
15    25.1    30.6   16:34    18.9   06:06     00.0     06.8    00.0   00.1     09.3    11:58     SSE
16    25.1    28.2   16:58    23.4   05:30     00.0     06.8    00.0   01.8     27.8    18:26     SSW
17    23.2    29.2   13:12    20.2   21:15     00.0     04.9    31.2   01.8     42.5    14:14      W 
18    22.4    25.9   17:11    18.7   05:36     00.0     04.1    00.2   02.4     27.8    11:41      W 
19    20.6    22.9   16:21    18.8   08:11     00.0     02.3    13.8   01.0     14.8    12:54      NW
20    22.1    27.6   16:46    17.9   06:26     00.0     03.8    00.2   00.4     11.1    10:18     WNW
21    21.4    26.9   12:12    17.7   03:46     00.0     03.1    01.6   00.2     22.2    15:02      NW
22    22.0    28.3   16:55    17.0   02:40     00.0     03.7    05.0   03.1     31.4    15:18     WNW
23    21.0    26.0   13:06    15.8   05:37     00.0     02.7    00.0   03.7     25.9    19:17     ESE
24    22.3    27.5   15:17    18.0   05:41     00.0     04.0    00.2   00.8     14.8    00:14      NE
25    22.2    24.4   00:10    19.3   00:00     00.0     03.9    00.0   04.0     29.6    11:57     WNW
26    22.0    27.3   15:22    17.5   05:35     00.0     03.7    00.0   06.9     40.7    13:41      W 
27    23.3    30.6   15:32    16.0   06:28     00.0     05.0    00.0   00.8     12.9    14:17      W 
28    24.0    28.2   12:01    18.5   06:09     00.0     05.7    00.0   02.0     18.5    02:41     WSW
29    20.8    23.4   14:54    17.5   00:00     00.0     02.5    00.0   03.9     31.4    12:12     WNW
30    17.8    22.6   16:16    14.1   06:16     00.5     00.0    00.0   02.5     18.5    16:19      NW
31    17.8    23.4   16:52    11.3   06:08     00.5     00.0    00.0   00.0     00.0    23:54     WNW
----------------------------------------------------------------------------------------------------------------------------------------------------------
23.0 (23.4)   34.9  day 08     11.3  day 31   002.8    149.3   115.4   01.9     42.6   day 17      W 
Max >=  30: 7
Min <=   30: 31
Max Rain: 57.0 ON 9-07-10
Days of Rain: 13 (> .2mm) 5 (> 2mm) 2 (> 20mm)