NOAA style reports

NOAA-style Climate Reports

Select NOAA data to display

Select a Year or Month report
2021 > Jan Feb Mar Apr May Jun Jul Aug Sep Oct Nov Dec
2020 > Jan Feb Mar Apr May Jun Jul Aug Sep Oct Nov Dec
2019 > Jan Feb Mar Apr May Jun Jul Aug Sep Oct Nov Dec
2018 > Jan Feb Mar Apr May Jun Jul Aug Sep Oct Nov Dec
2017 > Jan Feb Mar Apr May Jun Jul Aug Sep Oct Nov Dec
2016 > Jan Feb Mar Apr May Jun Jul Aug Sep Oct Nov Dec
2015 > Jan Feb Mar Apr May Jun Jul Aug Sep Oct Nov Dec
2014 > Jan Feb Mar Apr May Jun Jul Aug Sep Oct Nov Dec
2013 > Jan Feb Mar Apr May Jun Jul Aug Sep Oct Nov Dec
2012 > Jan Feb Mar Apr May Jun Jul Aug Sep Oct Nov Dec
2011 > Jan Feb Mar Apr May Jun Jul Aug Sep Oct Nov Dec
2010 > Jan Feb Mar Apr May Jun Jul Aug Sep Oct Nov Dec
2009 > Jan Feb Mar Apr May Jun Jul Aug Sep Oct Nov Dec
2008 > Jan Feb Mar Apr May Jun Jul Aug Sep Oct Nov Dec

Report for 2010 Sep

Daily noaa report



                            MONTHLY CLIMATOLOGICAL SUMMARY for AUG. 2010

NAME: Home Weather Station Davis VP2   CITY: Beaconsfield STATE: Quebec, Canada
ELEV: 118 LAT: 045:25:46 LONG: 0073:51:35

                            TEMPERATURE ( C), RAIN (mm), WIND SPEED (kmh)

                                               HEAT     COOL           AVG
      MEAN                                     DEG      DEG            WIND                       DOM
DAY   TEMP    HIGH   TIME     LOW    TIME      DAYS     DAYS    RAIN   SPEED    HIGH    TIME      DIR
--------------------------------------------------------------------------------------------------------
01    20.4    27.1   16:38    13.1   06:13     00.0     02.1    00.0   01.3     20.4    11:52      E 
02    21.4    27.9   14:09    16.4   05:58     00.0     03.1    12.8   00.4     25.9    18:56     ESE
03    21.6    24.6   15:05    19.9   00:11     00.0     03.3    57.8   00.4     22.2    17:07     SSE
04    22.7    28.8   13:44    20.9   00:00     00.0     04.4    12.8   00.7     18.5    15:46      W 
05    23.6    29.6   16:43    18.6   21:37     00.0     05.3    13.6   01.3     62.9    18:52      W 
06    17.5    21.2   15:16    11.9   00:00     00.8     00.0    00.2   03.6     38.9    12:58      W 
07    16.4    22.1   15:22    10.4   05:32     01.9     00.0    00.0   02.0     20.4    13:44      W 
08    19.1    23.1   14:45    15.3   05:47     00.0     00.8    17.4   00.3     09.3    21:56      SW
09    21.8    27.5   16:13    18.7   06:19     00.0     03.5    00.2   00.9     20.4    16:12      W 
10    22.7    29.3   15:24    19.0   00:00     00.0     04.4    00.2   01.5     31.4    16:22      NW
11    21.5    26.4   15:53    17.0   04:56     00.0     03.2    00.0   01.7     18.5    20:28      E 
12    20.8    25.9   16:14    15.3   06:13     00.0     02.5    00.0   04.9     27.8    12:19     NNE
13    20.8    25.9   15:55    14.6   06:33     00.0     02.5    00.0   01.3     12.9    08:01      NE
14    23.5    27.2   16:37    19.4   06:29     00.0     05.2    00.0   01.2     18.5    19:16      SE
15    22.5    25.7   11:50    20.3   00:00     00.0     04.2    10.4   00.8     22.2    23:36     SSE
16    22.8    27.9   16:31    19.9   04:26     00.0     04.5    15.2   02.2     29.6    16:59     SSW
17    22.2    26.8   15:22    17.1   06:00     00.0     03.9    00.0   01.7     18.5    17:11      SW
18    19.1    24.3   14:40    14.9   06:27     00.0     00.8    00.0   00.4     18.5    15:11      W 
19    19.8    27.2   15:35    13.7   06:34     00.0     01.5    00.0   01.1     20.4    19:40      W 
20    17.4    23.6   16:11    11.3   06:49     00.9     00.0    00.0   01.6     18.5    14:52     WNW
21    16.4    20.7   11:24    12.6   05:54     01.9     00.0    01.2   01.3     18.5    18:02     ENE
22    17.1    18.9   13:52    15.6   03:26     01.2     00.0    07.2   04.1     18.5    18:32     NNE
23    19.9    24.9   16:24    16.1   05:29     00.0     01.6    02.0   05.2     24.1    11:37     ENE
24    20.4    24.9   16:22    15.2   06:38     00.0     02.1    00.0   03.0     20.4    13:05     ENE
25    19.2    22.4   16:15    16.2   03:09     00.0     00.9    00.0   03.2     22.2    13:14      E 
26    19.0    23.8   14:38    15.7   00:00     00.0     00.7    00.0   03.5     35.1    18:29     WNW
27    17.5    22.8   16:23    12.4   06:44     00.8     00.0    00.0   02.3     20.4    16:31      W 
28    20.9    27.0   16:17    15.7   07:14     00.0     02.6    00.0   02.3     24.1    23:04     WSW
29    24.1    30.7   15:54    19.0   06:44     00.0     05.8    00.0   02.1     25.9    01:07     WSW
30    24.2    30.9   16:18    17.8   06:53     00.0     05.9    00.0   01.4     22.2    15:31      W 
31    26.7    32.3   14:35    21.6   05:27     00.0     08.4    00.0   01.4     16.6    12:52     WSW
--------------------------------------------------------------------------------------------------------
20.7 (21.1)   32.3  day 31     10.4  day 07   007.5    083.0   151.2   01.9     62.9   day 05     WNW
Max >=  30: 3
Min <=   30: 31
Max Rain: 57.8 ON 3-08-16
Days of Rain: 13 (> .2mm) 8 (> 2mm) 1 (> 20mm)