NOAA style reports

NOAA-style Climate Reports

Select NOAA data to display

Select a Year or Month report
2021 > Jan Feb Mar Apr May Jun Jul Aug Sep Oct Nov Dec
2020 > Jan Feb Mar Apr May Jun Jul Aug Sep Oct Nov Dec
2019 > Jan Feb Mar Apr May Jun Jul Aug Sep Oct Nov Dec
2018 > Jan Feb Mar Apr May Jun Jul Aug Sep Oct Nov Dec
2017 > Jan Feb Mar Apr May Jun Jul Aug Sep Oct Nov Dec
2016 > Jan Feb Mar Apr May Jun Jul Aug Sep Oct Nov Dec
2015 > Jan Feb Mar Apr May Jun Jul Aug Sep Oct Nov Dec
2014 > Jan Feb Mar Apr May Jun Jul Aug Sep Oct Nov Dec
2013 > Jan Feb Mar Apr May Jun Jul Aug Sep Oct Nov Dec
2012 > Jan Feb Mar Apr May Jun Jul Aug Sep Oct Nov Dec
2011 > Jan Feb Mar Apr May Jun Jul Aug Sep Oct Nov Dec
2010 > Jan Feb Mar Apr May Jun Jul Aug Sep Oct Nov Dec
2009 > Jan Feb Mar Apr May Jun Jul Aug Sep Oct Nov Dec
2008 > Jan Feb Mar Apr May Jun Jul Aug Sep Oct Nov Dec

Report for 2010 Oct

Daily noaa report



                            MONTHLY CLIMATOLOGICAL SUMMARY for OCT. 2010

NAME: Home Weather Station Davis VP2   CITY: Beaconsfield STATE: Quebec, Canada
ELEV: 118 LAT: 045:25:46 LONG: 0073:51:35

                            TEMPERATURE ( C), RAIN (mm), WIND SPEED (kmh)

                                               HEAT     COOL           AVG
      MEAN                                     DEG      DEG            WIND                       DOM
DAY   TEMP    HIGH   TIME     LOW    TIME      DAYS     DAYS    RAIN   SPEED    HIGH    TIME      DIR
--------------------------------------------------------------------------------------------------------
01    14.3    16.4   16:16    11.1   00:00     04.0     00.0    05.2   02.8     31.4    18:45     WNW
02    08.9    12.3   16:24    05.1   00:00     09.4     00.0    00.0   03.1     22.2    10:24     WNW
03    07.2    11.6   16:36    02.5   06:33     11.1     00.0    00.0   02.2     18.5    16:28      N 
04    09.8    14.4   15:31    05.1   06:08     08.5     00.0    00.0   05.4     24.1    13:39     NNE
05    13.4    18.6   15:36    08.6   06:35     04.9     00.0    00.0   05.2     24.1    23:29     NNE
06    11.3    13.3   00:30    10.1   00:00     07.0     00.0    17.0   05.5     29.6    05:11     NNE
07    12.0    17.1   14:05    09.6   07:28     06.3     00.0    08.2   05.3     38.9    15:42      W 
08    10.6    12.7   17:03    08.7   23:52     07.7     00.0    00.8   02.8     31.4    12:48      W 
09    07.6    11.3   15:38    03.8   07:39     10.7     00.0    00.0   04.7     35.1    16:00     WNW
10    09.6    15.4   16:25    05.1   08:07     08.7     00.0    00.0   02.6     33.3    12:03      W 
11    08.2    12.6   15:20    04.9   22:40     10.1     00.0    00.0   03.3     22.2    09:22     WNW
12    06.9    11.4   16:28    02.0   07:34     11.4     00.0    00.0   01.6     14.8    15:25      NW
13    07.8    13.5   15:12    02.6   07:19     10.5     00.0    00.0   00.8     16.6    14:21      W 
14    11.7    15.4   15:38    09.3   08:19     06.6     00.0    00.0   02.7     18.5    23:34      E 
15    07.9    11.4   00:04    05.4   19:02     10.4     00.0    56.0   09.9     48.1    18:22      N 
16    08.8    12.6   13:43    05.7   00:00     09.5     00.0    01.0   07.1     31.4    01:43      NW
17    08.2    14.6   14:33    02.5   05:07     10.1     00.0    00.2   05.2     38.9    15:51     WNW
18    06.4    10.6   14:25    01.3   00:00     11.9     00.0    00.0   04.1     38.9    16:46      W 
19    06.2    12.5   14:15   -00.8   05:06     12.1     00.0    00.2   01.5     18.5    16:07     WSW
20    10.0    14.8   15:33    03.5   07:50     08.3     00.0    00.0   01.8     18.5    23:02      SW
21    07.4    10.3   05:19    04.0   00:00     10.9     00.0    06.2   04.9     38.9    14:50     WSW
22    03.7    06.8   13:53    01.7   07:57     14.6     00.0    06.2   09.5     42.5    18:29      W 
23    02.9    07.9   15:12   -00.6   04:53     15.4     00.0    00.0   03.4     35.1    12:36      W 
24    03.2    05.5   12:39    01.1   01:02     15.1     00.0    03.4   02.8     18.5    14:24      NE
25    06.1    08.6   17:01    03.4   00:56     12.2     00.0    06.2   04.7     18.5    04:23      N 
26    09.3    12.2   14:14    07.8   06:37     09.0     00.0    00.2   05.0     24.1    16:35     NNE
27    14.4    19.7   15:16    10.0   00:19     03.9     00.0    06.2   02.7     18.5    14:23      SW
28    13.1    16.6   01:02    09.5   00:00     05.2     00.0    00.0   05.3     40.7    12:36      SW
29    07.2    09.5   00:06    01.5   00:00     11.1     00.0    00.2   05.9     37.0    18:01      W 
30    02.9    06.1   12:29    00.5   21:43     15.4     00.0    06.8   02.6     18.5    12:29      W 
31    01.3    04.2   13:32    00.4   08:24     17.0     00.0    05.4   05.1     31.4    18:23     WNW
--------------------------------------------------------------------------------------------------------
08.3 (8.5)   19.7  day 27    -00.8  day 19   308.8    000.0   124.4   04.2     48.1   day 22     WNW
Min <=   30: 31
Max Rain: 56.0 ON 15-10-16
Days of Rain: 17 (> .2mm) 11 (> 2mm) 1 (> 20mm)