NOAA style reports

NOAA-style Climate Reports

Select NOAA data to display

Select a Year or Month report
2021 > Jan Feb Mar Apr May Jun Jul Aug Sep Oct Nov Dec
2020 > Jan Feb Mar Apr May Jun Jul Aug Sep Oct Nov Dec
2019 > Jan Feb Mar Apr May Jun Jul Aug Sep Oct Nov Dec
2018 > Jan Feb Mar Apr May Jun Jul Aug Sep Oct Nov Dec
2017 > Jan Feb Mar Apr May Jun Jul Aug Sep Oct Nov Dec
2016 > Jan Feb Mar Apr May Jun Jul Aug Sep Oct Nov Dec
2015 > Jan Feb Mar Apr May Jun Jul Aug Sep Oct Nov Dec
2014 > Jan Feb Mar Apr May Jun Jul Aug Sep Oct Nov Dec
2013 > Jan Feb Mar Apr May Jun Jul Aug Sep Oct Nov Dec
2012 > Jan Feb Mar Apr May Jun Jul Aug Sep Oct Nov Dec
2011 > Jan Feb Mar Apr May Jun Jul Aug Sep Oct Nov Dec
2010 > Jan Feb Mar Apr May Jun Jul Aug Sep Oct Nov Dec
2009 > Jan Feb Mar Apr May Jun Jul Aug Sep Oct Nov Dec
2008 > Jan Feb Mar Apr May Jun Jul Aug Sep Oct Nov Dec

Report for 2010 Nov

Daily noaa report



                            MONTHLY CLIMATOLOGICAL SUMMARY for NOV. 2010

NAME: Home Weather Station Davis VP2   CITY: Beaconsfield STATE: Quebec, Canada
ELEV: 118 LAT: 045:25:46 LONG: 0073:51:35

                            TEMPERATURE ( C), RAIN (mm), WIND SPEED (kmh)

                                               HEAT     COOL           AVG
      MEAN                                     DEG      DEG            WIND                       DOM
DAY   TEMP    HIGH   TIME     LOW    TIME      DAYS     DAYS    RAIN   SPEED    HIGH    TIME      DIR
----------------------------------------------------------------------------------------------------------------------------------------------------------
10    04.0    07.1   14:10    01.2   03:57     14.3     00.0    00.0   06.5     27.8    14:35      SW
11    03.8    08.9   14:19    00.5   06:42     14.5     00.0    00.0   05.8     22.2    12:18     WNW
12    02.7    08.8   14:22   -01.7   05:29     15.6     00.0    00.0   01.6     12.9    00:45     ENE
13    04.6    11.0   14:24   -01.9   06:10     13.7     00.0    00.0   02.4     24.1    22:41      N 
14    06.8    11.2   15:07    02.1   06:44     11.5     00.0    00.0   05.9     24.1    11:43      N 
15    07.1    11.3   14:28    03.0   00:00     11.2     00.0    01.2   02.7     18.5    05:43      W 
16    06.2    11.3   14:13    00.5   06:37     12.1     00.0    03.0   02.7     22.2    23:47      NW
17    08.0    10.8   13:57    04.3   21:38     10.3     00.0    19.6   11.4     44.4    03:22     ENE
18    04.4    06.5   12:10    01.3   00:00     13.9     00.0    00.0   11.4     48.1    05:07     WSW
19   -00.2    02.1   13:35   -01.8   20:25     18.5     00.0    00.0   04.4     18.5    13:46     WSW
27   -05.6    04.0   00:04   -06.4   23:45     23.9     00.0    00.8   04.5     33.3    00:04     WSW
28   -00.5    03.2   13:51   -06.4   00:07     18.8     00.0    00.0   05.3     35.1    13:12     WSW
29    02.6    06.1   13:44   -00.8   07:45     15.7     00.0    00.0   02.8     18.5    22:32      E 
30    04.1    07.2   15:02   -01.3   04:57     14.2     00.0    10.2   09.1     38.9    22:18     ESE
----------------------------------------------------------------------------------------------------------------------------------------------------------
03.4 (3.6)   11.3  day 16    -06.4  day 27   208.3    000.0   075.4   05.5     48.1   day 18      W 
Min <=   30: 14
Min <=  -5: 2
Max Rain: 19.6 ON 17-11-10
Days of Rain: 59 (> .2mm) 57 (> 2mm) 0 (> 20mm)