NOAA style reports

NOAA-style Climate Reports

Select NOAA data to display

Select a Year or Month report
2021 > Jan Feb Mar Apr May Jun Jul Aug Sep Oct Nov Dec
2020 > Jan Feb Mar Apr May Jun Jul Aug Sep Oct Nov Dec
2019 > Jan Feb Mar Apr May Jun Jul Aug Sep Oct Nov Dec
2018 > Jan Feb Mar Apr May Jun Jul Aug Sep Oct Nov Dec
2017 > Jan Feb Mar Apr May Jun Jul Aug Sep Oct Nov Dec
2016 > Jan Feb Mar Apr May Jun Jul Aug Sep Oct Nov Dec
2015 > Jan Feb Mar Apr May Jun Jul Aug Sep Oct Nov Dec
2014 > Jan Feb Mar Apr May Jun Jul Aug Sep Oct Nov Dec
2013 > Jan Feb Mar Apr May Jun Jul Aug Sep Oct Nov Dec
2012 > Jan Feb Mar Apr May Jun Jul Aug Sep Oct Nov Dec
2011 > Jan Feb Mar Apr May Jun Jul Aug Sep Oct Nov Dec
2010 > Jan Feb Mar Apr May Jun Jul Aug Sep Oct Nov Dec
2009 > Jan Feb Mar Apr May Jun Jul Aug Sep Oct Nov Dec
2008 > Jan Feb Mar Apr May Jun Jul Aug Sep Oct Nov Dec

Report for 2010 Dec

Daily noaa report



                            MONTHLY CLIMATOLOGICAL SUMMARY for DEC. 2010

NAME: Home Weather Station Davis VP2   CITY: Beaconsfield STATE: Quebec, Canada
ELEV: 118 LAT: 045:25:46 LONG: 0073:51:35

                            TEMPERATURE ( C), RAIN (mm), WIND SPEED (kmh)

                                               HEAT     COOL           AVG
      MEAN                                     DEG      DEG            WIND                       DOM
DAY   TEMP    HIGH   TIME     LOW    TIME      DAYS     DAYS    RAIN   SPEED    HIGH    TIME      DIR
----------------------------------------------------------------------------------------------------------------------------------------------------------
01    06.7    11.9   13:52    01.0   20:37     11.6     00.0    21.2   14.4     57.4    13:48      SE
02    01.9    03.3   12:54    00.6   08:06     16.4     00.0    00.0   05.8     31.4    09:28     WSW
03    00.7    04.4   14:06   -01.6   00:00     17.6     00.0    00.0   04.5     20.4    13:46     WNW
04   -02.2   -00.7   11:44   -04.3   00:00     20.5     00.0    00.0   11.1     35.1    21:37      W 
05   -04.4   -03.2   00:00   -06.2   07:22     22.7     00.0    00.0   07.4     29.6    03:51     WSW
06   -04.3   -03.2   00:17   -05.8   00:00     22.6     00.0    04.0   11.2     42.5    21:24     WSW
07   -06.0   -04.9   14:06   -07.6   00:00     24.3     00.0    03.4   12.2     37.0    02:06     WSW
08   -08.5   -07.5   13:58   -09.7   00:00     26.8     00.0    00.6   09.5     33.3    12:42     WSW
09   -10.9   -08.8   11:48   -14.8   00:00     29.2     00.0    00.0   06.5     31.4    12:47      W 
10   -09.7   -04.2   00:00   -16.0   02:36     28.0     00.0    00.2   06.0     29.6    14:24     ESE
11   -01.1    00.6   15:04   -04.2   00:01     19.4     00.0    00.0   03.5     22.2    00:21      SW
12   -00.8    03.1   23:31   -04.8   05:52     19.1     00.0    14.2   08.4     29.6    05:41      NE
13   -02.2    02.9   06:12   -09.0   00:00     20.5     00.0    12.8   08.4     35.1    20:27     WSW
14   -10.6   -09.0   00:02   -13.9   23:17     28.9     00.0    01.8   07.7     31.4    04:52     WSW
15   -11.9   -10.7   23:07   -13.8   00:16     30.2     00.0    00.6   08.9     31.4    13:33      W 
16   -09.8   -07.8   15:19   -13.3   07:22     28.1     00.0    00.6   02.8     18.5    00:14      NW
17   -09.0   -05.8   00:00   -12.0   08:07     27.3     00.0    00.0   03.1     16.6    10:06      W 
18   -04.5   -00.4   15:22   -08.7   23:30     22.8     00.0    00.0   01.3     14.8    00:36      NE
19   -05.9   -03.8   10:32   -08.8   20:22     24.2     00.0    00.0   01.6     16.6    13:42      N 
20   -06.2   -03.7   13:02   -09.4   07:54     24.5     00.0    00.0   02.1     16.6    23:39     WNW
21   -03.5   -02.0   13:06   -05.3   03:31     21.8     00.0    00.0   06.7     25.9    12:44      W 
22   -01.8   -00.2   15:53   -04.2   03:31     20.1     00.0    01.2   05.0     18.5    13:04      W 
23   -02.9    00.4   13:57   -08.5   00:00     21.2     00.0    02.2   05.4     20.4    15:01      W 
24   -08.4   -04.8   14:35   -11.3   05:59     26.7     00.0    00.0   04.8     18.5    12:51      W 
25   -10.2   -06.3   14:00   -13.3   07:23     28.5     00.0    00.0   01.3     09.3    14:13      W 
26   -10.6   -08.2   14:07   -13.5   08:16     28.9     00.0    00.0   05.5     33.3    21:43      N 
27   -10.6   -07.1   14:14   -13.6   08:47     28.9     00.0    00.0   10.1     38.9    02:34     WNW
28   -08.4   -04.3   15:14   -12.3   02:51     26.7     00.0    00.0   09.4     38.9    13:51      W 
29   -02.9   -00.3   16:08   -06.4   00:01     21.2     00.0    00.0   03.1     16.6    09:41      W 
30   -01.0    02.2   14:07   -05.6   01:11     19.3     00.0    00.0   03.1     18.5    13:03      SW
31    02.1    04.8   14:36   -01.2   00:01     16.2     00.0    01.6   01.5     09.3    19:41     ESE
----------------------------------------------------------------------------------------------------------------------------------------------------------
-5.1 (-5.3)   11.9  day 01    -16.0  day 10   724.5    000.0   064.2   06.2     57.4   day 01      W 
Max <=   0: 22
Min <=   30: 31
Max <=  -5: 9
Min <=  -5: 23
Max <= -10: 1
Min <= -10: 11
Min <= -15: 1
Max Rain: 21.2 ON 1-12-11
Days of Rain: 67 (> .2mm) 6 (> 2mm) 1 (> 20mm)