NOAA style reports

NOAA-style Climate Reports

Select NOAA data to display

Select a Year or Month report
2021 > Jan Feb Mar Apr May Jun Jul Aug Sep Oct Nov Dec
2020 > Jan Feb Mar Apr May Jun Jul Aug Sep Oct Nov Dec
2019 > Jan Feb Mar Apr May Jun Jul Aug Sep Oct Nov Dec
2018 > Jan Feb Mar Apr May Jun Jul Aug Sep Oct Nov Dec
2017 > Jan Feb Mar Apr May Jun Jul Aug Sep Oct Nov Dec
2016 > Jan Feb Mar Apr May Jun Jul Aug Sep Oct Nov Dec
2015 > Jan Feb Mar Apr May Jun Jul Aug Sep Oct Nov Dec
2014 > Jan Feb Mar Apr May Jun Jul Aug Sep Oct Nov Dec
2013 > Jan Feb Mar Apr May Jun Jul Aug Sep Oct Nov Dec
2012 > Jan Feb Mar Apr May Jun Jul Aug Sep Oct Nov Dec
2011 > Jan Feb Mar Apr May Jun Jul Aug Sep Oct Nov Dec
2010 > Jan Feb Mar Apr May Jun Jul Aug Sep Oct Nov Dec
2009 > Jan Feb Mar Apr May Jun Jul Aug Sep Oct Nov Dec
2008 > Jan Feb Mar Apr May Jun Jul Aug Sep Oct Nov Dec

Report for 2011 Jan

Daily noaa report



                            MONTHLY CLIMATOLOGICAL SUMMARY for JAN. 2011

NAME: Home Weather Station Davis VP2   CITY: Beaconsfield STATE: Quebec, Canada
ELEV: 118 LAT: 045:25:46 LONG: 0073:51:35

                            TEMPERATURE ( C), RAIN (mm), WIND SPEED (kmh)

                                               HEAT     COOL           AVG
      MEAN                                     DEG      DEG            WIND                       DOM
DAY   TEMP    HIGH   TIME     LOW    TIME      DAYS     DAYS    RAIN   SPEED    HIGH    TIME      DIR
----------------------------------------------------------------------------------------------------------------------------------------------------------
01    03.8    05.7   17:30    02.2   05:31     14.5     00.0    00.6   02.4     18.5    16:11     ENE
02    01.5    07.5   03:05   -02.2   23:59     16.8     00.0    01.4   08.0     33.3    04:51     WSW
03   -03.5   -01.8   15:30   -05.3   06:49     21.8     00.0    00.0   07.1     37.0    12:53      W 
04   -05.3   -02.8   13:24   -07.8   04:03     23.6     00.0    00.8   02.7     12.9    17:19      N 
05   -05.5   -02.8   12:25   -10.2   00:00     23.8     00.0    00.0   06.0     27.8    15:06      W 
06   -07.7   -04.8   13:23   -10.9   01:05     26.0     00.0    00.0   03.3     16.6    11:16      SW
07   -05.6   -03.2   14:16   -07.9   01:50     23.9     00.0    00.4   08.4     37.0    10:45     ENE
08   -05.5   -03.1   14:37   -08.7   06:53     23.8     00.0    00.0   06.7     25.9    12:46     NNE
09   -04.9   -02.4   14:40   -08.5   00:00     23.2     00.0    02.2   10.6     42.5    16:18      W 
10   -08.3   -06.3   12:56   -09.5   20:12     26.6     00.0    00.0   09.2     33.3    13:07     WSW
11   -08.0   -06.2   15:03   -09.4   04:22     26.3     00.0    00.0   03.5     18.5    00:00      N 
12   -06.5   -04.5   18:31   -09.0   03:04     24.8     00.0    00.0   11.0     37.0    09:19      N 
13   -07.3   -05.7   00:02   -09.2   19:16     25.6     00.0    00.0   08.3     33.3    14:10      W 
14   -08.7   -06.6   10:46   -12.8   23:40     27.0     00.0    00.0   04.3     20.4    13:39      W 
15   -10.4   -07.2   14:50   -15.6   07:08     28.7     00.0    04.2   04.8     25.9    15:56      NE
16   -12.1   -09.5   00:11   -18.1   00:00     30.4     00.0    00.0   06.1     27.8    15:46     WSW
17   -17.8   -13.9   23:39   -22.7   08:02     36.1     00.0    00.0   04.5     18.5    23:30      SW
18   -07.9   -01.1   14:21   -15.0   02:42     26.2     00.0    01.4   05.6     20.4    23:41     NNE
19   -05.7   -03.7   01:57   -09.7   00:00     24.0     00.0    00.2   07.1     31.4    05:09      N 
20   -10.3   -08.6   14:23   -11.4   07:04     28.6     00.0    00.0   04.0     29.6    13:42      W 
21   -10.2   -06.7   14:33   -13.6   00:00     28.5     00.0    00.8   06.5     24.1    14:59     WNW
22   -15.0   -11.9   15:07   -17.8   08:11     33.3     00.0    00.0   05.0     25.9    06:08      W 
23   -19.7   -13.3   16:10   -24.4   00:00     38.0     00.0    00.0   07.4     31.4    17:29     WNW
24   -22.4   -17.6   00:00   -28.1   06:16     40.7     00.0    00.0   04.9     20.4    22:48      S 
25   -15.2   -12.3   19:43   -18.1   06:40     33.5     00.0    00.4   04.3     22.2    01:04     NNE
26   -10.9   -07.2   00:00   -16.6   01:22     29.2     00.0    00.0   04.5     18.5    09:21     NNE
27   -04.9   -02.6   16:38   -07.4   22:38     23.2     00.0    00.0   03.5     18.5    18:57      W 
28   -04.0   -01.0   15:24   -06.7   00:57     22.3     00.0    00.0   00.9     11.1    01:06      S 
29   -06.9   -03.5   00:24   -11.6   19:46     25.2     00.0    01.2   04.6     22.2    09:09     NNE
30   -11.3   -07.1   15:12   -15.6   05:49     29.6     00.0    00.0   03.4     24.1    22:44      W 
31   -16.8   -13.6   14:19   -20.0   08:00     35.1     00.0    00.0   06.0     22.2    10:02      W 
----------------------------------------------------------------------------------------------------------------------------------------------------------
-8.8 (-9.0)   07.5  day 02    -28.1  day 24   840.6    000.0   013.6   05.6     42.6   day 09     WNW
Max <=   0: 29
Min <=   30: 31
Min <= -18: 6
Max <=  -5: 16
Min <=  -5: 29
Max <= -10: 6
Min <= -10: 17
Max <= -15: 1
Min <= -15: 11
Min <= -20: 3
Min <= -25: 1
Max Rain: 4.2 ON 15-01-11
Days of Rain: 11 (> .2mm) 2 (> 2mm) 0 (> 20mm)