NOAA style reports

NOAA-style Climate Reports

Select NOAA data to display

Select a Year or Month report
2021 > Jan Feb Mar Apr May Jun Jul Aug Sep Oct Nov Dec
2020 > Jan Feb Mar Apr May Jun Jul Aug Sep Oct Nov Dec
2019 > Jan Feb Mar Apr May Jun Jul Aug Sep Oct Nov Dec
2018 > Jan Feb Mar Apr May Jun Jul Aug Sep Oct Nov Dec
2017 > Jan Feb Mar Apr May Jun Jul Aug Sep Oct Nov Dec
2016 > Jan Feb Mar Apr May Jun Jul Aug Sep Oct Nov Dec
2015 > Jan Feb Mar Apr May Jun Jul Aug Sep Oct Nov Dec
2014 > Jan Feb Mar Apr May Jun Jul Aug Sep Oct Nov Dec
2013 > Jan Feb Mar Apr May Jun Jul Aug Sep Oct Nov Dec
2012 > Jan Feb Mar Apr May Jun Jul Aug Sep Oct Nov Dec
2011 > Jan Feb Mar Apr May Jun Jul Aug Sep Oct Nov Dec
2010 > Jan Feb Mar Apr May Jun Jul Aug Sep Oct Nov Dec
2009 > Jan Feb Mar Apr May Jun Jul Aug Sep Oct Nov Dec
2008 > Jan Feb Mar Apr May Jun Jul Aug Sep Oct Nov Dec

Report for 2011 Feb

Daily noaa report



                            MONTHLY CLIMATOLOGICAL SUMMARY for FEB. 2011

NAME: Home Weather Station Davis VP2   CITY: Beaconsfield STATE: Quebec, Canada
ELEV: 118 LAT: 045:25:46 LONG: 0073:51:35

                            TEMPERATURE ( C), RAIN (mm), WIND SPEED (kmh)

                                               HEAT     COOL           AVG
      MEAN                                     DEG      DEG            WIND                       DOM
DAY   TEMP    HIGH   TIME     LOW    TIME      DAYS     DAYS    RAIN   SPEED    HIGH    TIME      DIR
--------------------------------------------------------------------------------------------------------
01   -13.8   -10.9   13:13   -16.7   00:05     32.1     00.0    00.4   01.6     16.6    11:46      NE
02   -11.6   -10.2   13:50   -13.7   00:01     29.9     00.0    14.0   12.2     48.1    13:47     NNE
03   -10.6   -06.1   00:00   -15.3   07:56     28.9     00.0    00.4   04.5     20.4    22:23      SW
04   -05.3   -02.4   14:24   -08.0   23:15     23.6     00.0    00.0   06.9     27.8    11:09      SW
05   -02.8    02.9   13:49   -07.7   05:38     21.1     00.0    06.8   04.9     38.9    22:04      E 
06   -01.0    01.8   14:02   -03.6   00:16     19.3     00.0    06.8   05.7     25.9    00:01      W 
07    00.1    01.1   16:09   -00.9   07:46     18.2     00.0    00.4   02.6     18.5    03:47     SSW
08   -08.9    00.2   00:29   -16.9   23:14     27.2     00.0    03.0   07.1     35.1    15:31     WSW
09   -08.9   -04.2   15:07   -16.6   00:12     27.2     00.0    00.0   07.3     31.4    12:13      SW
10   -11.2   -07.9   14:38   -15.1   19:47     29.5     00.0    00.0   05.7     35.1    14:04     WSW
11   -09.4   -04.1   14:45   -12.1   21:42     27.7     00.0    00.0   05.9     24.1    12:59      SW
12   -05.5   -00.2   14:19   -10.7   00:00     23.8     00.0    01.6   08.3     48.1    13:34     WSW
13   -07.7   -02.2   17:59   -14.8   03:54     26.0     00.0    08.0   01.9     18.5    12:40     ESE
14   -02.8    01.9   11:59   -08.0   00:00     21.1     00.0    04.8   06.3     46.3    19:36     NNW
15   -13.6   -08.0   00:01   -18.1   07:29     31.9     00.0    00.0   07.8     31.4    06:24      W 
16   -08.6   -04.7   16:53   -15.6   00:01     26.9     00.0    00.0   02.6     18.5    08:46      NE
17    00.6    06.0   13:53   -04.9   00:07     17.7     00.0    00.8   01.9     12.9    14:58      E 
18    05.0    09.9   13:38    00.7   23:25     13.3     00.0    05.0   08.3     55.5    22:54      SW
19   -06.6    01.3   15:02   -11.1   23:57     24.9     00.0    00.0   14.7     50.0    02:21      W 
20   -10.1   -07.7   14:22   -13.6   07:09     28.4     00.0    00.2   09.5     38.9    03:38      W 
21   -11.5   -08.7   19:12   -14.6   07:32     29.8     00.0    00.0   06.9     31.4    16:38     WNW
22   -10.7   -05.3   16:04   -16.4   06:50     29.0     00.0    00.0   04.8     22.2    16:12      W 
23   -09.0   -01.9   14:42   -16.2   06:55     27.3     00.0    00.0   01.5     12.9    15:13      SW
24   -06.1   -00.8   14:27   -13.7   05:49     24.4     00.0    00.0   01.3     11.1    12:06     NNE
25   -03.8   -02.7   00:54   -07.7   00:00     22.1     00.0    03.0   06.2     31.4    20:54     NNW
26   -10.6   -07.7   00:01   -13.6   05:54     28.9     00.0    00.0   03.4     29.6    00:54      W 
27   -07.6   -03.4   14:47   -11.3   08:03     25.9     00.0    00.8   04.9     24.1    09:11      NE
--------------------------------------------------------------------------------------------------------
-7.1 (-7.2)   09.9  day 18    -18.1  day 15   686.0    000.0   067.2   05.7     55.5   day 19      W 
Max <=   0: 19
Min <=   30: 27
Min <= -18: 1
Max <=  -5: 9
Min <=  -5: 23
Max <= -10: 2
Min <= -10: 19
Min <= -15: 9
Max Rain: 14.0 ON 2-02-16
Days of Rain: 15 (> .2mm) 8 (> 2mm) 0 (> 20mm)