NOAA style reports

NOAA-style Climate Reports

Select NOAA data to display

Select a Year or Month report
2021 > Jan Feb Mar Apr May Jun Jul Aug Sep Oct Nov Dec
2020 > Jan Feb Mar Apr May Jun Jul Aug Sep Oct Nov Dec
2019 > Jan Feb Mar Apr May Jun Jul Aug Sep Oct Nov Dec
2018 > Jan Feb Mar Apr May Jun Jul Aug Sep Oct Nov Dec
2017 > Jan Feb Mar Apr May Jun Jul Aug Sep Oct Nov Dec
2016 > Jan Feb Mar Apr May Jun Jul Aug Sep Oct Nov Dec
2015 > Jan Feb Mar Apr May Jun Jul Aug Sep Oct Nov Dec
2014 > Jan Feb Mar Apr May Jun Jul Aug Sep Oct Nov Dec
2013 > Jan Feb Mar Apr May Jun Jul Aug Sep Oct Nov Dec
2012 > Jan Feb Mar Apr May Jun Jul Aug Sep Oct Nov Dec
2011 > Jan Feb Mar Apr May Jun Jul Aug Sep Oct Nov Dec
2010 > Jan Feb Mar Apr May Jun Jul Aug Sep Oct Nov Dec
2009 > Jan Feb Mar Apr May Jun Jul Aug Sep Oct Nov Dec
2008 > Jan Feb Mar Apr May Jun Jul Aug Sep Oct Nov Dec

Report for 2011 Mar

Daily noaa report



                            MONTHLY CLIMATOLOGICAL SUMMARY for MAR. 2011

NAME: Home Weather Station Davis VP2   CITY: Beaconsfield STATE: Quebec, Canada
ELEV: 118 LAT: 045:25:46 LONG: 0073:51:35

                            TEMPERATURE ( C), RAIN (mm), WIND SPEED (kmh)

                                               HEAT     COOL           AVG
      MEAN                                     DEG      DEG            WIND                       DOM
DAY   TEMP    HIGH   TIME     LOW    TIME      DAYS     DAYS    RAIN   SPEED    HIGH    TIME      DIR
----------------------------------------------------------------------------------------------------------------------------------------------------------
01   -05.8   -02.2   16:12   -09.8   07:01     24.1     00.0    00.0   05.2     31.4    01:36     WSW
02   -05.0    01.9   03:56   -14.1   00:00     23.3     00.0    00.8   11.0     48.1    16:33      W 
03   -13.6   -09.3   14:52   -18.6   06:58     31.9     00.0    00.0   02.3     22.2    14:55     WSW
04   -06.9    01.3   16:38   -14.9   00:40     25.2     00.0    00.0   03.9     25.9    11:29      NE
05    02.3    04.4   21:53   -00.2   00:01     16.0     00.0    19.0   03.0     18.5    19:51     ESE
06   -01.2    04.6   00:49   -05.9   23:57     19.5     00.0    19.2   08.5     38.9    04:40      N 
07   -07.0   -03.9   16:13   -11.7   00:00     25.3     00.0    07.6   09.2     42.5    05:23      N 
08   -10.3   -05.4   13:14   -17.1   06:25     28.6     00.0    00.0   01.5     11.1    13:38     NNE
09   -06.0   -01.1   21:38   -12.0   06:47     24.3     00.0    02.6   09.0     38.9    23:32     ESE
10    00.9    02.5   21:19   -01.8   00:48     17.4     00.0    21.6   13.7     38.9    11:47     ESE
11    03.4    07.3   14:22    01.5   03:16     14.9     00.0    08.6   06.1     31.4    09:00     NNE
12    02.1    04.6   13:15    00.6   07:04     16.2     00.0    00.0   04.6     22.2    14:23     WSW
13    02.2    05.1   12:52   -00.2   00:00     16.1     00.0    00.0   05.9     27.8    15:01      W 
14   -01.3    01.5   14:04   -04.2   00:00     19.6     00.0    00.0   04.4     20.4    05:03     NNE
15   -01.0    05.6   14:43   -06.8   07:00     19.3     00.0    00.0   01.9     16.6    12:57      SE
16    01.7    03.9   21:34   -01.4   04:42     16.6     00.0    01.6   01.9     18.5    22:03     SSE
17    04.3    08.9   15:03    01.9   08:04     14.0     00.0    00.0   05.1     24.1    09:10      SW
18    06.6    11.0   09:32    01.1   00:00     11.7     00.0    04.8   11.3     53.6    13:11      W 
19   -00.6    03.2   14:23   -02.8   22:18     18.9     00.0    00.2   05.0     22.2    06:04      N 
20   -00.9    04.6   15:50   -07.5   07:20     19.2     00.0    00.0   02.1     18.5    15:57     WSW
21    00.7    02.5   10:14   -00.2   05:47     17.6     00.0    06.0   06.1     35.1    12:39     ESE
22    01.5    05.4   12:21   -03.5   00:00     16.8     00.0    00.0   08.0     33.3    15:19     WNW
23   -04.0   -00.8   15:54   -08.0   07:06     22.3     00.0    00.0   03.8     25.9    00:53     NNE
24   -02.1    01.9   16:06   -06.1   04:22     20.4     00.0    00.2   05.3     24.1    20:36     NNW
25   -03.2   -00.8   00:02   -05.6   08:19     21.5     00.0    00.0   09.3     35.1    17:19      W 
26   -03.6    00.7   15:53   -07.0   07:52     21.9     00.0    00.0   11.4     48.1    13:47      W 
27   -04.9   -01.2   15:43   -09.3   07:14     23.2     00.0    00.0   12.8     48.1    16:27      W 
28   -03.0    00.9   16:43   -05.3   07:17     21.3     00.0    00.0   10.0     33.3    17:22      W 
29    00.6    05.1   16:31   -02.8   01:26     17.7     00.0    00.0   07.7     31.4    17:42      W 
30    02.8    08.4   14:41   -01.9   06:55     15.5     00.0    00.0   03.4     20.4    14:48      W 
31    03.9    09.3   16:43   -01.4   01:28     14.4     00.0    00.0   03.9     22.2    15:02     ENE
----------------------------------------------------------------------------------------------------------------------------------------------------------
-1.5 (-1.5)   11.0  day 18    -18.6  day 03   614.3    000.0   092.2   06.4     53.7   day 27     WNW
Max <=   0: 8
Min <=   30: 31
Min <= -18: 1
Max <=  -5: 2
Min <=  -5: 16
Min <= -10: 6
Min <= -15: 2
Max Rain: 21.6 ON 10-03-11
Days of Rain: 12 (> .2mm) 8 (> 2mm) 1 (> 20mm)