NOAA style reports

NOAA-style Climate Reports

Select NOAA data to display

Select a Year or Month report
2021 > Jan Feb Mar Apr May Jun Jul Aug Sep Oct Nov Dec
2020 > Jan Feb Mar Apr May Jun Jul Aug Sep Oct Nov Dec
2019 > Jan Feb Mar Apr May Jun Jul Aug Sep Oct Nov Dec
2018 > Jan Feb Mar Apr May Jun Jul Aug Sep Oct Nov Dec
2017 > Jan Feb Mar Apr May Jun Jul Aug Sep Oct Nov Dec
2016 > Jan Feb Mar Apr May Jun Jul Aug Sep Oct Nov Dec
2015 > Jan Feb Mar Apr May Jun Jul Aug Sep Oct Nov Dec
2014 > Jan Feb Mar Apr May Jun Jul Aug Sep Oct Nov Dec
2013 > Jan Feb Mar Apr May Jun Jul Aug Sep Oct Nov Dec
2012 > Jan Feb Mar Apr May Jun Jul Aug Sep Oct Nov Dec
2011 > Jan Feb Mar Apr May Jun Jul Aug Sep Oct Nov Dec
2010 > Jan Feb Mar Apr May Jun Jul Aug Sep Oct Nov Dec
2009 > Jan Feb Mar Apr May Jun Jul Aug Sep Oct Nov Dec
2008 > Jan Feb Mar Apr May Jun Jul Aug Sep Oct Nov Dec

Report for 2011 Apr

Daily noaa report



                            MONTHLY CLIMATOLOGICAL SUMMARY for APR. 2011

NAME: Home Weather Station Davis VP2   CITY: Beaconsfield STATE: Quebec, Canada
ELEV: 118 LAT: 045:25:46 LONG: 0073:51:35

                            TEMPERATURE ( C), RAIN (mm), WIND SPEED (kmh)

                                               HEAT     COOL           AVG
      MEAN                                     DEG      DEG            WIND                       DOM
DAY   TEMP    HIGH   TIME     LOW    TIME      DAYS     DAYS    RAIN   SPEED    HIGH    TIME      DIR
----------------------------------------------------------------------------------------------------------------------------------------------------------
01    03.7    07.3   13:32    01.4   00:00     14.6     00.0    00.0   06.9     31.4    15:52     NNE
02    05.5    11.9   15:40   -00.2   07:16     12.8     00.0    00.0   07.6     38.9    15:42      W 
03    05.2    10.2   16:03    01.0   07:08     13.1     00.0    00.0   09.4     42.5    16:53      W 
04    03.1    06.3   00:00    00.7   03:19     15.2     00.0    04.8   08.0     40.7    13:46     ESE
05    04.8    08.9   03:52    00.9   00:00     13.5     00.0    01.8   09.9     48.1    04:09     WSW
06    01.9    06.3   14:39   -01.2   07:10     16.4     00.0    00.0   08.8     42.5    15:07      W 
07    02.3    08.0   16:05   -04.1   06:34     16.0     00.0    00.0   03.3     18.5    11:19     SSE
08    04.9    12.6   16:25   -02.5   05:57     13.4     00.0    00.0   02.3     14.8    14:36     SSE
09    09.2    16.5   14:45    02.0   04:33     09.1     00.0    00.0   03.5     22.2    17:18     WSW
10    10.5    16.7   15:08    04.0   05:56     07.8     00.0    07.0   02.7     18.5    09:08      SE
11    13.2    24.1   16:13    07.7   07:01     05.1     00.0    08.4   09.0     61.0    21:38      SW
12    09.2    13.8   16:18    04.3   06:43     09.1     00.0    00.0   06.8     42.5    01:39     WSW
13    06.3    08.2   12:56    04.8   07:32     12.0     00.0    04.8   06.6     33.3    12:16     ENE
14    06.1    11.7   13:58    01.1   00:00     12.2     00.0    00.8   08.7     37.0    14:34      NW
15    00.4    04.4   15:58   -03.7   06:38     17.9     00.0    00.0   07.5     24.1    07:11      NE
16    01.9    06.3   13:19   -01.2   06:15     16.4     00.0    13.4   13.0     50.0    14:59      E 
17    04.9    09.2   15:58    01.3   23:18     13.4     00.0    14.6   10.4     44.4    21:53      SW
18    03.2    05.5   18:01    01.6   05:34     15.1     00.0    00.0   10.2     31.4    08:12      SW
19    04.2    08.8   16:29   -00.8   06:24     14.1     00.0    00.0   03.8     18.5    15:04      SE
20    02.5    06.1   02:18    00.7   13:16     15.8     00.0    17.6   11.3     42.5    12:12      NE
21    03.6    07.7   16:06    01.0   08:26     14.7     00.0    00.2   12.0     44.4    11:51      W 
22    06.3    13.3   15:50   -01.1   06:21     12.0     00.0    00.0   04.0     18.5    18:02      SE
23    07.2    15.2   17:24    03.1   09:25     11.1     00.0    00.8   10.0     42.5    12:45      SE
24    10.6    14.7   16:24    06.2   00:00     07.7     00.0    00.0   05.9     37.0    00:09      W 
25    11.0    16.6   14:21    03.6   05:57     07.3     00.0    00.0   01.2     11.1    22:32     SSE
26    10.9    13.5   14:33    08.3   00:00     07.4     00.0    10.6   07.3     38.9    22:26      NE
27    10.2    15.6   14:35    06.7   06:32     08.1     00.0    00.4   08.3     33.3    18:54     NNE
28    13.7    21.8   13:47    09.0   00:23     04.6     00.0    11.4   09.6     51.8    14:07      SW
29    10.4    13.9   12:21    08.4   00:00     07.9     00.0    00.0   07.2     29.6    15:56     WSW
30    10.6    17.6   16:26    04.0   06:03     07.7     00.0    00.0   04.7     20.4    00:51     NNW
----------------------------------------------------------------------------------------------------------------------------------------------------------
06.6 (7.0)   24.1  day 11    -04.1  day 07   351.7    000.0   096.6   07.3     61.1   day 28      W 
Min <=   30: 30
Max Rain: 17.6 ON 20-04-11
Days of Rain: 14 (> .2mm) 9 (> 2mm) 0 (> 20mm)