NOAA style reports

NOAA-style Climate Reports

Select NOAA data to display

Select a Year or Month report
2021 > Jan Feb Mar Apr May Jun Jul Aug Sep Oct Nov Dec
2020 > Jan Feb Mar Apr May Jun Jul Aug Sep Oct Nov Dec
2019 > Jan Feb Mar Apr May Jun Jul Aug Sep Oct Nov Dec
2018 > Jan Feb Mar Apr May Jun Jul Aug Sep Oct Nov Dec
2017 > Jan Feb Mar Apr May Jun Jul Aug Sep Oct Nov Dec
2016 > Jan Feb Mar Apr May Jun Jul Aug Sep Oct Nov Dec
2015 > Jan Feb Mar Apr May Jun Jul Aug Sep Oct Nov Dec
2014 > Jan Feb Mar Apr May Jun Jul Aug Sep Oct Nov Dec
2013 > Jan Feb Mar Apr May Jun Jul Aug Sep Oct Nov Dec
2012 > Jan Feb Mar Apr May Jun Jul Aug Sep Oct Nov Dec
2011 > Jan Feb Mar Apr May Jun Jul Aug Sep Oct Nov Dec
2010 > Jan Feb Mar Apr May Jun Jul Aug Sep Oct Nov Dec
2009 > Jan Feb Mar Apr May Jun Jul Aug Sep Oct Nov Dec
2008 > Jan Feb Mar Apr May Jun Jul Aug Sep Oct Nov Dec

Report for 2011 May

Daily noaa report



                            MONTHLY CLIMATOLOGICAL SUMMARY for MAY. 2011

NAME: Home Weather Station Davis VP2   CITY: Beaconsfield STATE: Quebec, Canada
ELEV: 118 LAT: 045:25:46 LONG: 0073:51:35

                            TEMPERATURE ( C), RAIN (mm), WIND SPEED (kmh)

                                               HEAT     COOL           AVG
      MEAN                                     DEG      DEG            WIND                       DOM
DAY   TEMP    HIGH   TIME     LOW    TIME      DAYS     DAYS    RAIN   SPEED    HIGH    TIME      DIR
----------------------------------------------------------------------------------------------------------------------------------------------------------
01    14.0    21.4   16:24    05.9   06:21     04.3     00.0    00.0   05.8     29.6    11:37      E 
02    13.7    18.2   16:25    11.2   05:53     04.6     00.0    00.4   04.5     27.8    22:42      SE
03    09.5    11.8   00:02    07.8   06:13     08.8     00.0    17.2   04.4     18.5    19:14     NNW
04    07.4    08.8   00:01    06.4   11:25     10.9     00.0    07.8   04.1     18.5    23:26     WNW
05    06.1    07.2   01:17    04.7   09:29     12.2     00.0    08.4   09.3     33.3    13:33     NNW
06    10.4    17.9   15:15    04.5   05:59     07.9     00.0    00.0   06.1     31.4    17:54     WSW
07    11.9    18.4   14:24    07.0   06:15     06.4     00.0    00.0   03.8     27.8    13:37      NW
08    13.3    17.9   15:23    09.1   05:05     05.0     00.0    00.0   06.9     25.9    16:45      N 
09    14.7    20.1   16:32    09.7   06:07     03.6     00.0    00.0   07.4     33.3    14:56     NNE
10    12.7    18.3   16:07    06.8   06:09     05.6     00.0    00.0   10.5     33.3    01:05     NNE
11    13.8    20.4   15:50    06.8   05:55     04.5     00.0    00.0   08.3     31.4    11:38      NE
12    15.2    21.1   16:30    07.8   06:07     03.1     00.0    00.0   06.6     31.4    09:38      NE
13    18.1    26.2   15:38    09.1   06:13     00.2     00.0    00.6   04.3     25.9    23:52     NNE
14    12.0    15.5   00:01    10.5   08:10     06.3     00.0    26.6   07.0     31.4    23:41      N 
15    10.0    12.2   17:32    06.9   11:04     08.3     00.0    15.0   09.6     35.1    07:38     NNE
16    06.6    08.1   00:08    06.1   22:15     11.7     00.0    17.4   13.3     42.5    15:13     NNE
17    08.4    12.4   17:03    05.9   05:42     09.9     00.0    01.4   10.8     35.1    17:24     NNE
18    12.9    17.4   17:17    08.7   00:11     05.4     00.0    01.0   08.1     31.4    01:51     NNE
19    18.5    24.2   16:25    15.0   00:19     00.0     00.2    02.2   05.9     24.1    10:47     ENE
20    19.0    25.1   15:52    15.0   07:09     00.0     00.7    05.6   03.2     18.5    09:48     NNE
21    18.5    24.3   16:08    14.4   05:30     00.0     00.2    01.6   04.5     31.4    10:54     NNE
22    16.4    23.6   16:26    09.9   05:56     01.9     00.0    01.0   04.9     24.1    02:41      NE
23    17.8    22.5   15:32    14.3   06:13     00.5     00.0    04.4   03.6     29.6    16:48      SE
24    18.6    23.0   16:28    12.3   00:00     00.0     00.3    02.0   04.8     37.0    17:03      W 
25    13.5    18.9   16:31    10.2   02:29     04.8     00.0    00.0   01.9     18.5    10:31      E 
26    15.9    20.4   10:24    11.8   00:00     02.4     00.0    04.4   04.0     27.8    20:26     NNE
27    11.0    11.9   15:00    10.2   08:21     07.3     00.0    15.2   06.2     29.6    06:27     NNE
28    14.8    20.6   17:10    09.9   04:46     03.5     00.0    05.0   03.1     18.5    04:23      NE
29    17.7    19.7   18:41    16.0   06:06     00.6     00.0    11.0   00.6     16.6    12:52     NNE
30    21.4    27.6   16:35    16.7   01:47     00.0     03.1    00.0   02.0     22.2    17:46     WNW
31    22.9    29.3   16:28    17.8   01:40     00.0     04.6    00.0   01.6     11.1    13:19     ENE
----------------------------------------------------------------------------------------------------------------------------------------------------------
14.1 (14.4)   29.3  day 31     04.5  day 06   139.5    009.1   148.2   05.7     42.6   day 16     NNE
Min <=   30: 31
Max Rain: 26.6 ON 14-05-11
Days of Rain: 20 (> .2mm) 13 (> 2mm) 1 (> 20mm)