NOAA style reports

NOAA-style Climate Reports

Select NOAA data to display

Select a Year or Month report
2021 > Jan Feb Mar Apr May Jun Jul Aug Sep Oct Nov Dec
2020 > Jan Feb Mar Apr May Jun Jul Aug Sep Oct Nov Dec
2019 > Jan Feb Mar Apr May Jun Jul Aug Sep Oct Nov Dec
2018 > Jan Feb Mar Apr May Jun Jul Aug Sep Oct Nov Dec
2017 > Jan Feb Mar Apr May Jun Jul Aug Sep Oct Nov Dec
2016 > Jan Feb Mar Apr May Jun Jul Aug Sep Oct Nov Dec
2015 > Jan Feb Mar Apr May Jun Jul Aug Sep Oct Nov Dec
2014 > Jan Feb Mar Apr May Jun Jul Aug Sep Oct Nov Dec
2013 > Jan Feb Mar Apr May Jun Jul Aug Sep Oct Nov Dec
2012 > Jan Feb Mar Apr May Jun Jul Aug Sep Oct Nov Dec
2011 > Jan Feb Mar Apr May Jun Jul Aug Sep Oct Nov Dec
2010 > Jan Feb Mar Apr May Jun Jul Aug Sep Oct Nov Dec
2009 > Jan Feb Mar Apr May Jun Jul Aug Sep Oct Nov Dec
2008 > Jan Feb Mar Apr May Jun Jul Aug Sep Oct Nov Dec

Report for 2011 Jun

Daily noaa report



                            MONTHLY CLIMATOLOGICAL SUMMARY for JUN. 2011

NAME: Home Weather Station Davis VP2   CITY: Beaconsfield STATE: Quebec, Canada
ELEV: 118 LAT: 045:25:46 LONG: 0073:51:35

                            TEMPERATURE ( C), RAIN (mm), WIND SPEED (kmh)

                                               HEAT     COOL           AVG
      MEAN                                     DEG      DEG            WIND                       DOM
DAY   TEMP    HIGH   TIME     LOW    TIME      DAYS     DAYS    RAIN   SPEED    HIGH    TIME      DIR
----------------------------------------------------------------------------------------------------------------------------------------------------------
01    23.7    29.3   14:41    17.7   00:00     00.0     05.4    00.0   05.9     51.8    20:34     WSW
02    13.9    17.7   00:01    12.2   00:00     04.4     00.0    00.0   09.4     51.8    09:38      W 
03    15.4    22.2   15:52    09.0   05:37     02.9     00.0    00.0   05.9     33.3    15:51      W 
04    16.1    21.4   16:56    10.0   05:58     02.2     00.0    00.0   02.1     18.5    03:41     ENE
05    17.5    22.7   16:46    13.8   03:24     00.8     00.0    00.0   00.0     00.0    00:00     SSE
06    20.0    27.1   16:16    13.3   04:42     00.0     01.7    00.0   00.0     01.9    21:03     SSE
07    22.2    29.6   16:37    15.0   06:39     00.0     03.9    00.0   00.0     01.9    22:36      SW
08    24.5    31.9   15:32    19.7   04:34     00.0     06.2    02.0   01.7     66.6    18:48     WSW
09    22.9    28.8   14:41    18.9   03:33     00.0     04.6    00.4   03.7     29.6    15:09     WNW
10    19.2    23.7   15:39    14.9   07:09     00.0     00.9    00.0   03.5     24.1    06:03     NNE
11    17.5    21.7   11:17    14.6   00:00     00.8     00.0    00.2   07.0     40.7    16:22     ESE
12    16.0    18.7   17:01    14.2   07:03     02.3     00.0    16.0   02.8     24.1    00:04     ESE
13    14.1    16.1   00:14    12.8   09:22     04.2     00.0    05.2   05.2     27.8    15:12      N 
14    17.3    24.7   15:52    11.2   04:00     01.0     00.0    00.2   05.1     29.6    09:56     NNE
15    20.8    28.4   16:41    13.7   05:22     00.0     02.5    00.0   00.0     01.9    01:43     WSW
16    23.4    31.7   16:07    16.3   05:57     00.0     05.1    00.0   00.5     18.5    15:28     WNW
17    21.5    27.4   15:42    16.0   06:00     00.0     03.2    00.0   00.2     18.5    02:17     SSW
18    22.2    27.6   14:58    17.6   00:00     00.0     03.9    00.0   04.1     33.3    16:42     WNW
19    19.2    26.4   15:59    11.3   04:31     00.0     00.9    00.0   03.7     24.1    14:37     WNW
20    20.0    26.5   15:59    12.8   05:45     00.0     01.7    00.0   00.9     14.8    17:19      NW
21    21.7    28.3   15:49    13.8   05:55     00.0     03.4    00.0   01.3     31.4    20:19      N 
22    20.9    26.5   13:38    15.6   05:24     00.0     02.6    00.0   03.0     20.4    09:17      E 
23    19.6    22.6   11:54    18.2   02:21     00.0     01.3    07.4   06.9     29.6    20:54     ESE
24    17.6    18.8   15:54    16.5   09:41     00.7     00.0    05.6   07.5     31.4    18:31     ESE
25    18.2    21.4   15:07    15.4   06:07     00.1     00.0    05.6   01.7     24.1    03:07      SE
26    20.1    24.6   16:22    16.5   00:00     00.0     01.8    00.4   01.7     25.9    13:24      W 
27    21.1    27.8   16:17    15.7   02:01     00.0     02.8    00.0   00.3     12.9    07:51      SW
28    22.1    27.7   15:29    17.8   04:01     00.0     03.8    01.4   02.7     27.8    15:29     ESE
29    17.7    19.7   11:39    15.0   00:00     00.6     00.0    00.8   02.2     33.3    19:42      W 
30    17.2    21.6   12:42    14.7   02:04     01.1     00.0    00.2   04.1     33.3    13:12      W 
----------------------------------------------------------------------------------------------------------------------------------------------------------
19.5 (19.8)   31.9  day 08     09.0  day 03   021.0    055.7   046.0   03.1     66.6   day 08     WNW
Max >=  30: 2
Min <=   30: 30
Max Rain: 16.0 ON 12-06-11
Days of Rain: 67 (> .2mm) 5 (> 2mm) 0 (> 20mm)