NOAA style reports

NOAA-style Climate Reports

Select NOAA data to display

Select a Year or Month report
2021 > Jan Feb Mar Apr May Jun Jul Aug Sep Oct Nov Dec
2020 > Jan Feb Mar Apr May Jun Jul Aug Sep Oct Nov Dec
2019 > Jan Feb Mar Apr May Jun Jul Aug Sep Oct Nov Dec
2018 > Jan Feb Mar Apr May Jun Jul Aug Sep Oct Nov Dec
2017 > Jan Feb Mar Apr May Jun Jul Aug Sep Oct Nov Dec
2016 > Jan Feb Mar Apr May Jun Jul Aug Sep Oct Nov Dec
2015 > Jan Feb Mar Apr May Jun Jul Aug Sep Oct Nov Dec
2014 > Jan Feb Mar Apr May Jun Jul Aug Sep Oct Nov Dec
2013 > Jan Feb Mar Apr May Jun Jul Aug Sep Oct Nov Dec
2012 > Jan Feb Mar Apr May Jun Jul Aug Sep Oct Nov Dec
2011 > Jan Feb Mar Apr May Jun Jul Aug Sep Oct Nov Dec
2010 > Jan Feb Mar Apr May Jun Jul Aug Sep Oct Nov Dec
2009 > Jan Feb Mar Apr May Jun Jul Aug Sep Oct Nov Dec
2008 > Jan Feb Mar Apr May Jun Jul Aug Sep Oct Nov Dec

Report for 2011 Jul

Daily noaa report



                            MONTHLY CLIMATOLOGICAL SUMMARY for JUL. 2011

NAME: Home Weather Station Davis VP2   CITY: Beaconsfield STATE: Quebec, Canada
ELEV: 118 LAT: 045:25:46 LONG: 0073:51:35

                            TEMPERATURE ( C), RAIN (mm), WIND SPEED (kmh)

                                               HEAT     COOL           AVG
      MEAN                                     DEG      DEG            WIND                       DOM
DAY   TEMP    HIGH   TIME     LOW    TIME      DAYS     DAYS    RAIN   SPEED    HIGH    TIME      DIR
----------------------------------------------------------------------------------------------------------------------------------------------------------
01    20.7    28.1   16:13    14.6   03:19     00.0     02.4    00.2   00.8     14.8    15:37      W 
02    23.6    30.7   16:26    16.7   05:47     00.0     05.3    00.0   00.2     18.5    17:36     SSW
03    25.7    32.3   16:19    20.2   03:48     00.0     07.4    00.0   00.6     22.2    19:27     WSW
04    25.5    32.4   16:06    19.4   06:02     00.0     07.2    00.0   01.5     25.9    15:15      W 
05    24.6    31.8   15:57    18.0   06:07     00.0     06.3    00.0   00.9     20.4    15:11     WSW
06    22.1    26.1   17:07    19.7   00:00     00.0     03.8    04.8   02.1     33.3    16:13      W 
07    20.8    26.4   16:19    15.9   05:59     00.0     02.5    00.0   02.8     24.1    17:30      W 
08    21.0    28.8   16:03    14.2   04:05     00.0     02.7    04.2   00.8     42.5    23:33     SSE
09    20.6    26.9   15:39    15.1   06:06     00.0     02.3    04.0   03.0     27.8    16:32     WNW
10    22.7    28.4   17:03    16.6   03:30     00.0     04.4    00.0   00.4     12.9    23:47     WSW
11    24.6    29.3   12:29    21.0   05:20     00.0     06.3    02.0   01.1     24.1    20:02     WSW
12    25.0    30.6   14:42    20.8   06:00     00.0     06.7    00.2   03.0     27.8    15:59      W 
13    20.5    24.9   11:20    16.8   13:32     00.0     02.2    10.4   02.6     22.2    12:49      NW
14    21.5    28.7   15:44    13.4   06:01     00.0     03.2    00.0   02.0     18.5    15:57     WNW
15    22.2    30.1   15:30    14.1   06:08     00.0     03.9    00.0   00.6     14.8    15:30      W 
16    23.9    31.2   16:38    16.4   05:53     00.0     05.6    00.2   00.3     09.3    17:30      SW
17    25.5    32.9   16:38    20.1   01:53     00.0     07.2    00.0   02.1     25.9    21:30     WSW
18    24.4    29.7   15:30    20.8   05:13     00.0     06.1    00.0   03.2     22.2    17:29      W 
19    23.4    28.6   14:51    17.7   06:23     00.0     05.1    00.0   01.8     16.6    13:06     WNW
20    25.4    32.4   16:03    17.9   06:18     00.0     07.1    00.0   01.7     18.5    17:57      SW
21    29.6    36.1   16:28    24.0   05:30     00.0     11.3    00.0   03.1     37.0    11:37     WSW
22    28.6    33.5   15:42    25.2   07:27     00.0     10.3    00.0   03.5     33.3    15:31      W 
23    27.5    33.3   15:09    21.9   05:42     00.0     09.2    00.0   04.4     38.9    14:46      W 
24    22.9    28.7   16:24    17.8   06:30     00.0     04.6    00.2   03.2     31.4    14:17     NNE
25    21.1    26.4   15:22    15.3   05:34     00.0     02.8    00.0   01.2     14.8    19:09     ESE
26    20.6    27.2   13:48    17.0   23:27     00.0     02.3    02.2   01.4     33.3    15:15      W 
27    21.0    27.5   16:27    15.4   05:54     00.0     02.7    00.0   01.0     12.9    16:42     WNW
28    23.5    30.6   16:33    16.7   05:57     00.0     05.2    00.0   01.2     14.8    18:28     ESE
29    23.4    25.9   18:17    19.8   04:58     00.0     05.1    00.0   00.1     18.5    23:59      E 
30    22.4    29.0   16:32    17.3   06:16     00.0     04.1    07.6   03.3     33.3    15:51     WNW
31    22.7    28.8   15:31    15.0   06:25     00.0     04.4    00.0   00.4     14.8    13:36      SW
----------------------------------------------------------------------------------------------------------------------------------------------------------
23.5 (23.7)   36.1  day 21     13.4  day 14   000.0    159.7   036.6   01.8     42.6   day 08      W 
Max >=  30: 13
Min <=   30: 31
Max Rain: 10.4 ON 13-07-11
Days of Rain: 11 (> .2mm) 6 (> 2mm) 0 (> 20mm)