NOAA style reports

NOAA-style Climate Reports

Select NOAA data to display

Select a Year or Month report
2021 > Jan Feb Mar Apr May Jun Jul Aug Sep Oct Nov Dec
2020 > Jan Feb Mar Apr May Jun Jul Aug Sep Oct Nov Dec
2019 > Jan Feb Mar Apr May Jun Jul Aug Sep Oct Nov Dec
2018 > Jan Feb Mar Apr May Jun Jul Aug Sep Oct Nov Dec
2017 > Jan Feb Mar Apr May Jun Jul Aug Sep Oct Nov Dec
2016 > Jan Feb Mar Apr May Jun Jul Aug Sep Oct Nov Dec
2015 > Jan Feb Mar Apr May Jun Jul Aug Sep Oct Nov Dec
2014 > Jan Feb Mar Apr May Jun Jul Aug Sep Oct Nov Dec
2013 > Jan Feb Mar Apr May Jun Jul Aug Sep Oct Nov Dec
2012 > Jan Feb Mar Apr May Jun Jul Aug Sep Oct Nov Dec
2011 > Jan Feb Mar Apr May Jun Jul Aug Sep Oct Nov Dec
2010 > Jan Feb Mar Apr May Jun Jul Aug Sep Oct Nov Dec
2009 > Jan Feb Mar Apr May Jun Jul Aug Sep Oct Nov Dec
2008 > Jan Feb Mar Apr May Jun Jul Aug Sep Oct Nov Dec

Report for 2011 Sep

Daily noaa report



                            MONTHLY CLIMATOLOGICAL SUMMARY for SEP. 2011

NAME: Home Weather Station Davis VP2   CITY: Beaconsfield STATE: Quebec, Canada
ELEV: 118 LAT: 045:25:46 LONG: 0073:51:35

                            TEMPERATURE ( C), RAIN (mm), WIND SPEED (kmh)

                                               HEAT     COOL           AVG
      MEAN                                     DEG      DEG            WIND                       DOM
DAY   TEMP    HIGH   TIME     LOW    TIME      DAYS     DAYS    RAIN   SPEED    HIGH    TIME      DIR
----------------------------------------------------------------------------------------------------------------------------------------------------------
01    19.6    25.0   16:09    14.1   03:31     00.0     01.3    00.0   02.9     18.5    17:17      E 
02    22.8    26.8   16:16    19.9   06:18     00.0     04.5    00.0   01.0     18.5    14:36      SE
03    24.6    29.7   14:52    21.1   04:19     00.0     06.3    00.0   01.8     22.2    10:10      W 
04    22.2    27.6   16:15    18.8   06:59     00.0     03.9    20.2   02.3     37.0    18:08      NW
05    18.7    20.4   04:16    15.6   00:00     00.0     00.4    07.0   01.9     18.5    14:20      N 
06    16.2    20.9   14:18    13.6   05:29     02.1     00.0    08.8   03.3     20.4    11:21      N 
07    15.8    17.7   16:02    12.9   01:41     02.5     00.0    00.0   03.7     24.1    13:19      NE
08    18.2    21.9   15:00    15.3   00:00     00.1     00.0    00.0   02.1     18.5    12:14     ENE
09    19.3    25.8   15:43    14.3   06:56     00.0     01.0    00.0   02.0     24.1    15:44      W 
10    15.3    19.4   14:05    10.8   06:59     03.0     00.0    00.0   01.8     20.4    08:51     NNE
11    15.4    20.8   15:01    09.1   06:46     02.9     00.0    00.0   00.3     09.3    07:56     ESE
12    20.3    25.7   16:15    15.0   01:30     00.0     02.0    00.0   01.3     22.2    10:37      W 
13    20.5    27.2   13:48    17.2   05:20     00.0     02.2    22.0   01.4     25.9    19:07      SW
14    15.9    19.0   15:34    12.9   07:06     02.4     00.0    00.0   01.5     14.8    13:34     WNW
15    12.4    15.6   00:02    08.8   23:42     05.9     00.0    07.4   02.3     25.9    20:03      W 
16    09.8    13.6   13:28    07.1   07:10     08.5     00.0    00.0   05.2     35.1    14:31      W 
17    11.4    17.3   13:23    06.1   03:14     06.9     00.0    00.0   01.3     16.6    10:41     WSW
18    12.5    18.5   13:38    06.7   05:40     05.8     00.0    00.0   01.2     18.5    12:28      E 
19    13.5    19.3   13:46    06.9   06:37     04.8     00.0    00.0   01.4     22.2    13:59     ESE
20    15.7    20.4   15:24    12.1   00:00     02.6     00.0    13.8   01.7     24.1    15:37     WSW
21    16.2    21.2   15:26    10.3   06:15     02.1     00.0    00.0   02.3     20.4    13:08     ESE
22    19.1    21.8   17:13    16.6   00:26     00.0     00.8    00.2   00.2     11.1    10:49      SE
23    18.2    22.2   13:55    13.1   07:08     00.1     00.0    00.0   01.5     18.5    21:46      NE
24    20.4    23.2   16:08    18.1   07:21     00.0     02.1    00.0   02.7     18.5    09:22     NNE
25    19.7    24.0   13:47    15.0   00:00     00.0     01.4    00.0   00.6     18.5    13:49     WSW
26    17.1    23.7   15:36    11.4   07:14     01.2     00.0    00.0   00.8     16.6    14:07      W 
27    18.8    24.0   16:54    13.3   06:59     00.0     00.5    00.0   03.4     27.8    20:53     ENE
28    17.6    22.8   13:18    12.0   07:12     00.7     00.0    02.0   03.6     22.2    16:44      NE
29    17.7    19.6   13:32    14.8   00:00     00.6     00.0    41.0   04.2     25.9    05:42     ESE
30    16.0    19.8   15:15    13.8   23:54     02.3     00.0    00.2   01.7     24.1    02:57      SW
----------------------------------------------------------------------------------------------------------------------------------------------------------
17.4 (17.5)   29.7  day 03     06.1  day 17   054.6    026.5   122.6   02.1     37.0   day 04     N
Min <=   30: 30
Max Rain: 41.0 ON 29-09-11
Days of Rain: 64 (> .2mm) 7 (> 2mm) 3 (> 20mm)