NOAA style reports

NOAA-style Climate Reports

Select NOAA data to display

Select a Year or Month report
2021 > Jan Feb Mar Apr May Jun Jul Aug Sep Oct Nov Dec
2020 > Jan Feb Mar Apr May Jun Jul Aug Sep Oct Nov Dec
2019 > Jan Feb Mar Apr May Jun Jul Aug Sep Oct Nov Dec
2018 > Jan Feb Mar Apr May Jun Jul Aug Sep Oct Nov Dec
2017 > Jan Feb Mar Apr May Jun Jul Aug Sep Oct Nov Dec
2016 > Jan Feb Mar Apr May Jun Jul Aug Sep Oct Nov Dec
2015 > Jan Feb Mar Apr May Jun Jul Aug Sep Oct Nov Dec
2014 > Jan Feb Mar Apr May Jun Jul Aug Sep Oct Nov Dec
2013 > Jan Feb Mar Apr May Jun Jul Aug Sep Oct Nov Dec
2012 > Jan Feb Mar Apr May Jun Jul Aug Sep Oct Nov Dec
2011 > Jan Feb Mar Apr May Jun Jul Aug Sep Oct Nov Dec
2010 > Jan Feb Mar Apr May Jun Jul Aug Sep Oct Nov Dec
2009 > Jan Feb Mar Apr May Jun Jul Aug Sep Oct Nov Dec
2008 > Jan Feb Mar Apr May Jun Jul Aug Sep Oct Nov Dec

Report for 2011 Oct

Daily noaa report



                            MONTHLY CLIMATOLOGICAL SUMMARY for OCT. 2011

NAME: Home Weather Station Davis VP2   CITY: Beaconsfield STATE: Quebec, Canada
ELEV: 118 LAT: 045:25:46 LONG: 0073:51:35

                            TEMPERATURE ( C), RAIN (mm), WIND SPEED (kmh)

                                               HEAT     COOL           AVG
      MEAN                                     DEG      DEG            WIND                       DOM
DAY   TEMP    HIGH   TIME     LOW    TIME      DAYS     DAYS    RAIN   SPEED    HIGH    TIME      DIR
----------------------------------------------------------------------------------------------------------------------------------------------------------
01    09.7    13.5   00:50    06.4   21:26     08.6     00.0    10.0   08.0     37.0    06:49      N 
02    08.9    10.6   14:19    06.5   00:53     09.4     00.0    11.6   08.4     40.7    14:06     NNE
03    11.3    12.7   16:14    09.7   06:01     07.0     00.0    02.2   04.2     29.6    01:21     NNE
04    12.9    14.9   17:06    10.3   00:00     05.4     00.0    00.2   02.8     16.6    17:56      N 
05    11.4    15.0   15:35    06.1   00:00     06.9     00.0    00.0   04.5     35.1    12:42     NNW
06    07.3    13.0   16:37    02.2   06:51     11.0     00.0    00.0   01.9     20.4    16:44     WNW
07    11.1    17.6   16:27    03.6   07:10     07.2     00.0    00.0   00.8     18.5    22:06      W 
08    17.0    23.2   15:17    11.4   02:02     01.3     00.0    00.0   01.7     16.6    06:47     WSW
09    18.7    24.4   15:22    14.1   06:55     00.0     00.4    00.0   01.8     20.4    11:10     WSW
10    17.4    22.8   15:22    10.5   00:00     00.9     00.0    00.0   02.0     22.2    15:11     WNW
11    12.0    16.6   16:05    08.6   03:07     06.3     00.0    00.0   01.9     18.5    08:37     NNE
12    12.8    17.5   16:10    08.0   05:53     05.5     00.0    00.0   04.2     20.4    23:53     ENE
13    14.8    17.7   15:07    12.6   08:12     03.5     00.0    00.0   05.9     24.1    11:04      E 
14    16.0    18.6   14:59    13.7   05:06     02.3     00.0    33.0   05.3     40.7    15:31      E 
15    11.6    14.4   00:04    09.0   22:08     06.7     00.0    08.0   05.2     31.4    23:29      SW
16    10.9    13.5   17:16    08.7   06:37     07.4     00.0    01.6   04.7     38.9    07:37      SW
17    09.4    12.3   12:31    07.0   06:53     08.9     00.0    00.2   03.2     38.9    12:39      SW
18    10.3    13.4   16:10    07.1   00:00     08.0     00.0    00.0   02.1     18.5    12:32      SW
19    10.8    13.7   16:59    06.8   00:25     07.5     00.0    00.2   06.6     37.0    15:42     NNE
20    10.8    13.7   15:02    09.2   04:20     07.5     00.0    20.2   09.8     55.5    07:09     NNE
21    10.0    12.3   13:18    08.2   03:42     08.3     00.0    01.2   01.8     16.6    12:22      SW
22    08.5    10.8   14:42    04.1   00:00     09.8     00.0    00.0   01.8     22.2    16:06      W 
23    07.2    10.2   15:52    04.0   00:26     11.1     00.0    00.0   00.6     12.9    14:02      E 
24    08.7    14.8   14:34    02.7   05:40     09.6     00.0    02.2   03.0     29.6    13:01      SE
25    08.4    10.7   14:54    04.8   00:00     09.9     00.0    00.2   04.7     35.1    10:17     WSW
26    05.2    08.8   14:30    01.7   07:22     13.1     00.0    00.0   02.1     24.1    20:18      NW
27    03.5    05.3   15:03    00.7   08:13     14.8     00.0    00.0   03.4     20.4    21:06     NNW
28    02.6    06.7   15:12   -01.5   00:00     15.7     00.0    00.0   04.4     31.4    12:47      W 
29    01.6    05.7   14:49   -02.8   05:50     16.7     00.0    00.0   02.8     22.2    11:35     NNE
30    04.7    09.6   15:13    01.2   07:54     13.6     00.0    00.0   04.5     29.6    14:47      NW
31    05.8    10.9   14:26    00.4   04:45     12.5     00.0    00.0   01.0     14.8    18:29     SSE
----------------------------------------------------------------------------------------------------------------------------------------------------------
10.0 (10.0)   24.4  day 09    -02.8  day 29   256.3    000.4   090.8   03.7     55.5   day 20     NNW
Min <=   30: 31
Max Rain: 33.0 ON 14-10-11
Days of Rain: 13 (> .2mm) 7 (> 2mm) 2 (> 20mm)