NOAA style reports

NOAA-style Climate Reports

Select NOAA data to display

Select a Year or Month report
2022 > Jan Feb Mar Apr May Jun Jul Aug Sep Oct Nov Dec
2021 > Jan Feb Mar Apr May Jun Jul Aug Sep Oct Nov Dec
2020 > Jan Feb Mar Apr May Jun Jul Aug Sep Oct Nov Dec
2019 > Jan Feb Mar Apr May Jun Jul Aug Sep Oct Nov Dec
2018 > Jan Feb Mar Apr May Jun Jul Aug Sep Oct Nov Dec
2017 > Jan Feb Mar Apr May Jun Jul Aug Sep Oct Nov Dec
2016 > Jan Feb Mar Apr May Jun Jul Aug Sep Oct Nov Dec
2015 > Jan Feb Mar Apr May Jun Jul Aug Sep Oct Nov Dec
2014 > Jan Feb Mar Apr May Jun Jul Aug Sep Oct Nov Dec
2013 > Jan Feb Mar Apr May Jun Jul Aug Sep Oct Nov Dec
2012 > Jan Feb Mar Apr May Jun Jul Aug Sep Oct Nov Dec
2011 > Jan Feb Mar Apr May Jun Jul Aug Sep Oct Nov Dec
2010 > Jan Feb Mar Apr May Jun Jul Aug Sep Oct Nov Dec
2009 > Jan Feb Mar Apr May Jun Jul Aug Sep Oct Nov Dec
2008 > Jan Feb Mar Apr May Jun Jul Aug Sep Oct Nov Dec

Report for 2011 Nov

Daily noaa report



                            MONTHLY CLIMATOLOGICAL SUMMARY for NOV. 2011

NAME: Home Weather Station Davis VP2   CITY: Beaconsfield STATE: Quebec, Canada
ELEV: 118 LAT: 045:25:46 LONG: 0073:51:35

                            TEMPERATURE ( C), RAIN (mm), WIND SPEED (kmh)

                                               HEAT     COOL           AVG
      MEAN                                     DEG      DEG            WIND                       DOM
DAY   TEMP    HIGH   TIME     LOW    TIME      DAYS     DAYS    RAIN   SPEED    HIGH    TIME      DIR
--------------------------------------------------------------------------------------------------------
01    06.4    11.4   14:30    02.1   08:11     11.9     00.0    00.0   00.4     09.3    12:59      SE
02    07.6    15.0   14:48    01.7   05:54     10.7     00.0    00.0   00.8     14.8    15:51     SSE
03    08.3    14.1   12:20    02.2   00:00     10.0     00.0    01.4   01.9     22.2    14:31      W 
04    02.7    06.7   13:23   -00.3   07:52     15.6     00.0    00.2   03.8     31.4    13:53      NW
05    02.3    07.2   15:33   -02.3   08:17     16.0     00.0    00.0   01.2     09.3    15:02     WSW
06    04.0    12.8   14:16   -02.7   06:54     14.3     00.0    00.0   00.7     20.4    12:04      S 
07    08.7    15.2   14:14    00.9   05:02     09.6     00.0    00.0   02.5     22.2    21:21     SSW
08    10.8    15.0   13:46    06.8   06:58     07.5     00.0    00.0   01.9     18.5    09:23     WSW
09    11.5    15.3   14:19    07.5   00:00     06.8     00.0    00.0   03.7     18.5    15:02     NNE
10    08.4    12.3   08:41    05.2   00:00     09.9     00.0    03.4   02.5     25.9    10:38      SW
11    04.4    07.9   12:51    01.4   22:01     13.9     00.0    00.0   09.2     38.9    18:08      W 
12    05.4    08.8   16:21    00.7   03:48     12.9     00.0    00.0   05.2     29.6    00:57      SW
13    08.6    12.6   14:08    03.9   03:44     09.7     00.0    00.0   02.9     18.5    14:07      SE
--------------------------------------------------------------------------------------------------------
05.7 (7.0)   19.0  day 14    -07.4  day 22   378.5    000.0   043.0   04.3     42.6   day 16      W 
Max <=   0: 1
Min <=   30: 30
Min <=  -5: 2
Max Rain: 10.0 ON 29-11-16
Days of Rain: 13 (> .2mm) 8 (> 2mm) 0 (> 20mm)