NOAA style reports

NOAA-style Climate Reports

Select NOAA data to display

Select a Year or Month report
2021 > Jan Feb Mar Apr May Jun Jul Aug Sep Oct Nov Dec
2020 > Jan Feb Mar Apr May Jun Jul Aug Sep Oct Nov Dec
2019 > Jan Feb Mar Apr May Jun Jul Aug Sep Oct Nov Dec
2018 > Jan Feb Mar Apr May Jun Jul Aug Sep Oct Nov Dec
2017 > Jan Feb Mar Apr May Jun Jul Aug Sep Oct Nov Dec
2016 > Jan Feb Mar Apr May Jun Jul Aug Sep Oct Nov Dec
2015 > Jan Feb Mar Apr May Jun Jul Aug Sep Oct Nov Dec
2014 > Jan Feb Mar Apr May Jun Jul Aug Sep Oct Nov Dec
2013 > Jan Feb Mar Apr May Jun Jul Aug Sep Oct Nov Dec
2012 > Jan Feb Mar Apr May Jun Jul Aug Sep Oct Nov Dec
2011 > Jan Feb Mar Apr May Jun Jul Aug Sep Oct Nov Dec
2010 > Jan Feb Mar Apr May Jun Jul Aug Sep Oct Nov Dec
2009 > Jan Feb Mar Apr May Jun Jul Aug Sep Oct Nov Dec
2008 > Jan Feb Mar Apr May Jun Jul Aug Sep Oct Nov Dec

Report for 2011 Dec

Daily noaa report



                            MONTHLY CLIMATOLOGICAL SUMMARY for DEC. 2011

NAME: Home Weather Station Davis VP2   CITY: Beaconsfield STATE: Quebec, Canada
ELEV: 118 LAT: 045:25:46 LONG: 0073:51:35

                            TEMPERATURE ( C), RAIN (mm), WIND SPEED (kmh)

                                               HEAT     COOL           AVG
      MEAN                                     DEG      DEG            WIND                       DOM
DAY   TEMP    HIGH   TIME     LOW    TIME      DAYS     DAYS    RAIN   SPEED    HIGH    TIME      DIR
----------------------------------------------------------------------------------------------------------------------------------------------------------
01   -01.4    00.3   00:01   -03.7   07:39     19.7     00.0    00.0   03.9     33.3    00:21      W 
02    01.0    04.3   09:53   -02.1   00:00     17.3     00.0    00.8   06.3     27.8    10:26      W 
03   -00.9    02.1   13:50   -04.5   06:42     19.2     00.0    00.0   03.6     20.4    18:11      SE
04    04.9    09.4   14:48   -01.1   02:59     13.4     00.0    01.2   04.0     18.5    15:30      SE
05    07.3    08.8   15:58    06.1   00:00     11.0     00.0    14.8   02.4     18.5    23:58     SSW
06    02.3    06.1   00:01    00.3   23:59     16.0     00.0    07.8   06.3     25.9    09:57      N 
07    00.8    02.1   16:28   -00.5   22:59     17.5     00.0    00.0   02.7     20.4    23:32      NW
08    00.5    02.8   13:59   -02.2   07:01     17.8     00.0    00.0   09.4     50.0    11:11     WSW
09    01.4    02.6   09:32   -00.4   05:13     16.9     00.0    02.4   04.5     24.1    09:45     SSW
10   -02.4    00.6   00:16   -04.7   21:17     20.7     00.0    00.0   05.1     29.6    01:09      W 
11   -01.4    02.0   13:51   -04.8   07:02     19.7     00.0    00.0   04.9     22.2    15:55     SSW
12    01.2    06.2   14:13   -02.7   03:33     17.1     00.0    00.6   03.3     24.1    11:38     WSW
13    00.9    01.8   15:45   -02.2   01:49     17.4     00.0    00.4   02.3     12.9    10:43      W 
14    01.7    02.7   00:00    01.0   03:32     16.6     00.0    00.2   03.9     22.2    22:43      E 
15    06.2    10.5   20:34    02.7   00:02     12.1     00.0    28.4   07.5     31.4    22:24     SSE
16    02.8    09.4   00:31   -02.8   00:00     15.5     00.0    00.6   11.5     50.0    06:07      W 
17   -06.7   -02.8   00:01   -09.6   00:00     25.0     00.0    00.0   05.4     20.4    05:16      NW
18   -08.3   -05.6   13:53   -11.9   07:57     26.6     00.0    00.2   04.0     20.4    19:02      SE
19    00.4    05.7   15:23   -05.9   00:01     17.9     00.0    00.4   09.4     31.4    20:33     SSW
20   -05.4    00.2   00:01   -08.7   22:24     23.7     00.0    00.0   05.9     38.9    01:31     WNW
21   -04.0   -00.2   00:00   -08.1   02:37     22.3     00.0    00.0   04.8     22.2    19:37     NNE
22    01.3    04.0   14:07   -00.2   00:22     17.0     00.0    11.4   01.1     18.5    12:59     WNW
23   -03.2    01.2   00:09   -13.0   00:00     21.5     00.0    00.0   03.7     16.6    21:03     NNW
24   -14.0   -11.0   14:14   -16.1   07:46     32.3     00.0    00.2   03.8     20.4    18:55      NE
25   -10.3   -06.2   00:00   -15.1   01:52     28.6     00.0    08.8   05.5     18.5    02:41     NNE
26   -02.9    00.2   20:30   -06.2   00:17     21.2     00.0    00.0   05.2     25.9    10:32     WSW
27    00.5    02.6   14:52   -01.9   03:56     17.8     00.0    12.8   04.9     29.6    21:03     ESE
28   -05.0    02.5   04:30   -14.3   00:00     23.3     00.0    02.8   11.5     46.3    09:03     WSW
29   -15.8   -13.6   14:15   -18.3   08:13     34.1     00.0    00.0   08.5     37.0    00:53     WSW
30   -13.1   -08.0   23:48   -17.3   02:06     31.4     00.0    00.4   05.8     22.2    11:54     NNE
31   -04.0   -01.6   23:50   -08.3   00:20     22.3     00.0    00.8   05.5     25.9    08:30     NNE
----------------------------------------------------------------------------------------------------------------------------------------------------------
-2.1 (-2.2)   10.5  day 15    -18.3  day 29   633.0    000.0   095.0   05.4     50.0   day 16      W 
Max <=   0: 8
Min <=   30: 31
Min <= -18: 1
Max <=  -5: 5
Min <=  -5: 13
Max <= -10: 2
Min <= -10: 7
Min <= -15: 4
Max Rain: 28.4 ON 15-12-12
Days of Rain: 69 (> .2mm) 8 (> 2mm) 1 (> 20mm)