NOAA style reports

NOAA-style Climate Reports

Select NOAA data to display

Select a Year or Month report
2021 > Jan Feb Mar Apr May Jun Jul Aug Sep Oct Nov Dec
2020 > Jan Feb Mar Apr May Jun Jul Aug Sep Oct Nov Dec
2019 > Jan Feb Mar Apr May Jun Jul Aug Sep Oct Nov Dec
2018 > Jan Feb Mar Apr May Jun Jul Aug Sep Oct Nov Dec
2017 > Jan Feb Mar Apr May Jun Jul Aug Sep Oct Nov Dec
2016 > Jan Feb Mar Apr May Jun Jul Aug Sep Oct Nov Dec
2015 > Jan Feb Mar Apr May Jun Jul Aug Sep Oct Nov Dec
2014 > Jan Feb Mar Apr May Jun Jul Aug Sep Oct Nov Dec
2013 > Jan Feb Mar Apr May Jun Jul Aug Sep Oct Nov Dec
2012 > Jan Feb Mar Apr May Jun Jul Aug Sep Oct Nov Dec
2011 > Jan Feb Mar Apr May Jun Jul Aug Sep Oct Nov Dec
2010 > Jan Feb Mar Apr May Jun Jul Aug Sep Oct Nov Dec
2009 > Jan Feb Mar Apr May Jun Jul Aug Sep Oct Nov Dec
2008 > Jan Feb Mar Apr May Jun Jul Aug Sep Oct Nov Dec

Report for 2012 Jan

Daily noaa report



                            MONTHLY CLIMATOLOGICAL SUMMARY for JAN. 2012

NAME: Home Weather Station Davis VP2   CITY: Beaconsfield STATE: Quebec, Canada
ELEV: 118 LAT: 045:25:46 LONG: 0073:51:35

                            TEMPERATURE ( C), RAIN (mm), WIND SPEED (kmh)

                                               HEAT     COOL           AVG
      MEAN                                     DEG      DEG            WIND                       DOM
DAY   TEMP    HIGH   TIME     LOW    TIME      DAYS     DAYS    RAIN   SPEED    HIGH    TIME      DIR
----------------------------------------------------------------------------------------------------------------------------------------------------------
01    00.7    05.3   23:27   -01.6   00:06     17.6     00.0    01.0   04.6     31.4    15:09     ESE
02    00.1    05.2   00:25   -08.5   00:00     18.2     00.0    00.0   12.6     48.1    11:06     WSW
03   -14.1   -08.5   00:01   -17.2   00:00     32.4     00.0    00.0   10.1     37.0    14:14      W 
04   -13.0   -07.0   20:36   -18.5   05:09     31.3     00.0    00.0   03.5     20.4    07:33      SW
05   -06.1   -02.7   14:05   -09.6   22:06     24.4     00.0    00.2   04.6     37.0    14:33     WNW
06   -10.5   -08.2   00:00   -12.2   08:55     28.8     00.0    01.2   06.2     25.9    08:54     NNE
07   -04.5    00.8   23:23   -08.2   00:01     22.8     00.0    01.4   02.6     38.9    23:54     NNW
08   -05.8    00.7   00:01   -09.2   00:00     24.1     00.0    00.0   07.1     37.0    02:04      W 
09   -03.5    02.7   00:00   -09.4   01:31     21.8     00.0    00.0   02.7     33.3    23:43     SSE
10   -00.9    03.4   11:12   -08.7   00:00     19.2     00.0    00.0   08.9     38.9    14:54      W 
11   -11.6   -08.7   00:01   -13.9   06:50     29.9     00.0    00.0   07.1     25.9    22:38     NNE
12   -06.4   -04.2   22:37   -10.5   00:04     24.7     00.0    12.4   11.2     33.3    13:44     NNE
13   -04.4   -01.4   18:07   -08.7   00:00     22.7     00.0    14.2   09.6     40.7    21:01      NW
14   -16.1   -08.7   00:01   -20.2   00:00     34.4     00.0    00.0   09.8     37.0    01:02      W 
15   -18.2   -14.3   15:28   -22.5   08:01     36.5     00.0    00.0   05.3     25.9    13:56      W 
16   -13.7   -07.0   16:04   -20.8   06:01     32.0     00.0    00.0   04.5     24.1    14:18     ENE
17   -05.1    00.5   00:00   -10.3   00:01     23.4     00.0    08.8   05.3     22.2    20:29     NNE
18   -09.2    04.1   00:37   -16.0   00:00     27.5     00.0    00.0   14.5     64.8    02:00     WSW
19   -09.7   -03.2   18:55   -18.2   05:45     28.0     00.0    00.0   08.9     40.7    14:35      SE
20   -11.9   -03.3   01:44   -17.5   21:32     30.2     00.0    00.0   07.6     35.1    08:23     WSW
21   -13.8   -09.7   14:20   -17.3   00:00     32.1     00.0    00.0   03.4     18.5    10:13      NE
22   -13.3   -07.0   15:03   -19.5   05:51     31.6     00.0    00.0   03.7     18.5    21:22     NNE
23   -01.8    03.9   23:52   -12.6   01:19     20.1     00.0    05.2   05.5     25.9    18:32     ENE
24    02.7    04.9   02:57    00.7   00:00     15.6     00.0    00.4   08.7     29.6    09:48      SW
25   -03.4    00.7   00:02   -05.7   00:00     21.7     00.0    00.0   09.7     40.7    07:55      W 
26   -06.0   -02.4   14:50   -11.5   07:04     24.3     00.0    00.8   04.7     22.2    23:41      NE
27   -01.3    01.2   11:54   -06.0   02:20     19.6     00.0    20.2   08.3     37.0    19:51     NNW
28    00.5    02.4   22:01   -02.2   08:04     17.8     00.0    00.0   05.4     46.3    23:27      SW
29   -00.9    01.8   13:20   -04.4   22:59     19.2     00.0    00.0   09.9     40.7    00:49     WSW
30   -07.3   -03.8   00:08   -10.3   21:56     25.6     00.0    00.0   05.5     31.4    15:07      W 
31   -07.7   -06.2   03:03   -09.5   09:13     26.0     00.0    07.0   07.4     24.1    19:47     NNE
----------------------------------------------------------------------------------------------------------------------------------------------------------
-7.0 (-6.9)   05.3  day 01    -22.5  day 15   783.5    000.0   072.8   07.1     64.8   day 18     WNW
Max <=   0: 17
Min <=   30: 31
Min <= -18: 6
Max <=  -5: 10
Min <=  -5: 27
Max <= -10: 1
Min <= -10: 17
Min <= -15: 10
Min <= -20: 3
Max Rain: 20.2 ON 27-01-12
Days of Rain: 66 (> .2mm) 60 (> 2mm) 1 (> 20mm)