NOAA style reports

NOAA-style Climate Reports

Select NOAA data to display

Select a Year or Month report
2021 > Jan Feb Mar Apr May Jun Jul Aug Sep Oct Nov Dec
2020 > Jan Feb Mar Apr May Jun Jul Aug Sep Oct Nov Dec
2019 > Jan Feb Mar Apr May Jun Jul Aug Sep Oct Nov Dec
2018 > Jan Feb Mar Apr May Jun Jul Aug Sep Oct Nov Dec
2017 > Jan Feb Mar Apr May Jun Jul Aug Sep Oct Nov Dec
2016 > Jan Feb Mar Apr May Jun Jul Aug Sep Oct Nov Dec
2015 > Jan Feb Mar Apr May Jun Jul Aug Sep Oct Nov Dec
2014 > Jan Feb Mar Apr May Jun Jul Aug Sep Oct Nov Dec
2013 > Jan Feb Mar Apr May Jun Jul Aug Sep Oct Nov Dec
2012 > Jan Feb Mar Apr May Jun Jul Aug Sep Oct Nov Dec
2011 > Jan Feb Mar Apr May Jun Jul Aug Sep Oct Nov Dec
2010 > Jan Feb Mar Apr May Jun Jul Aug Sep Oct Nov Dec
2009 > Jan Feb Mar Apr May Jun Jul Aug Sep Oct Nov Dec
2008 > Jan Feb Mar Apr May Jun Jul Aug Sep Oct Nov Dec

Report for 2012 Feb

Daily noaa report



                            MONTHLY CLIMATOLOGICAL SUMMARY for FEB. 2012

NAME: Home Weather Station Davis VP2   CITY: Beaconsfield STATE: Quebec, Canada
ELEV: 118 LAT: 045:25:46 LONG: 0073:51:35

                            TEMPERATURE ( C), RAIN (mm), WIND SPEED (kmh)

                                               HEAT     COOL           AVG
      MEAN                                     DEG      DEG            WIND                       DOM
DAY   TEMP    HIGH   TIME     LOW    TIME      DAYS     DAYS    RAIN   SPEED    HIGH    TIME      DIR
----------------------------------------------------------------------------------------------------------------------------------------------------------
01   -04.6   -03.0   20:38   -06.8   00:01     22.9     00.0    02.4   03.3     18.5    03:51      N 
02   -06.1   -03.6   00:40   -08.4   00:00     24.4     00.0    00.0   01.6     18.5    10:13     NNE
03   -06.8   -02.3   14:09   -13.8   05:42     25.1     00.0    00.0   01.8     16.7    14:24     WSW
04   -06.9   -03.9   02:06   -11.8   23:41     25.2     00.0    00.0   03.7     29.6    02:09      W 
05   -08.2   -00.5   23:58   -15.8   07:13     26.5     00.0    00.0   03.8     25.9    21:41     WSW
06    02.1    04.0   15:32   -00.6   00:08     16.2     00.0    00.0   09.4     42.6    13:41     WSW
07   -04.4    02.3   00:01   -12.3   00:00     22.7     00.0    00.0   06.8     31.5    13:52     WNW
08   -06.9   -00.9   14:38   -14.7   05:12     25.2     00.0    00.0   04.8     27.8    12:28      SW
09   -00.7    03.3   14:27   -05.3   07:03     19.0     00.0    00.0   07.4     31.5    12:27     WSW
10    00.3    02.3   12:21   -01.7   07:47     18.0     00.0    00.0   05.7     24.1    14:07      SW
11   -10.7   -01.1   00:01   -14.8   00:00     29.0     00.0    00.0   04.9     27.8    01:03      N 
12   -13.4   -09.7   00:00   -16.5   03:54     31.7     00.0    00.0   08.2     31.5    16:28      W 
13   -06.1   -01.8   14:41   -10.7   00:00     24.4     00.0    00.0   08.1     37.0    10:53      W 
14   -05.6    02.1   15:55   -13.9   07:12     23.9     00.0    00.0   01.5     13.0    02:38      NE
15    00.7    02.9   15:51   -01.6   03:05     17.6     00.0    00.4   00.7     11.1    15:06     SSE
16    02.2    05.2   12:02    00.4   05:46     16.1     00.0    00.2   03.8     22.2    15:10     ESE
17    02.5    04.1   13:32    00.6   23:52     15.8     00.0    01.4   07.5     37.0    11:08     WSW
18    00.2    03.3   12:54   -03.6   00:00     18.1     00.0    00.0   06.9     25.9    15:01      W 
19   -04.2   -00.8   14:29   -07.7   07:13     22.5     00.0    00.0   04.5     22.2    14:57      W 
20   -06.0   -00.6   15:47   -10.8   07:18     24.3     00.0    00.0   03.2     27.8    15:47      W 
21   -02.0    03.1   14:52   -08.1   04:18     20.3     00.0    00.0   03.2     24.1    15:18      E 
22    02.9    07.5   14:21    00.7   00:01     15.4     00.0    00.8   05.1     31.5    15:09     SSW
23    01.3    03.6   10:50   -02.4   00:00     17.0     00.0    00.0   03.9     24.1    08:51     WSW
24   -00.7    02.1   11:38   -03.8   02:29     19.0     00.0    11.6   05.1     35.2    17:34      E 
25   -02.5    00.8   01:16   -08.1   00:00     20.8     00.0    01.2   12.7     44.4    21:27     WSW
26   -09.0   -06.2   14:24   -12.5   07:23     27.3     00.0    00.0   07.4     33.3    01:01     WSW
27   -07.0   -03.9   12:41   -10.8   01:02     25.3     00.0    00.4   06.1     27.8    18:02     NNE
28   -05.7   -03.4   15:11   -09.7   23:16     24.0     00.0    00.0   06.4     27.8    06:51      W 
29   -06.4   -01.6   13:54   -12.8   06:46     24.7     00.0    00.0   05.8     33.3    20:23      NE
----------------------------------------------------------------------------------------------------------------------------------------------------------
-3.9 (-4.0)   07.5  day 22    -16.5  day 12   642.4    000.0   018.4   05.3     44.4   day 25      W 
Max <=   0: 15
Min <=   30: 29
Max <=  -5: 2
Min <=  -5: 20
Min <= -10: 13
Min <= -15: 2
Max Rain: 11.6 ON 24-02-12
Days of Rain: 8 (> .2mm) 2 (> 2mm) 0 (> 20mm)