NOAA style reports

NOAA-style Climate Reports

Select NOAA data to display

Select a Year or Month report
2022 > Jan Feb Mar Apr May Jun Jul Aug Sep Oct Nov Dec
2021 > Jan Feb Mar Apr May Jun Jul Aug Sep Oct Nov Dec
2020 > Jan Feb Mar Apr May Jun Jul Aug Sep Oct Nov Dec
2019 > Jan Feb Mar Apr May Jun Jul Aug Sep Oct Nov Dec
2018 > Jan Feb Mar Apr May Jun Jul Aug Sep Oct Nov Dec
2017 > Jan Feb Mar Apr May Jun Jul Aug Sep Oct Nov Dec
2016 > Jan Feb Mar Apr May Jun Jul Aug Sep Oct Nov Dec
2015 > Jan Feb Mar Apr May Jun Jul Aug Sep Oct Nov Dec
2014 > Jan Feb Mar Apr May Jun Jul Aug Sep Oct Nov Dec
2013 > Jan Feb Mar Apr May Jun Jul Aug Sep Oct Nov Dec
2012 > Jan Feb Mar Apr May Jun Jul Aug Sep Oct Nov Dec
2011 > Jan Feb Mar Apr May Jun Jul Aug Sep Oct Nov Dec
2010 > Jan Feb Mar Apr May Jun Jul Aug Sep Oct Nov Dec
2009 > Jan Feb Mar Apr May Jun Jul Aug Sep Oct Nov Dec
2008 > Jan Feb Mar Apr May Jun Jul Aug Sep Oct Nov Dec

Report for 2012 Mar

Daily noaa report



                            MONTHLY CLIMATOLOGICAL SUMMARY for MAR. 2012

NAME: Home Weather Station Davis VP2   CITY: Beaconsfield STATE: Quebec, Canada
ELEV: 118 LAT: 045:25:46 LONG: 0073:51:35

                            TEMPERATURE ( C), RAIN (mm), WIND SPEED (kmh)

                                               HEAT     COOL           AVG
      MEAN                                     DEG      DEG            WIND                       DOM
DAY   TEMP    HIGH   TIME     LOW    TIME      DAYS     DAYS    RAIN   SPEED    HIGH    TIME      DIR
----------------------------------------------------------------------------------------------------------------------------------------------------------
01   -03.9   -02.5   16:37   -05.4   05:29     22.2     00.0    10.4   09.7     35.2    10:31      NE
02   -03.6    00.7   00:00   -05.7   05:09     21.9     00.0    00.4   06.0     22.2    21:38     NNE
03    03.1    06.9   12:36   -00.1   02:51     15.2     00.0    04.0   15.7     46.3    19:26     SSW
04   -05.2    01.3   00:01   -12.3   00:00     23.5     00.0    00.0   08.7     37.0    00:53      W 
05   -12.3   -08.9   14:49   -16.1   06:47     30.6     00.0    00.0   08.3     33.3    12:26     WSW
06   -08.7   -03.2   14:33   -16.2   06:52     27.0     00.0    00.0   03.6     20.4    13:13      SW
07    03.0    11.3   16:48   -05.4   03:06     15.3     00.0    00.0   03.9     18.5    01:31     ENE
08    08.6    14.5   11:53    00.1   00:00     09.7     00.0    04.4   09.4     46.3    23:24      SW
09   -02.0    00.5   15:08   -05.1   06:56     20.3     00.0    00.0   06.4     40.7    01:36      W 
10   -03.2   -00.5   14:28   -06.8   07:31     21.5     00.0    00.0   05.2     35.2    04:09      N 
11    04.1    11.4   16:45   -02.6   07:57     14.2     00.0    00.0   03.6     27.8    13:51      SW
12    07.3    11.8   17:01    00.8   06:31     11.0     00.0    00.0   03.3     18.5    13:36      NW
13    04.7    07.4   14:44    01.2   00:00     13.6     00.0    05.0   04.0     31.5    21:32      N 
14    01.2    02.5   15:38   -00.4   00:00     17.1     00.0    02.0   02.9     18.5    23:43     NNE
15    01.5    04.9   16:18   -00.6   02:02     16.8     00.0    00.2   07.4     27.8    17:57     NNE
16    02.5    04.3   17:19    00.9   06:44     15.8     00.0    09.0   04.4     24.1    07:34      N 
17    05.1    10.7   15:47    00.4   07:25     13.2     00.0    00.0   01.8     13.0    13:21      E 
18    11.7    23.7   15:56    02.4   07:09     06.6     00.0    00.0   01.8     16.7    16:17     WSW
19    13.6    21.1   13:42    09.0   00:00     04.7     00.0    00.0   03.4     20.4    15:41      N 
20    12.7    14.4   21:00    11.7   02:40     05.6     00.0    00.0   00.1     07.4    01:45     SSE
21    17.1    27.1   15:55    07.8   07:17     01.2     00.0    00.0   02.1     20.4    13:34      SW
22    17.9    25.4   13:28    11.9   00:00     00.4     00.0    00.0   05.1     29.6    11:59      W 
23    13.0    18.8   15:08    07.9   07:37     05.3     00.0    00.0   04.4     27.8    14:15      NW
24    05.8    10.5   00:01    03.5   07:32     12.5     00.0    00.0   05.3     25.9    02:16      NE
25    06.1    09.7   18:19    02.4   08:12     12.2     00.0    03.8   02.1     16.7    00:59     NNW
26    00.4    08.1   00:34   -03.2   08:03     17.9     00.0    00.0   14.1     48.1    16:16      NW
27   -00.9    04.4   15:58   -06.5   07:16     19.2     00.0    00.0   05.6     37.0    00:09     WNW
28    01.3    04.1   14:16   -01.1   03:41     17.0     00.0    04.2   07.8     31.5    09:12     ENE
29    02.6    05.1   15:19    00.7   04:46     15.7     00.0    00.0   06.7     29.6    23:23      NW
30    00.8    05.4   14:21   -04.1   07:19     17.5     00.0    00.0   05.4     31.5    01:29     WNW
31    03.0    08.2   15:53   -01.1   00:23     15.3     00.0    00.0   04.1     18.5    16:24     ENE
----------------------------------------------------------------------------------------------------------------------------------------------------------
03.8 (3.7)   27.1  day 21    -16.2  day 06   465.4    000.0   043.4   05.4     48.1   day 09      NW
Max <=   0: 4
Min <=   30: 32
Max <=  -5: 1
Min <=  -5: 9
Min <= -10: 3
Min <= -15: 2
Max Rain: 10.4 ON 1-03-12
Days of Rain: 10 (> .2mm) 7 (> 2mm) 0 (> 20mm)