NOAA style reports

NOAA-style Climate Reports

Select NOAA data to display

Select a Year or Month report
2021 > Jan Feb Mar Apr May Jun Jul Aug Sep Oct Nov Dec
2020 > Jan Feb Mar Apr May Jun Jul Aug Sep Oct Nov Dec
2019 > Jan Feb Mar Apr May Jun Jul Aug Sep Oct Nov Dec
2018 > Jan Feb Mar Apr May Jun Jul Aug Sep Oct Nov Dec
2017 > Jan Feb Mar Apr May Jun Jul Aug Sep Oct Nov Dec
2016 > Jan Feb Mar Apr May Jun Jul Aug Sep Oct Nov Dec
2015 > Jan Feb Mar Apr May Jun Jul Aug Sep Oct Nov Dec
2014 > Jan Feb Mar Apr May Jun Jul Aug Sep Oct Nov Dec
2013 > Jan Feb Mar Apr May Jun Jul Aug Sep Oct Nov Dec
2012 > Jan Feb Mar Apr May Jun Jul Aug Sep Oct Nov Dec
2011 > Jan Feb Mar Apr May Jun Jul Aug Sep Oct Nov Dec
2010 > Jan Feb Mar Apr May Jun Jul Aug Sep Oct Nov Dec
2009 > Jan Feb Mar Apr May Jun Jul Aug Sep Oct Nov Dec
2008 > Jan Feb Mar Apr May Jun Jul Aug Sep Oct Nov Dec

Report for 2012 Apr

Daily noaa report



                            MONTHLY CLIMATOLOGICAL SUMMARY for APR. 2012

NAME: Home Weather Station Davis VP2   CITY: Beaconsfield STATE: Quebec, Canada
ELEV: 118 LAT: 045:25:46 LONG: 0073:51:35

                            TEMPERATURE ( C), RAIN (mm), WIND SPEED (kmh)

                                               HEAT     COOL           AVG
      MEAN                                     DEG      DEG            WIND                       DOM
DAY   TEMP    HIGH   TIME     LOW    TIME      DAYS     DAYS    RAIN   SPEED    HIGH    TIME      DIR
----------------------------------------------------------------------------------------------------------------------------------------------------------
01    02.1    06.7   12:48   -02.1   05:10     16.2     00.0    01.4   02.4     18.5    16:38     ENE
02    04.0    09.4   15:58   -01.0   06:56     14.3     00.0    00.0   06.8     38.9    15:34      NW
03    05.5    12.1   15:58   -01.5   06:49     12.8     00.0    00.0   05.9     31.5    17:46     WNW
04    07.0    11.8   13:11    04.2   07:02     11.3     00.0    00.0   08.8     38.9    13:16     WNW
05    05.1    09.4   15:54    01.5   06:24     13.2     00.0    00.0   09.3     33.3    18:14     WNW
06    05.4    10.6   15:32   -00.2   06:58     12.9     00.0    00.0   08.7     35.2    17:28      NW
07    06.2    09.3   15:03    02.2   06:06     12.1     00.0    00.0   04.5     22.2    21:01     NNW
08    09.0    14.2   14:26    04.8   06:10     09.3     00.0    00.0   06.5     29.6    15:26     WNW
09    07.3    10.7   13:43    05.2   00:00     11.0     00.0    00.8   07.8     40.7    13:23      W 
10    05.9    10.1   13:49    04.0   06:32     12.4     00.0    01.2   05.8     22.2    14:44     WSW
11    05.7    11.6   14:38    01.1   06:44     12.6     00.0    01.6   03.9     33.3    17:02     WNW
12    08.5    14.5   15:30    03.5   07:23     09.8     00.0    00.0   05.2     20.4    16:58      NW
13    09.9    17.8   15:38    00.9   06:58     08.4     00.0    00.0   05.9     33.3    18:24      W 
14    11.3    17.3   16:49    05.5   04:47     07.0     00.0    00.0   05.2     22.2    16:56      SW
15    15.0    21.4   14:11    10.4   05:46     03.3     00.0    00.0   05.6     29.6    13:02      SW
16    20.8    29.1   17:43    14.1   06:27     00.0     02.5    01.0   04.4     31.5    20:10     SSW
17    12.5    20.4   01:09    04.6   00:00     05.8     00.0    00.0   12.1     42.6    15:27     WSW
18    05.8    11.2   15:24    00.1   05:51     12.5     00.0    00.0   03.5     18.5    02:04      SE
19    12.7    22.9   16:02    02.7   06:36     05.6     00.0    00.0   03.3     22.2    15:21     SSW
20    08.7    14.4   00:01    06.1   09:23     09.6     00.0    00.4   08.2     31.5    16:47     NNE
21    05.4    06.9   00:06    01.9   00:00     12.9     00.0    11.0   06.3     31.5    19:22      N 
22    03.9    06.8   17:24    01.2   03:17     14.4     00.0    02.0   08.9     40.7    21:27     NNE
23    03.8    06.1   17:44    01.1   02:30     14.5     00.0    25.2   16.5     59.2    06:56     NNE
24    07.4    10.7   12:34    05.4   08:11     10.9     00.0    00.4   06.6     29.6    11:12      S 
25    07.0    11.4   14:56    04.8   09:17     11.3     00.0    00.0   05.9     31.5    15:19      SW
26    07.3    11.4   15:12    01.0   06:19     11.0     00.0    00.8   04.1     31.5    18:14      E 
27    03.0    08.1   00:04    00.6   00:00     15.3     00.0    00.4   13.9     48.1    14:41     WNW
28    03.4    09.0   15:50   -01.5   06:48     14.9     00.0    00.0   11.5     44.4    07:45      W 
29    05.2    10.9   16:01   -00.9   04:56     13.1     00.0    00.0   08.8     44.4    13:22     WNW
30    08.2    14.0   14:37    00.3   06:21     10.1     00.0    00.0   03.9     20.4    17:28     ESE
----------------------------------------------------------------------------------------------------------------------------------------------------------
07.4 (7.7)   29.1  day 16    -02.1  day 01   328.3    002.5   046.2   07.0     59.2   day 23     WNW
Min <=   30: 30
Max Rain: 25.2 ON 23-04-12
Days of Rain: 12 (> .2mm) 2 (> 2mm) 1 (> 20mm)