NOAA style reports

NOAA-style Climate Reports

Select NOAA data to display

Select a Year or Month report
2021 > Jan Feb Mar Apr May Jun Jul Aug Sep Oct Nov Dec
2020 > Jan Feb Mar Apr May Jun Jul Aug Sep Oct Nov Dec
2019 > Jan Feb Mar Apr May Jun Jul Aug Sep Oct Nov Dec
2018 > Jan Feb Mar Apr May Jun Jul Aug Sep Oct Nov Dec
2017 > Jan Feb Mar Apr May Jun Jul Aug Sep Oct Nov Dec
2016 > Jan Feb Mar Apr May Jun Jul Aug Sep Oct Nov Dec
2015 > Jan Feb Mar Apr May Jun Jul Aug Sep Oct Nov Dec
2014 > Jan Feb Mar Apr May Jun Jul Aug Sep Oct Nov Dec
2013 > Jan Feb Mar Apr May Jun Jul Aug Sep Oct Nov Dec
2012 > Jan Feb Mar Apr May Jun Jul Aug Sep Oct Nov Dec
2011 > Jan Feb Mar Apr May Jun Jul Aug Sep Oct Nov Dec
2010 > Jan Feb Mar Apr May Jun Jul Aug Sep Oct Nov Dec
2009 > Jan Feb Mar Apr May Jun Jul Aug Sep Oct Nov Dec
2008 > Jan Feb Mar Apr May Jun Jul Aug Sep Oct Nov Dec

Report for 2012 May

Daily noaa report



                            MONTHLY CLIMATOLOGICAL SUMMARY for MAY. 2012

NAME: Home Weather Station Davis VP2   CITY: Beaconsfield STATE: Quebec, Canada
ELEV: 118 LAT: 045:25:46 LONG: 0073:51:35

                            TEMPERATURE ( C), RAIN (mm), WIND SPEED (kmh)

                                               HEAT     COOL           AVG
      MEAN                                     DEG      DEG            WIND                       DOM
DAY   TEMP    HIGH   TIME     LOW    TIME      DAYS     DAYS    RAIN   SPEED    HIGH    TIME      DIR
--------------------------------------------------------------------------------------------------------
01    09.5    11.3   13:12    07.6   06:00     08.8     00.0    02.0   03.8     31.4    06:14      E 
02    11.6    15.9   16:25    08.8   06:46     06.7     00.0    01.4   04.7     24.1    21:19      NE
03    13.8    17.2   14:40    10.7   05:29     04.5     00.0    00.4   04.9     20.4    09:24      E 
04    14.5    17.6   19:05    10.4   00:00     03.8     00.0    05.0   03.8     29.6    22:59     NNW
05    10.5    15.8   16:04    05.2   06:05     07.8     00.0    00.0   03.6     18.5    08:15      NE
06    11.9    18.2   16:24    06.4   06:21     06.4     00.0    00.0   04.1     25.9    09:54      NE
07    14.5    22.2   16:05    03.9   05:50     03.8     00.0    00.0   03.1     20.4    18:08      E 
08    12.4    16.5   00:01    11.1   11:19     05.9     00.0    15.4   02.4     25.9    08:39      SE
09    15.3    20.3   16:05    12.2   00:07     03.0     00.0    01.4   01.3     12.9    22:52     SSW
10    10.5    13.2   00:01    08.9   08:34     07.8     00.0    00.2   06.1     31.4    12:46      W 
11    12.9    19.4   16:23    07.5   03:10     05.4     00.0    00.6   07.4     37.0    10:33      W 
12    16.9    25.9   16:33    06.7   06:08     01.4     00.0    00.0   02.7     29.6    13:20      W 
13    16.8    22.8   16:08    12.7   22:21     01.5     00.0    03.2   02.3     20.4    17:11      W 
14    17.2    25.3   15:02    12.7   11:32     01.1     00.0    00.0   00.9     12.9    18:29      SE
15    17.1    21.3   12:32    14.6   00:00     01.2     00.0    03.0   00.9     18.5    12:48     ESE
16    16.9    25.0   14:02    11.9   05:11     01.4     00.0    00.2   02.6     48.1    16:24     WSW
17    12.1    17.6   15:38    06.9   06:08     06.2     00.0    00.0   05.1     38.9    11:12     WNW
18    14.8    23.1   15:51    05.7   05:59     03.5     00.0    00.0   01.1     20.4    17:26     WNW
19    19.0    26.6   15:38    11.3   05:56     00.0     00.7    00.0   00.0     00.0    00:00      SW
20    22.8    32.3   15:09    14.0   04:27     00.0     04.5    00.0   00.0     00.0    00:00     SSE
21    22.6    28.7   14:30    15.8   06:01     00.0     04.3    00.0   01.6     22.2    16:52      SE
22    18.6    22.3   15:12    14.6   00:00     00.0     00.3    17.8   01.8     24.1    20:23      NE
23    17.1    23.6   15:55    12.1   04:55     01.2     00.0    00.0   01.2     14.8    10:12      NE
24    21.2    29.0   14:39    13.6   05:16     00.0     02.9    00.0   01.6     18.5    17:51     ESE
25    22.4    27.2   16:17    18.1   05:42     00.0     04.1    09.8   01.7     27.8    20:43     SSE
26    20.1    26.1   15:50    14.4   05:05     00.0     01.8    00.2   02.6     27.8    14:54     WNW
27    17.3    23.3   15:03    14.3   06:43     01.0     00.0    00.0   01.3     14.8    03:16      N 
28    17.0    19.9   14:52    13.0   00:00     01.3     00.0    00.4   05.3     27.8    15:09     NNE
29    18.0    27.3   15:49    11.1   05:18     00.3     00.0    23.2   02.1     35.1    05:02     ENE
30    20.4    25.4   16:00    15.3   06:20     00.0     02.1    00.0   02.9     25.9    17:47      W 
31    17.0    20.7   15:33    13.2   23:37     01.3     00.0    00.2   02.6     25.9    15:46      NW
--------------------------------------------------------------------------------------------------------
16.2 (16.5)   32.3  day 20     03.9  day 07   085.3    020.7   084.4   02.8     48.1   day 16     NNW
Max >=  30: 1
Min <=   30: 31
Max Rain: 23.2 ON 29-05-16
Days of Rain: 15 (> .2mm) 7 (> 2mm) 1 (> 20mm)