NOAA style reports

NOAA-style Climate Reports

Select NOAA data to display

Select a Year or Month report
2021 > Jan Feb Mar Apr May Jun Jul Aug Sep Oct Nov Dec
2020 > Jan Feb Mar Apr May Jun Jul Aug Sep Oct Nov Dec
2019 > Jan Feb Mar Apr May Jun Jul Aug Sep Oct Nov Dec
2018 > Jan Feb Mar Apr May Jun Jul Aug Sep Oct Nov Dec
2017 > Jan Feb Mar Apr May Jun Jul Aug Sep Oct Nov Dec
2016 > Jan Feb Mar Apr May Jun Jul Aug Sep Oct Nov Dec
2015 > Jan Feb Mar Apr May Jun Jul Aug Sep Oct Nov Dec
2014 > Jan Feb Mar Apr May Jun Jul Aug Sep Oct Nov Dec
2013 > Jan Feb Mar Apr May Jun Jul Aug Sep Oct Nov Dec
2012 > Jan Feb Mar Apr May Jun Jul Aug Sep Oct Nov Dec
2011 > Jan Feb Mar Apr May Jun Jul Aug Sep Oct Nov Dec
2010 > Jan Feb Mar Apr May Jun Jul Aug Sep Oct Nov Dec
2009 > Jan Feb Mar Apr May Jun Jul Aug Sep Oct Nov Dec
2008 > Jan Feb Mar Apr May Jun Jul Aug Sep Oct Nov Dec

Report for 2012 Jun

Daily noaa report



                            MONTHLY CLIMATOLOGICAL SUMMARY for JUN. 2012

NAME: Home Weather Station Davis VP2   CITY: Beaconsfield STATE: Quebec, Canada
ELEV: 118 LAT: 045:25:46 LONG: 0073:51:35

                            TEMPERATURE ( C), RAIN (mm), WIND SPEED (kmh)

                                               HEAT     COOL           AVG
      MEAN                                     DEG      DEG            WIND                       DOM
DAY   TEMP    HIGH   TIME     LOW    TIME      DAYS     DAYS    RAIN   SPEED    HIGH    TIME      DIR
--------------------------------------------------------------------------------------------------------
01    16.5    20.1   17:06    09.8   05:06     01.8     00.0    00.0   05.2     27.8    22:40      E 
02    13.6    18.7   00:09    11.9   09:07     04.7     00.0    19.0   07.3     35.1    04:34     ESE
03    15.8    20.5   13:25    12.5   06:04     02.5     00.0    00.0   06.2     31.4    23:21     ENE
04    13.4    16.6   16:29    10.9   05:52     04.9     00.0    00.8   06.7     31.4    04:36      NE
05    17.6    23.9   15:24    11.3   05:47     00.7     00.0    00.0   04.1     27.8    19:30     NNE
06    17.4    22.8   15:57    11.6   05:20     00.9     00.0    00.0   02.1     20.4    19:42     NNE
07    18.2    23.7   15:56    11.8   05:36     00.1     00.0    00.8   01.5     31.4    21:57      NE
08    17.4    22.2   13:56    13.2   05:33     00.9     00.0    00.4   01.5     18.5    19:47     WNW
09    18.6    26.3   15:36    10.9   04:44     00.0     00.3    00.2   01.4     18.5    16:02     WNW
10    21.1    28.6   16:10    13.4   05:46     00.0     02.8    00.0   01.1     11.1    19:13      E 
11    23.6    30.3   15:37    17.8   06:12     00.0     05.3    00.0   01.7     18.5    18:55      E 
12    20.6    25.5   11:17    18.7   20:51     00.0     02.3    10.6   01.0     14.8    17:52      SE
13    19.3    23.5   16:19    15.4   00:00     00.0     01.0    00.0   04.0     33.3    08:55      W 
14    19.1    24.9   15:02    12.6   05:45     00.0     00.8    00.0   03.8     24.1    12:08      NE
15    20.0    25.5   15:41    13.6   05:52     00.0     01.7    00.0   02.6     20.4    11:42     ENE
16    20.5    27.3   16:33    14.5   05:28     00.0     02.2    00.0   01.9     16.6    05:28     ENE
17    22.7    28.1   14:56    17.1   05:47     00.0     04.4    00.0   01.5     14.8    19:02     ESE
18    22.5    27.4   15:13    18.5   06:39     00.0     04.2    00.0   02.7     18.5    17:26     ESE
19    23.4    28.9   16:41    18.3   06:02     00.0     05.1    00.0   00.3     12.9    07:52      S 
20    27.7    34.3   16:02    22.9   05:28     00.0     09.4    00.0   01.8     22.2    15:33      W 
21    28.4    34.0   14:37    23.4   05:47     00.0     10.1    00.0   01.1     18.5    12:14      W 
22    25.5    30.9   15:23    21.4   00:00     00.0     07.2    00.0   02.5     29.6    17:26     WNW
23    22.9    29.7   16:04    17.4   07:01     00.0     04.6    00.8   03.7     25.9    06:24     NNW
24    20.8    29.6   14:24    13.8   05:38     00.0     02.5    00.4   01.0     35.1    17:04     WNW
25    17.4    20.8   14:05    14.9   21:08     00.9     00.0    09.6   02.6     35.1    15:37      W 
26    16.4    18.0   12:25    15.5   23:47     01.9     00.0    04.6   04.7     27.8    14:09      NW
27    18.0    20.7   19:06    15.1   06:22     00.3     00.0    06.6   04.6     27.8    08:24     WNW
28    21.7    28.5   16:00    16.9   05:24     00.0     03.4    00.0   00.8     20.4    13:27     WNW
29    24.9    32.1   16:19    18.7   05:41     00.0     06.6    01.2   02.1     31.4    17:21      W 
30    24.4    31.2   15:05    19.6   05:08     00.0     06.1    00.6   01.9     29.6    14:05      W 
--------------------------------------------------------------------------------------------------------
20.3 (20.6)   34.3  day 20     09.8  day 01   019.6    080.0   055.6   02.8     35.2   day 03     NNE
Max >=  30: 6
Min <=   30: 30
Max Rain: 19.0 ON 2-06-16
Days of Rain: 12 (> .2mm) 5 (> 2mm) 0 (> 20mm)