NOAA style reports

NOAA-style Climate Reports

Select NOAA data to display

Select a Year or Month report
2021 > Jan Feb Mar Apr May Jun Jul Aug Sep Oct Nov Dec
2020 > Jan Feb Mar Apr May Jun Jul Aug Sep Oct Nov Dec
2019 > Jan Feb Mar Apr May Jun Jul Aug Sep Oct Nov Dec
2018 > Jan Feb Mar Apr May Jun Jul Aug Sep Oct Nov Dec
2017 > Jan Feb Mar Apr May Jun Jul Aug Sep Oct Nov Dec
2016 > Jan Feb Mar Apr May Jun Jul Aug Sep Oct Nov Dec
2015 > Jan Feb Mar Apr May Jun Jul Aug Sep Oct Nov Dec
2014 > Jan Feb Mar Apr May Jun Jul Aug Sep Oct Nov Dec
2013 > Jan Feb Mar Apr May Jun Jul Aug Sep Oct Nov Dec
2012 > Jan Feb Mar Apr May Jun Jul Aug Sep Oct Nov Dec
2011 > Jan Feb Mar Apr May Jun Jul Aug Sep Oct Nov Dec
2010 > Jan Feb Mar Apr May Jun Jul Aug Sep Oct Nov Dec
2009 > Jan Feb Mar Apr May Jun Jul Aug Sep Oct Nov Dec
2008 > Jan Feb Mar Apr May Jun Jul Aug Sep Oct Nov Dec

Report for 2012 Jul

Daily noaa report



                            MONTHLY CLIMATOLOGICAL SUMMARY for JUL. 2012

NAME: Home Weather Station Davis VP2   CITY: Beaconsfield STATE: Quebec, Canada
ELEV: 118 LAT: 045:25:46 LONG: 0073:51:35

                            TEMPERATURE ( C), RAIN (mm), WIND SPEED (kmh)

                                               HEAT     COOL           AVG
      MEAN                                     DEG      DEG            WIND                       DOM
DAY   TEMP    HIGH   TIME     LOW    TIME      DAYS     DAYS    RAIN   SPEED    HIGH    TIME      DIR
--------------------------------------------------------------------------------------------------------
01    23.0    28.5   15:39    18.4   05:39     00.0     04.7    01.6   02.5     25.9    12:36     WNW
02    23.0    30.0   14:40    17.0   04:40     00.0     04.7    00.0   03.3     33.3    17:24     WNW
03    22.3    28.8   15:22    15.3   05:34     00.0     04.0    00.0   00.5     09.3    21:44      SW
04    22.3    30.8   16:28    18.9   01:32     00.0     04.0    31.0   02.0     48.1    17:28     WNW
05    21.5    26.9   16:30    16.1   05:48     00.0     03.2    00.0   01.3     14.8    15:51     WNW
06    24.4    31.1   16:39    16.9   05:31     00.0     06.1    00.0   00.5     18.5    16:01      SW
07    25.7    30.6   15:45    21.6   06:46     00.0     07.4    00.0   02.9     25.9    14:29     WNW
08    22.0    27.1   16:02    16.7   00:00     00.0     03.7    00.0   04.8     31.4    15:15      NW
09    20.0    26.3   16:09    14.6   05:40     00.0     01.7    00.0   02.7     22.2    15:03     WNW
10    21.6    29.0   15:25    13.5   04:35     00.0     03.3    00.0   02.3     25.9    13:30     WNW
11    21.6    28.9   16:12    13.2   05:52     00.0     03.3    00.0   00.2     14.8    11:52     WNW
12    24.2    32.1   15:07    16.6   05:13     00.0     05.9    00.0   00.6     16.6    13:31     WSW
13    25.9    33.7   15:35    19.6   06:01     00.0     07.6    00.0   00.4     16.6    13:27     WSW
14    27.6    34.4   16:29    21.9   06:01     00.0     09.3    00.0   00.6     14.8    10:49     WSW
15    24.5    30.7   14:33    20.6   00:00     00.0     06.2    11.4   00.3     25.9    15:34      W 
16    25.1    29.9   16:25    20.6   00:11     00.0     06.8    00.4   01.5     18.5    18:06     WNW
17    23.5    29.7   14:03    19.4   07:01     00.0     05.2    30.6   01.5     20.4    19:09     WNW
18    21.8    26.2   16:40    17.9   00:00     00.0     03.5    00.0   04.5     29.6    10:23     WNW
19    19.5    25.7   15:34    13.8   06:22     00.0     01.2    00.0   02.3     20.4    16:49     NNW
20    19.8    25.8   16:30    14.3   05:52     00.0     01.5    00.0   02.0     14.8    09:45      E 
21    20.9    27.9   16:16    14.0   05:51     00.0     02.6    00.0   00.4     14.8    17:29      S 
22    25.2    30.7   16:38    20.2   05:37     00.0     06.9    00.0   00.5     12.9    10:29     WSW
23    24.1    31.5   14:39    19.1   23:11     00.0     05.8    25.8   00.9     37.0    17:23     WSW
24    21.7    25.5   13:44    19.1   04:45     00.0     03.4    02.0   05.0     37.0    16:45     WNW
25    20.8    26.8   15:22    14.8   06:12     00.0     02.5    00.0   01.9     18.5    11:28      W 
26    20.5    22.2   12:00    18.8   07:43     00.0     02.2    00.2   00.0     05.5    19:36     SSE
27    21.9    26.6   15:47    17.2   06:07     00.0     03.6    00.0   01.3     18.5    08:16      E 
28    22.3    28.6   16:03    17.9   06:09     00.0     04.0    00.0   03.0     18.5    18:32     NNE
29    23.0    28.7   16:30    17.3   06:24     00.0     04.7    00.0   02.4     18.5    02:31     NNW
30    24.0    30.6   15:13    17.6   06:14     00.0     05.7    00.0   00.3     11.1    09:20     SSW
31    24.6    30.3   16:07    20.4   06:28     00.0     06.3    02.4   01.4     20.4    21:19     SSE
--------------------------------------------------------------------------------------------------------
22.9 (23.2)   34.4  day 14     13.2  day 11   000.0    141.4   105.4   01.7     48.1   day 04     WNW
Max >=  30: 12
Min <=   30: 31
Max Rain: 31.0 ON 4-07-16
Days of Rain: 8 (> .2mm) 5 (> 2mm) 3 (> 20mm)