NOAA style reports

NOAA-style Climate Reports

Select NOAA data to display

Select a Year or Month report
2022 > Jan Feb Mar Apr May Jun Jul Aug Sep Oct Nov Dec
2021 > Jan Feb Mar Apr May Jun Jul Aug Sep Oct Nov Dec
2020 > Jan Feb Mar Apr May Jun Jul Aug Sep Oct Nov Dec
2019 > Jan Feb Mar Apr May Jun Jul Aug Sep Oct Nov Dec
2018 > Jan Feb Mar Apr May Jun Jul Aug Sep Oct Nov Dec
2017 > Jan Feb Mar Apr May Jun Jul Aug Sep Oct Nov Dec
2016 > Jan Feb Mar Apr May Jun Jul Aug Sep Oct Nov Dec
2015 > Jan Feb Mar Apr May Jun Jul Aug Sep Oct Nov Dec
2014 > Jan Feb Mar Apr May Jun Jul Aug Sep Oct Nov Dec
2013 > Jan Feb Mar Apr May Jun Jul Aug Sep Oct Nov Dec
2012 > Jan Feb Mar Apr May Jun Jul Aug Sep Oct Nov Dec
2011 > Jan Feb Mar Apr May Jun Jul Aug Sep Oct Nov Dec
2010 > Jan Feb Mar Apr May Jun Jul Aug Sep Oct Nov Dec
2009 > Jan Feb Mar Apr May Jun Jul Aug Sep Oct Nov Dec
2008 > Jan Feb Mar Apr May Jun Jul Aug Sep Oct Nov Dec

Report for 2012 Aug

Daily noaa report



                            MONTHLY CLIMATOLOGICAL SUMMARY for AUG. 2012

NAME: Home Weather Station Davis VP2   CITY: Beaconsfield STATE: Quebec, Canada
ELEV: 118 LAT: 045:25:46 LONG: 0073:51:35

                            TEMPERATURE ( C), RAIN (mm), WIND SPEED (kmh)

                                               HEAT     COOL           AVG
      MEAN                                     DEG      DEG            WIND                       DOM
DAY   TEMP    HIGH   TIME     LOW    TIME      DAYS     DAYS    RAIN   SPEED    HIGH    TIME      DIR
--------------------------------------------------------------------------------------------------------
01    23.5    29.6   16:08    19.7   06:14     00.0     05.2    00.2   00.5     14.8    15:34     WSW
02    25.2    31.1   16:07    20.0   06:09     00.0     06.9    00.0   00.7     18.5    14:52      SW
03    25.5    31.0   16:08    21.5   06:28     00.0     07.2    00.0   02.5     18.5    18:11     WNW
04    26.0    32.5   16:35    20.1   06:53     00.0     07.7    00.0   03.4     22.2    14:29      E 
05    25.5    29.2   17:05    22.8   00:00     00.0     07.2    10.0   01.8     25.9    18:02      S 
06    21.0    25.1   15:44    16.6   06:28     00.0     02.7    00.2   02.8     25.9    13:31     WNW
07    22.9    30.6   15:46    16.2   06:18     00.0     04.6    00.0   00.8     25.9    21:32      W 
08    22.6    28.6   16:30    16.9   05:33     00.0     04.3    00.2   00.5     14.8    18:07     SSE
09    21.6    25.2   12:44    19.3   00:00     00.0     03.3    03.0   03.7     20.4    12:30     NNE
10    20.0    22.0   14:41    18.3   00:00     00.0     01.7    05.0   04.4     27.8    18:47     NNE
11    20.9    27.9   15:10    17.4   06:24     00.0     02.6    13.6   04.5     33.3    17:28      NE
12    22.3    28.6   16:07    19.3   04:47     00.0     04.0    00.2   00.4     22.2    18:00      NW
13    22.2    26.9   15:46    19.0   05:35     00.0     03.9    00.0   00.8     18.5    14:26     WNW
14    22.0    27.3   15:40    17.9   06:28     00.0     03.7    00.0   00.1     07.4    15:34      SW
15    22.1    27.8   15:17    18.8   06:20     00.0     03.8    02.4   01.0     20.4    14:40     WNW
16    22.1    28.8   16:18    17.1   06:32     00.0     03.8    00.0   00.8     14.8    16:17     WNW
17    21.0    24.7   15:09    16.9   04:40     00.0     02.7    00.2   00.9     22.2    15:41     SSW
18    18.1    24.0   16:17    13.3   06:33     00.2     00.0    00.0   01.4     24.1    09:38     WNW
19    18.8    26.2   15:14    12.1   06:16     00.0     00.5    00.0   00.3     12.9    20:04     WSW
20    19.7    26.9   16:17    13.1   06:28     00.0     01.4    00.0   01.5     20.4    12:47     WNW
21    19.6    25.8   15:30    14.2   06:38     00.0     01.3    00.0   00.7     27.8    12:41     WNW
22    21.5    27.5   16:18    16.3   06:39     00.0     03.2    00.0   00.9     35.1    15:20      W 
23    22.5    28.4   13:42    17.9   02:31     00.0     04.2    00.0   02.0     20.4    14:08      W 
24    22.8    28.3   16:20    17.3   06:43     00.0     04.5    00.0   01.3     12.9    23:15      E 
25    24.7    31.3   16:13    19.8   04:20     00.0     06.4    00.0   00.7     14.8    02:16     ESE
26    25.4    32.2   15:04    20.0   07:00     00.0     07.1    00.0   00.4     12.9    15:29      S 
27    23.7    27.1   11:40    21.2   22:36     00.0     05.4    00.4   00.3     11.1    17:44      SW
28    21.5    25.9   13:33    14.0   00:00     00.0     03.2    00.0   04.9     31.4    17:02      NW
29    18.9    25.8   16:04    12.4   02:12     00.0     00.6    00.0   03.6     35.1    16:13      W 
30    22.0    29.8   16:14    15.0   05:30     00.0     03.7    00.0   03.2     42.5    14:25     WSW
31    23.2    26.1   16:17    19.7   11:01     00.0     04.9    00.8   04.0     24.1    16:39     WSW
--------------------------------------------------------------------------------------------------------
22.2 (22.7)   32.5  day 04     12.1  day 19   000.2    121.6   036.2   01.8     42.6   day 28     WNW
Max >=  30: 6
Min <=   30: 31
Max Rain: 13.6 ON 11-08-16
Days of Rain: 8 (> .2mm) 5 (> 2mm) 0 (> 20mm)