NOAA style reports

NOAA-style Climate Reports

Select NOAA data to display

Select a Year or Month report
2021 > Jan Feb Mar Apr May Jun Jul Aug Sep Oct Nov Dec
2020 > Jan Feb Mar Apr May Jun Jul Aug Sep Oct Nov Dec
2019 > Jan Feb Mar Apr May Jun Jul Aug Sep Oct Nov Dec
2018 > Jan Feb Mar Apr May Jun Jul Aug Sep Oct Nov Dec
2017 > Jan Feb Mar Apr May Jun Jul Aug Sep Oct Nov Dec
2016 > Jan Feb Mar Apr May Jun Jul Aug Sep Oct Nov Dec
2015 > Jan Feb Mar Apr May Jun Jul Aug Sep Oct Nov Dec
2014 > Jan Feb Mar Apr May Jun Jul Aug Sep Oct Nov Dec
2013 > Jan Feb Mar Apr May Jun Jul Aug Sep Oct Nov Dec
2012 > Jan Feb Mar Apr May Jun Jul Aug Sep Oct Nov Dec
2011 > Jan Feb Mar Apr May Jun Jul Aug Sep Oct Nov Dec
2010 > Jan Feb Mar Apr May Jun Jul Aug Sep Oct Nov Dec
2009 > Jan Feb Mar Apr May Jun Jul Aug Sep Oct Nov Dec
2008 > Jan Feb Mar Apr May Jun Jul Aug Sep Oct Nov Dec

Report for 2012 Oct

Daily noaa report



                            MONTHLY CLIMATOLOGICAL SUMMARY for OCT. 2012

NAME: Home Weather Station Davis VP2   CITY: Beaconsfield STATE: Quebec, Canada
ELEV: 118 LAT: 045:25:46 LONG: 0073:51:35

                            TEMPERATURE ( C), RAIN (mm), WIND SPEED (kmh)

                                               HEAT     COOL           AVG
      MEAN                                     DEG      DEG            WIND                       DOM
DAY   TEMP    HIGH   TIME     LOW    TIME      DAYS     DAYS    RAIN   SPEED    HIGH    TIME      DIR
--------------------------------------------------------------------------------------------------------
01    13.3    15.7   15:36    11.4   04:35     05.0     00.0    04.8   03.0     29.6    11:14      W 
02    14.4    18.9   16:28    10.3   07:22     03.9     00.0    00.0   00.1     07.4    18:46     SSW
03    15.4    19.4   16:32    11.5   05:11     02.9     00.0    00.0   02.3     20.4    11:17      NE
04    14.4    17.7   01:05    12.0   07:24     03.9     00.0    00.6   01.5     14.8    04:04      NE
05    17.2    21.6   15:28    13.8   01:39     01.1     00.0    00.2   00.7     18.5    15:28      W 
06    11.7    16.9   00:01    08.9   00:00     06.6     00.0    11.2   01.8     25.9    18:36      W 
07    08.0    10.9   15:12    05.8   05:21     10.3     00.0    00.0   01.4     24.1    14:43     WNW
08    07.7    13.3   15:26    02.6   06:22     10.6     00.0    00.4   00.4     12.9    14:32      W 
09    10.5    15.3   16:17    04.7   04:44     07.8     00.0    00.0   01.9     22.2    18:24      SE
10    11.2    13.8   12:44    07.2   00:00     07.1     00.0    03.6   03.2     27.8    17:23      S 
11    07.9    11.1   15:18    05.0   07:40     10.4     00.0    01.2   03.7     35.1    14:03      W 
12    05.6    08.7   00:09    00.2   00:00     12.7     00.0    01.0   05.7     37.0    06:29     WNW
13    05.1    11.0   15:24   -01.2   05:39     13.2     00.0    00.4   01.1     27.8    13:43     WSW
14    07.2    09.8   22:23    05.1   02:40     11.1     00.0    13.8   03.2     22.2    01:47     ENE
15    12.9    17.5   14:38    08.8   00:23     05.4     00.0    01.2   02.1     18.5    13:15     SSW
16    07.3    11.7   00:01    02.1   00:00     11.0     00.0    00.0   04.9     37.0    12:04      W 
17    07.5    12.6   16:32    01.0   04:04     10.8     00.0    00.0   01.3     14.8    22:07      E 
18    13.6    18.2   16:45    09.2   07:39     04.7     00.0    00.0   03.6     27.8    18:25     ESE
19    12.8    13.7   20:45    11.4   08:42     05.5     00.0    37.0   06.1     31.4    21:07      E 
20    13.4    18.6   14:00    08.8   23:33     04.9     00.0    09.0   01.6     18.5    15:38      NW
21    11.3    13.8   13:09    08.5   01:19     07.0     00.0    00.0   05.0     40.7    15:43     WSW
22    10.8    15.0   15:46    08.0   07:23     07.5     00.0    00.0   05.6     42.5    13:25      W 
23    08.2    12.1   15:09    04.7   07:35     10.1     00.0    00.0   01.0     12.9    00:39      S 
24    07.4    11.8   16:04    01.9   07:01     10.9     00.0    00.0   02.1     18.5    15:07     ENE
25    09.7    14.2   15:45    04.8   07:27     08.6     00.0    00.0   03.6     18.5    08:32     NNE
26    13.2    21.3   15:21    07.4   07:04     05.1     00.0    00.0   03.0     12.9    21:15     ENE
27    13.3    14.9   14:32    11.9   01:04     05.0     00.0    00.0   02.1     16.6    15:10     NNE
28    11.9    13.8   14:04    10.3   07:22     06.4     00.0    00.0   05.3     31.4    23:27      N 
29    13.0    17.2   15:24    09.4   03:41     05.3     00.0    00.0   14.2     64.8    21:08     NNE
30    16.5    20.2   15:20    14.0   07:16     01.8     00.0    03.4   13.2     50.0    01:47     ENE
31    11.7    15.5   00:02    08.3   23:08     06.6     00.0    03.4   02.6     18.5    04:23     ENE
--------------------------------------------------------------------------------------------------------
11.1 (11.2)   21.6  day 05    -01.2  day 13   223.1    000.0   091.2   03.5     64.8   day 29     N
Min <=   30: 31
Max Rain: 37.0 ON 19-10-16
Days of Rain: 15 (> .2mm) 8 (> 2mm) 1 (> 20mm)